{"id":1004,"date":"2021-02-09T16:40:34","date_gmt":"2021-02-09T19:40:34","guid":{"rendered":"https:\/\/www3.unicentro.br\/propesp\/?page_id=1004"},"modified":"2026-03-20T15:18:01","modified_gmt":"2026-03-20T18:18:01","slug":"gestao-do-imp","status":"publish","type":"page","link":"https:\/\/www3.unicentro.br\/propesp\/pesquisa\/infraestrutura-de-pesquisa\/gestao-do-imp\/","title":{"rendered":"Gest\u00e3o do IMP"},"content":{"rendered":"<div class=\"wpb-content-wrapper\"><p>[vc_row][vc_column][vc_column_text css=&#8221;&#8221;]A Infraestrutura Multiusu\u00e1ria de Pesquisa da Unicentro possui um (01) Comit\u00ea Gestor, apoiado por quatro (04) Subcomit\u00ea Gestores, criados pela <a href=\"https:\/\/www3.unicentro.br\/propesp\/wp-content\/uploads\/sites\/99\/2023\/06\/Instru_o_Normativa_02_2020_PROPESP_Cria_Subcomit_s_IMP_648c459093849.pdf\" target=\"_blank\" rel=\"noopener\"><strong>Instru\u00e7\u00e3o Normativa n\u00ba 02-PROPESP\/UNICENTRO, de 18 de junho de 2020<\/strong><\/a>,\u00a0 alterada pela: <a href=\"https:\/\/www3.unicentro.br\/propesp\/wp-content\/uploads\/sites\/99\/2023\/06\/IN_02_2023_PROPESP_Altera_IN_02_2020_PROPESP_648c458f96ca9.pdf\" target=\"_blank\" rel=\"noopener\"><strong>Instru\u00e7\u00e3o Normativa n\u00ba 02-PROPESP\/UNICENTRO, de 13 de junho de 2023.<\/strong><\/a><\/p>\n<ul>\n<li>Comit\u00ea Gestor da Infraestrutura Multiusu\u00e1ria de Pesquisa da Unicentro, designado pela <strong><a href=\"https:\/\/sgu.unicentro.br\/pcatooficiais\/imprimir\/B2C7B651\">Portaria n\u00ba 1129-GR\/Unicentro, de 26 de julho de 2024<\/a>,<\/strong>alterada pelas<strong><a href=\"https:\/\/sgu.unicentro.br\/pcatooficiais\/imprimir\/5585B09C\"> Portaria n\u00ba 1.242- GR\/UNICENTRO, de 8 de outubro de 2025<\/a><\/strong> e <a href=\"https:\/\/sgu.unicentro.br\/pcatooficiais\/imprimir\/9606C492\"><strong>Portaria n\u00ba 199-GR\/UNICENTRO, de 9 de mar\u00e7o de 2026<\/strong><\/a> .<\/li>\n<li>Subcomit\u00ea Gestor do Centro de Ci\u00eancias Moleculares e Nanotecnologia, CCMN, do C\u00e2mpus Cedeteg, designado pela <a href=\"https:\/\/sgu.unicentro.br\/pcatooficiais\/imprimir\/D24D5C01\"><strong>Portaria n\u00ba 1-PROPESP\/UNICENTRO, de 12 de fevereiro de 2026,<\/strong><\/a><br \/>\nalterada pela <strong><a href=\"https:\/\/sgu.unicentro.br\/pcatooficiais\/imprimir\/D94FF36B\">Portaria n\u00ba 4-PROPESP\/UNICENTRO, de 4 de mar\u00e7o de 2026<\/a>\u00a0<\/strong>e <a href=\"https:\/\/sgu.unicentro.br\/pcatooficiais\/imprimir\/3DCAAEC4\"><strong>Portaria n\u00ba 5-PROPESP\/UNICENTRO, de 5 de mar\u00e7o de 2026<\/strong><\/a><\/li>\n<li>Subcomit\u00ea Gestor do Centro de Pesquisas Avan\u00e7adas Ambientais, Bioenerg\u00e9ticas e Biotecnol\u00f3gicas, AMBIOTEC, do C\u00e2mpus Cedeteg, designado pela <a href=\"https:\/\/sgu.unicentro.br\/pcatooficiais\/imprimir\/C51ED131\"><strong>Portaria n\u00ba 84-GR\/UNICENTRO, de 12 de fevereiro de 2026<\/strong><\/a>, alterada pela <a href=\"https:\/\/sgu.unicentro.br\/pcatooficiais\/imprimir\/9A5D97E9\"><strong>Portaria n\u00ba 190-GR\/UNICENTRO, de 5 de mar\u00e7o de 2026<\/strong><\/a> .<\/li>\n<li>Subcomit\u00ea Gestor do Centro Integrado de Pesquisas de Biomassa, Biotecnologia e Bioenergia \u2013 BIO-3, do C\u00e2mpus de Irati, designado pela <a href=\"https:\/\/sgu.unicentro.br\/pcatooficiais\/imprimir\/D70A7035\"><strong>Portaria n\u00ba 2-PROPESP\/UNICENTRO, de 12 de fevereiro de 2026<\/strong><\/a>, alterada pela <strong><a href=\"https:\/\/sgu.unicentro.br\/pcatooficiais\/imprimir\/998A261C\">Portaria n\u00ba 7-PROPESP\/UNICENTRO, de 20 de mar\u00e7o de 2026<\/a><\/strong>.<\/li>\n<\/ul>\n<p>[\/vc_column_text][\/vc_column][\/vc_row]<\/p>\n<\/div>","protected":false},"excerpt":{"rendered":"<p>[vc_row][vc_column][vc_column_text css=&#8221;&#8221;]A Infraestrutura Multiusu\u00e1ria de Pesquisa da Unicentro possui um (01) Comit\u00ea Gestor, apoiado por quatro (04) Subcomit\u00ea Gestores, criados pela Instru\u00e7\u00e3o Normativa n\u00ba 02-PROPESP\/UNICENTRO, de 18 de junho de 2020,\u00a0 alterada pela: Instru\u00e7\u00e3o Normativa n\u00ba 02-PROPESP\/UNICENTRO, de 13 de junho de 2023. Comit\u00ea Gestor da Infraestrutura Multiusu\u00e1ria de Pesquisa da Unicentro, designado pela Portaria [&hellip;]<\/p>\n","protected":false},"author":3,"featured_media":0,"parent":70,"menu_order":0,"comment_status":"closed","ping_status":"closed","template":"","meta":{"_exactmetrics_skip_tracking":false,"_exactmetrics_sitenote_active":false,"_exactmetrics_sitenote_note":"","_exactmetrics_sitenote_category":0,"footnotes":"","_links_to":"","_links_to_target":""},"class_list":["post-1004","page","type-page","status-publish","hentry"],"publishpress_future_action":{"enabled":false,"date":"2026-04-28 21:54:17","action":"change-status","newStatus":"draft","terms":[],"taxonomy":"","extraData":[]},"publishpress_future_workflow_manual_trigger":{"enabledWorkflows":[]},"_links":{"self":[{"href":"https:\/\/www3.unicentro.br\/propesp\/wp-json\/wp\/v2\/pages\/1004","targetHints":{"allow":["GET"]}}],"collection":[{"href":"https:\/\/www3.unicentro.br\/propesp\/wp-json\/wp\/v2\/pages"}],"about":[{"href":"https:\/\/www3.unicentro.br\/propesp\/wp-json\/wp\/v2\/types\/page"}],"author":[{"embeddable":true,"href":"https:\/\/www3.unicentro.br\/propesp\/wp-json\/wp\/v2\/users\/3"}],"replies":[{"embeddable":true,"href":"https:\/\/www3.unicentro.br\/propesp\/wp-json\/wp\/v2\/comments?post=1004"}],"version-history":[{"count":3,"href":"https:\/\/www3.unicentro.br\/propesp\/wp-json\/wp\/v2\/pages\/1004\/revisions"}],"predecessor-version":[{"id":6560,"href":"https:\/\/www3.unicentro.br\/propesp\/wp-json\/wp\/v2\/pages\/1004\/revisions\/6560"}],"up":[{"embeddable":true,"href":"https:\/\/www3.unicentro.br\/propesp\/wp-json\/wp\/v2\/pages\/70"}],"wp:attachment":[{"href":"https:\/\/www3.unicentro.br\/propesp\/wp-json\/wp\/v2\/media?parent=1004"}],"curies":[{"name":"wp","href":"https:\/\/api.w.org\/{rel}","templated":true}]}}