{"id":32,"date":"2018-11-01T09:45:59","date_gmt":"2018-11-01T11:45:59","guid":{"rendered":"https:\/\/www3.unicentro.br\/prorh\/?page_id=32"},"modified":"2025-11-28T11:05:00","modified_gmt":"2025-11-28T14:05:00","slug":"instrucoes-normativas","status":"publish","type":"page","link":"https:\/\/www3.unicentro.br\/progesp\/instrucoes-normativas\/","title":{"rendered":"Instru\u00e7\u00f5es Normativas"},"content":{"rendered":"<div class=\"wpb-content-wrapper\"><p>[vc_row][vc_column][vc_column_text css=&#8221;&#8221;]<\/p>\n<ul>\n<li><a href=\"https:\/\/www3.unicentro.br\/progesp\/wp-content\/uploads\/sites\/58\/2025\/11\/Instru_o_Normativa_2_2025_PROGESP_UNICENTRO_Responsabilidades_Folha_de_Pagamento_6929a58dbd92a.pdf\"><strong>INSTRU\u00c7\u00c3O NORMATIVA N\u00ba 2-PROGESP<\/strong> &#8211; Estabelece as responsabilidades para operacionaliza\u00e7\u00e3o da folha de pagamento, no \u00e2mbito da Pr\u00f3-Reitoria de Gest\u00e3o de Pessoas<\/a><\/li>\n<li><a href=\"https:\/\/www3.unicentro.br\/wp-content\/uploads\/2024\/08\/Informativo_Seguro_P_GINA_DA_PROGESP_66bf654524a0b-1.pdf\"><strong>INFORME PROGESP &#8211;<\/strong> SEGURO CONTRA ACIDENTES PESSOAIS (DOCENTES, AGENTES UNIVERSIT\u00c1RIOS, COMISSIONADOS E ESTAGI\u00c1RIOS)<\/a><\/li>\n<li><a href=\"https:\/\/www3.unicentro.br\/prorh\/wp-content\/uploads\/sites\/58\/2023\/09\/IN_1_2023_PRORH_UNICENTRO.pdf\"><strong>INSTRU\u00c7\u00c3O NORMATIVA N\u00ba 1-PRORH<\/strong> &#8211; Altera a Instru\u00e7\u00e3o Normativa n\u00ba1-PRORH\/Unicentro, de 1\u00ba de novembro de 2013, que normatiza instru\u00e7\u00f5es e procedimentos referentes \u00e0 aplica\u00e7\u00e3o da Resolu\u00e7\u00e3o n\u00ba 19-CAD\/Unicentro, de 5 de setembro de 2013, a qual regulamenta a implanta\u00e7\u00e3o da Gratifica\u00e7\u00e3o de Plant\u00e3o Docente, GPD, a docente efetivo da Unicentro<\/a><\/li>\n<li><a href=\"https:\/\/www3.unicentro.br\/prorh\/wp-content\/uploads\/sites\/58\/2022\/06\/IN_2_2022_PRORH_Regulamenta_a_concess_o_de_teletrabalho_e_revoga_dispositivos_da_IN_9_2021_62a0902028053.pdf\"><strong>INSTRU\u00c7\u00c3O NORMATIVA N\u00ba 2\u2013PRORH<\/strong> &#8211; Normatiza procedimentos para a concess\u00e3o do regime de teletrabalho referente \u00e0s atividades administrativas na Universidade Estadual do Centro-Oeste, Unicentro, e altera a Instru\u00e7\u00e3o Normativa n\u00ba 9\u2013PRORH<\/a><\/li>\n<li><a href=\"https:\/\/www3.unicentro.br\/prorh\/wp-content\/uploads\/sites\/58\/2022\/01\/IN-1-2022-PRORH_PROEN_PROPESP.pdf\"><strong>INSTRU\u00c7\u00c3O NORMATIVA CONJUNTA N<sup>o <\/sup>1\/2022 &#8211; PRORH\/PROEN\/PROPESP<\/strong> &#8211; Normatiza procedimentos para comprova\u00e7\u00e3o de situa\u00e7\u00e3o vacinal contra a Covid-19, por parte dos membros da comunidade acad\u00eamica, orienta quanto ao retorno presencial das aulas de gradua\u00e7\u00e3o e p\u00f3s-gradua\u00e7\u00e3o, na Universidade Estadual do Centro-Oeste<\/a><\/li>\n<li><a href=\"https:\/\/www3.unicentro.br\/prorh\/wp-content\/uploads\/sites\/58\/2022\/06\/IN_9_2021_PRORH_Normatiza_a_concess_o_de_teletrabalho_atividades_administrativas_COM_ALTERA_ES_62a09020e52f2.pdf\"><strong>INSTRU\u00c7\u00c3O NORMATIVA N\u00ba 9\/2021-PRORH<\/strong> \u2013 Normatiza procedimentos para a concess\u00e3o do regime de teletrabalho referente \u00e0s atividades administrativas na Universidade Estadual do Centro-Oeste, UNICENTRO, de forma excepcional, e medidas de preven\u00e7\u00e3o no ambiente de trabalho, em raz\u00e3o do per\u00edodo de pandemia de Covid-19 (ALTERADA PELAS INSTRU\u00c7\u00d5ES NORMATIVAS N\u00ba 1\/2022 E 2\/2022-PRORH)<\/a><\/li>\n<li><a href=\"https:\/\/www3.unicentro.br\/prorh\/wp-content\/uploads\/sites\/58\/2021\/06\/IN_8_2021_PRORH_Restabelece_dispositivos_da_IN_5_2021_Assinada_60b7d9a13fdaf.pdf\"><strong>INSTRU\u00c7\u00c3O NORMATIVA N\u00ba 8\/2021-PRORH<\/strong> \u2013 Restabelece dispositivos da Instru\u00e7\u00e3o Normativa n\u00ba 5-PRORH, de 18 de maio de 2021, a qual adota o regime de teletrabalho de forma ampliada, por tempo determinado, para a realiza\u00e7\u00e3o das atividades administrativas na Universidade Estadual do Centro-Oeste, Unicentro<\/a><\/li>\n<li><a href=\"https:\/\/www3.unicentro.br\/prorh\/wp-content\/uploads\/sites\/58\/2021\/05\/IN_7_2021_PRORH_Prorroga_a_vig_ncia_da_IN_5_2021_Assinada_60b554ab9dd58.pdf\"><strong>INSTRU\u00c7\u00c3O NORMATIVA N\u00ba 7\/2021-PRORH<\/strong> \u2013 Prorroga a vig\u00eancia da Instru\u00e7\u00e3o Normativa n\u00ba 5-PRORH\/UNICENTRO, de 18 de maio de 2021, e adota outras provid\u00eancias<\/a><\/li>\n<li><a href=\"https:\/\/www3.unicentro.br\/prorh\/wp-content\/uploads\/sites\/58\/2021\/06\/IN_6_2021_PRORH_Revoga_dispositivos_da_IN_5_2021_REVOGADA_Assinada_60b7d9e138fe0.pdf\"><strong>INSTRU\u00c7\u00c3O NORMATIVA N\u00ba 6\/2021-PRORH<\/strong> &#8211; Revoga dispositivos da Instru\u00e7\u00e3o Normativa n\u00ba 5-PRORH\/UNICENTRO, de 18 de maio de 2021, que adota o regime de teletrabalho de forma ampliada, por tempo determinado, para a realiza\u00e7\u00e3o das atividades administrativas na Universidade Estadual do Centro-Oeste, Unicentro. (REVOGADA PELA INSTRU\u00c7\u00c3O NORMATIVA N\u00ba 8-PRORH\/UNICENTRO, DE 1\u00ba DE JUNHO DE 2021)<\/a><\/li>\n<li><a href=\"https:\/\/www3.unicentro.br\/prorh\/wp-content\/uploads\/sites\/58\/2021\/06\/IN_5_2021_PRORH_Adota_o_teletrabalho_de_forma_ampliada_por_tempo_determinado_ALTERADA_pela_IN_6_2021_e_IN8_2021_Assinada_60b7d9d17f8cd.pdf\"><strong>INSTRU\u00c7\u00c3O NORMATIVA N\u00ba 5\/2021-PRORH<\/strong> &#8211; Adota o regime de teletrabalho de forma ampliada, por tempo determinado, para a realiza\u00e7\u00e3o das atividades administrativas na Universidade Estadual do Centro-Oeste, Unicentro (CAPUT DO ART. 1\u00ba E DO ART. 7\u00ba ALTERADOS PELA INSTRU\u00c7\u00c3O NORMATIVA N\u00ba 7-PRORH\/ UNICENTRO, DE 31 DE MAIO DE 2021; INCISOS II E IV DO ART. 4\u00ba RESTABELECIDOS PELA INSTRU\u00c7\u00c3O NORMATIVA N\u00ba 8-PRORH\/UNICENTRO, DE 1\u00ba DE JUNHO DE 2021.)<\/a><\/li>\n<li><a href=\"https:\/\/www3.unicentro.br\/prorh\/wp-content\/uploads\/sites\/58\/2021\/04\/IN_4_2021_PRORH_Altera_a_IN_1_2020_Escala_das_atividades_administrativas_presenciais_Assinada_6079f1fb39be2.pdf\"><strong>INSTRU\u00c7\u00c3O NORMATIVA N\u00ba 4\/2021-PRORH<\/strong> \u2013 Altera a Instru\u00e7\u00e3o Normativa n\u00ba\u00a0 1-ProRH, de 28 de outubro de 2020, que normatiza procedimentos para a organiza\u00e7\u00e3o das escalas de trabalho das atividades administrativas presenciais na Unicentro, em raz\u00e3o do per\u00edodo de pandemia, bem como para a concess\u00e3o do regime de teletrabalho, de forma excepcional, para servidores enquadrados em grupos de risco.<\/a><\/li>\n<li><a href=\"https:\/\/www3.unicentro.br\/prorh\/wp-content\/uploads\/sites\/58\/2021\/02\/Instru_o_Normativa_2_2021_PRORH_UNICENTRO_Teletrabalho_6039301e005d6.pdf\"><strong>INSTRU\u00c7\u00c3O NORMATIVA N\u00ba 2\/2021-PRORH<\/strong> \u2013 Adota o regime de teletrabalho de forma ampliada, por tempo determinado, para a realiza\u00e7\u00e3o das atividades administrativas na Unicentro<\/a><\/li>\n<li><a href=\"https:\/\/www3.unicentro.br\/prorh\/wp-content\/uploads\/sites\/58\/2021\/04\/1611936140423_Instru_o_Normativa_1_2021_PRORH_UNICENTRO_Altera_a_Instru_o_Normativa_n_4_2020_PRORH_UNICENTRO_60143292b4997-1.pdf\"><strong>INSTRU\u00c7\u00c3O NORMATIVA N\u00ba 1\/2021-PRORH<\/strong> \u2013 Altera a Instru\u00e7\u00e3o Normativa n\u00ba\u00a0 4-ProRH, de 20 de novembro de 2020, ampliando o per\u00edodo para o qual as Chefias de Unidade ficam autorizadas a adotarem, junto \u00e0s respectivas equipes, o regime de teletrabalho de forma ampliada, para a realiza\u00e7\u00e3o das atividades administrativas na Unicentro<\/a><\/li>\n<li><a href=\"https:\/\/www3.unicentro.br\/prorh\/wp-content\/uploads\/sites\/58\/2020\/12\/Instru_o_Normativa_7_2020_PRORH_UNICENTRO_Altera_a_Instru_o_Normativa_n_4_2020_PRORH_UNICENTRO_5fe0d64bcf349.pdf\"><strong>INSTRU\u00c7\u00c3O NORMATIVA N\u00ba 7\/2020-PRORH<\/strong> &#8211; Altera a Instru\u00e7\u00e3o Normativa n\u00ba 4\/2020, ampliando o per\u00edodo para o qual as Chefias de Unidade ficam autorizadas a adotarem, junto \u00e0s respectivas equipes, o regime de teletrabalho de forma ampliada, para a realiza\u00e7\u00e3o das atividades administrativas na Unicentro.<\/a><\/li>\n<li><a href=\"https:\/\/www3.unicentro.br\/prorh\/wp-content\/uploads\/sites\/58\/2020\/12\/Instru_o_Normativa_6_2020.pdf\"><strong>INSTRU\u00c7\u00c3O NORMATIVA N\u00ba 6\/2020-PRORH<\/strong> &#8211; Altera o Anexo II da Instru\u00e7\u00e3o Normativa n\u00ba 2\/2016, a qual normaliza a implanta\u00e7\u00e3o de formul\u00e1rios referentes \u00e0 aplica\u00e7\u00e3o da Resolu\u00e7\u00e3o 26-CAD, que aprova o Regulamento de Concess\u00e3o de Licen\u00e7a Especial a Servidores de quadro efetivo da Unicentro<\/a><br \/>\n<strong><a href=\"https:\/\/www3.unicentro.br\/prorh\/wp-content\/uploads\/sites\/58\/2020\/12\/anexo-Instru_o_Normativa_6_2020.pdf\">ANEXO \u00daNICO- Requerimento de Licen\u00e7a Especial Professor de Ensino Superior<\/a><\/strong><\/li>\n<li><a href=\"https:\/\/www3.unicentro.br\/prorh\/wp-content\/uploads\/sites\/58\/2020\/12\/Instru_o_Normativa_5_2020_PRORH_UNICENTRO_Altera_a_Instru_o_Normativa_n_4_2020_PRORH_UNICENTRO_5fc93a2a5d4df.pdf\"><strong>INSTRU\u00c7\u00c3O NORMATIVA N\u00ba 5\/2020-PRORH<\/strong> \u2013 Altera a Instru\u00e7\u00e3o Normativa n\u00ba 4\/2020, ampliando o per\u00edodo para o qual as Chefias de Unidade ficam autorizadas a adotarem, junto \u00e0s respectivas equipes, o regime de teletrabalho de forma ampliada, para realiza\u00e7\u00e3o das atividades administrativas na Unicentro<\/a><\/li>\n<li><a href=\"https:\/\/www3.unicentro.br\/prorh\/wp-content\/uploads\/sites\/58\/2020\/11\/in4prorh.pdf\"><strong>INSTRU\u00c7\u00c3O NORMATIVA N\u00ba 4\/2020-PRORH<\/strong> \u2013 Autoriza as Chefias de Unidade a adotarem junto \u00e0s respectivas equipes, por tempo determinado, o regime de teletrabalho de forma ampliada, para realiza\u00e7\u00e3o das atividades administrativas na Unicentro<\/a><\/li>\n<li><a href=\"https:\/\/www3.unicentro.br\/prorh\/wp-content\/uploads\/sites\/58\/2020\/11\/in3prorh.pdf\"><strong>INSTRU\u00c7\u00c3O NORMATIVA N\u00ba 3\/2020-PRORH<\/strong> \u2013 Altera a Instru\u00e7\u00e3o Normativa n\u00ba 1\/2013\/ProRH, a qual normatiza instru\u00e7\u00f5es e procedimentos referentes \u00e0 aplica\u00e7\u00e3o da Resolu\u00e7\u00e3o n\u00ba 19\/2013-CAD, que regulamenta a implanta\u00e7\u00e3o da Gratifica\u00e7\u00e3o de Plant\u00e3o Docente, GPD, a docente efetivo da Unicentro<\/a><\/li>\n<li><a href=\"https:\/\/www3.unicentro.br\/prorh\/wp-content\/uploads\/sites\/58\/2020\/11\/Instru_o_Normativa_n_2_2020_PRORH_5faeda342f1e3.pdf\"><strong>INSTRU\u00c7\u00c3O NORMATIVA N\u00ba 2\/2020-PRORH<\/strong> \u2013 Suspende, por tempo determinado, as atividades administrativas presenciais no Campus Santa Cruz<\/a><\/li>\n<li><a href=\"https:\/\/www3.unicentro.br\/prorh\/wp-content\/uploads\/sites\/58\/2022\/06\/3_IN_1_2020_PRORH_Escala_das_atividades_administrativas_presenciais_ALTERADA_PELA_IN_4_2021_PROR_REVOGADA_62a0902090f51.pdf\"><strong>INSTRU\u00c7\u00c3O NORMATIVA N\u00ba 1\/2020-PRORH<\/strong> &#8211; Normatiza procedimentos para a organiza\u00e7\u00e3o de escalas de trabalho nas atividades administrativas presenciais na Unicentro, em raz\u00e3o do per\u00edodo de pandemia, bem como para a concess\u00e3o do regime de teletrabalho, de forma excepcional, para servidores enquadrados no grupo de risco (REVOGADA PELA INSTRU\u00c7\u00c3O NORMATIVA n\u00ba 9\/2021-PRORH) (ALTERADO O II DO ART. 4\u00ba, PELA INSTRU\u00c7\u00c3O NORMATIVA N\u00ba 4-PRORH)<\/a><\/li>\n<li><a href=\"http:\/\/www3.unicentro.br\/prorh\/wp-content\/uploads\/sites\/58\/2019\/04\/Instru_o_Normativa_Conjunta_n_1_2019_PRORH_PROEN_Integraliza_o_de_disciplinas_5cbdb6e039586.pdf\"><strong>INSTRU\u00c7\u00c3O NORMATIVA N\u00ba 1\/2019-PRORH-PROEN<\/strong> &#8211; Normatiza prazos e procedimentos para tr\u00e2mites de protocolos de integraliza\u00e7\u00e3o das disciplinas dos cursos de gradua\u00e7\u00e3o presenciais, ministrada por professores colaboradores tempor\u00e1rios<\/a><\/li>\n<li><a href=\"http:\/\/www3.unicentro.br\/prorh\/wp-content\/uploads\/sites\/58\/2019\/03\/Instru_o_Normativa_Conjunta_n_1_PRORH_PROEN_PROPESP_e_PROEC_5c9e0441d2152.pdf\"><strong>INSTRU\u00c7\u00c3O NORMATIVA N\u00ba 1\/2019-PRORH-PROPESP-PROEC<\/strong> &#8211; Normatiza procedimentos para a ades\u00e3o volunt\u00e1ria a atividades ou projetos de ensino, pesquisa ou extens\u00e3o, na forma do Termo de Ades\u00e3o ao Servi\u00e7o Volunt\u00e1rio de que trata o Anexo II da Resolu\u00e7\u00e3o n\u00ba 18\/2018-CAD\/Unicentro, que aprova o Regulamento de Presta\u00e7\u00e3o de Servi\u00e7o Volunt\u00e1rio na Unicentro<\/a><\/li>\n<li><a href=\"http:\/\/www3.unicentro.br\/prorh\/wp-content\/uploads\/sites\/58\/2019\/03\/Instru_o_Normativa_1_2019_PRORH_Proposta_de_Plano_de_Trabalho_Servi_o_Volunt_rio_5c817e9e2f7ce.pdf\"><strong>INSTRU\u00c7\u00c3O NORMATIVA N\u00ba 1\/2019-PRORH<\/strong> &#8211; Normatiza tr\u00e2mites e procedimentos para formaliza\u00e7\u00e3o de Termos de Ades\u00e3o ao Servi\u00e7o Volunt\u00e1rio em aplica\u00e7\u00e3o \u00e0 Resolu\u00e7\u00e3o n\u00ba 18-CAD\/Unicentro, que aprova o Regulamento de Presta\u00e7\u00e3o de Servi\u00e7o Volunt\u00e1rio na Unicentro<\/a><\/li>\n<li><strong><a href=\"http:\/\/www3.unicentro.br\/prorh\/wp-content\/uploads\/sites\/58\/2019\/07\/Instru_o_Normativa_n_2_2019_PRORH_UNICENTRO_5d3b577a85be3.pdf\">INSTRU\u00c7\u00c3O NORMATIVA N\u00ba 2\/2019-PRORH &#8211;<\/a>\u00a0<\/strong><a href=\"http:\/\/www3.unicentro.br\/prorh\/wp-content\/uploads\/sites\/58\/2019\/07\/Instru_o_Normativa_n_2_2019_PRORH_UNICENTRO_5d3b577a85be3.pdf\">Altera os anexos I e II da Instru\u00e7\u00e3o Normativa 2-ProRH\/Unicentro<\/a><\/li>\n<li><a href=\"http:\/\/www3.unicentro.br\/prorh\/wp-content\/uploads\/sites\/58\/2019\/04\/Instru_o_Normativa_n_1_2018_PRORH_UNICENTRO_Servi_o_Volunt_rio_5cc07118e31d6.pdf\"><strong>INSTRU\u00c7\u00c3O NORMATIVA N\u00ba 1\/2018-PRORH<\/strong> &#8211; Normatiza tr\u00e2mites e formul\u00e1rio de Proposta de Plano de Trabalho referente \u00e0 aplica\u00e7\u00e3o da Resolu\u00e7\u00e3o n\u00ba 12\/2017-CAD\/Unicentro, que aprova o regulamento de Presta\u00e7\u00e3o de Servi\u00e7o Volunt\u00e1rio na Unicentro<strong> (REVOGADA PELA INSTRU\u00c7\u00c3O NORMATIVA N\u00b0 1\/2019-PRORH\/UNICENTRO)<\/strong><\/a><\/li>\n<li><a href=\"https:\/\/www3.unicentro.br\/prorh\/wp-content\/uploads\/sites\/58\/2018\/11\/instru_o_normativa_2_2016.pdf\"><strong>INSTRU\u00c7\u00c3O NORMATIVA N\u00ba 2\/2016-PRORH<\/strong> &#8211; Implanta\u00e7\u00e3o de formul\u00e1rios referentes \u00e0 resolu\u00e7\u00e3o 26-CAD, que aprova o regulamento de Concess\u00e3o de Licen\u00e7a Especial<\/a><\/li>\n<li><a href=\"https:\/\/www3.unicentro.br\/prorh\/wp-content\/uploads\/sites\/58\/2018\/11\/Instrucao-Normativa-1_2016_PRORH_UNICENTRO-_-Regime-TIDE-_-Docentes-_-ASSINADA.pdf\"><strong>INSTRU\u00c7\u00c3O NORMATIVA N\u00ba 1\/2016-PRORH<\/strong> &#8211; Instru\u00e7\u00f5es e procedimentos referentes \u00e0 aplica\u00e7\u00e3o da resolu\u00e7\u00e3o que aprova o Regulamento do Regime de Trabalho Tide aos docentes em fun\u00e7\u00e3o pedag\u00f3gica<\/a><\/li>\n<li><a href=\"https:\/\/www3.unicentro.br\/prorh\/wp-content\/uploads\/sites\/58\/2021\/06\/Instru_o_Normativa_2014_001_Ascens_o_60b67266e615b.pdf\"><strong>INSTRU\u00c7\u00c3O NORMATIVA N\u00ba 1\/2014-PRORH<\/strong> &#8211; Estabelece tr\u00e2mites e formul\u00e1rios referentes aos processo de Avalia\u00e7\u00e3o de Desempenho para Promo\u00e7\u00e3o de Classe e Ascens\u00e3o de N\u00edvel do Pessoal Docente do Quadro de Professores Efeitvos da Unicetro<\/a><\/li>\n<li><a href=\"https:\/\/www3.unicentro.br\/prorh\/wp-content\/uploads\/sites\/58\/2023\/09\/Instru_o_Normativa_01_2013_PRORH_Plant_o_Docente_Vers_o_2023_Alterada_pela_IN_1_2023_PRORH_65145aec6f413.pdf\"><strong>INSTRU\u00c7\u00c3O NORMATIVA N\u00ba 01\/2013-PRORH<\/strong> &#8211; Normatiza instru\u00e7\u00f5es e procedimentos referentes \u00e0 aplica\u00e7\u00e3o da resolu\u00e7\u00e3o 19\/2013-CAD\/Unicentro, que regulamenta a implanta\u00e7\u00e3o da Gratifica\u00e7\u00e3o de Plant\u00e3o Docente, GPD, a docente efeitvo da Unicentro<\/a><\/li>\n<li><a href=\"https:\/\/www3.unicentro.br\/prorh\/wp-content\/uploads\/sites\/58\/2018\/11\/26.10.11-Instruc\u0327a\u0303o-e-Tra\u0302mites-para-Credenciamento-de-Pesquisa.pdf\">Instru\u00e7\u00e3o para Credenciamento de Pesquisa 2011 (documentos e tr\u00e2mites) &#8211; Regulamento vigente: Resolu\u00e7\u00e3o 59-CEPE\/UNICENTRO de 16\/9\/2011<\/a><\/li>\n<li><a href=\"https:\/\/www3.unicentro.br\/prorh\/wp-content\/uploads\/sites\/58\/2018\/11\/26.10.11-Slides-PRORH-TIDE-Res.-046-2011-CEPE-e-IN1-2011-PRORH.pdf\">Procedimentos para recebimento do Regime de TIDE (Apresenta\u00e7\u00e3o de slides Prorh)<\/a><\/li>\n<li><a href=\"https:\/\/www3.unicentro.br\/prorh\/wp-content\/uploads\/sites\/58\/2018\/11\/26.10.11-Slides-PROPESP-Res.-59-2011-CEPE.pdf\">Resolu\u00e7\u00e3o 59-2011-CEPE (Apresenta\u00e7\u00e3o de slides Propesp)<\/a><\/li>\n<li><a href=\"https:\/\/www3.unicentro.br\/prorh\/wp-content\/uploads\/sites\/58\/2018\/11\/instrucao_normativa_prorh_001-2009.pdf\"><strong>INSTRU\u00c7\u00c3O NORMATIVA 001\/2009\u2013 PRORH<\/strong> &#8211; Estabelece normas e procedimentos preventivos para gestantes ou imunodeprimidos frente \u00e0 Influenza A H1N1 (.pdf)<\/a><\/li>\n<li><a href=\"https:\/\/www3.unicentro.br\/prorh\/wp-content\/uploads\/sites\/58\/2018\/11\/instrucao_normativa_prorh_002-2009.pdf\"><strong>INSTRU\u00c7\u00c3O NORMATIVA 002\/2009\u2013 PRORH\/UNICENTRO<\/strong> &#8211; Estabelece normas e procedimentos para o retorno \u00e0s atividades para as gestantes e imunodeprimidos frente \u00e0 Influenza A H1N1 (.pdf)<\/a><\/li>\n<\/ul>\n<p>[\/vc_column_text][\/vc_column][\/vc_row]<\/p>\n<\/div>","protected":false},"excerpt":{"rendered":"<p>[vc_row][vc_column][vc_column_text css=&#8221;&#8221;] INSTRU\u00c7\u00c3O NORMATIVA N\u00ba 2-PROGESP &#8211; Estabelece as responsabilidades para operacionaliza\u00e7\u00e3o da folha de pagamento, no \u00e2mbito da Pr\u00f3-Reitoria de Gest\u00e3o de Pessoas INFORME PROGESP &#8211; SEGURO CONTRA ACIDENTES PESSOAIS (DOCENTES, AGENTES UNIVERSIT\u00c1RIOS, COMISSIONADOS E ESTAGI\u00c1RIOS) INSTRU\u00c7\u00c3O NORMATIVA N\u00ba 1-PRORH &#8211; Altera a Instru\u00e7\u00e3o Normativa n\u00ba1-PRORH\/Unicentro, de 1\u00ba de novembro de 2013, que normatiza [&hellip;]<\/p>\n","protected":false},"author":3,"featured_media":0,"parent":0,"menu_order":0,"comment_status":"closed","ping_status":"closed","template":"","meta":{"_exactmetrics_skip_tracking":false,"_exactmetrics_sitenote_active":false,"_exactmetrics_sitenote_note":"","_exactmetrics_sitenote_category":0,"footnotes":"","_links_to":"","_links_to_target":""},"class_list":["post-32","page","type-page","status-publish","hentry"],"_links":{"self":[{"href":"https:\/\/www3.unicentro.br\/progesp\/wp-json\/wp\/v2\/pages\/32","targetHints":{"allow":["GET"]}}],"collection":[{"href":"https:\/\/www3.unicentro.br\/progesp\/wp-json\/wp\/v2\/pages"}],"about":[{"href":"https:\/\/www3.unicentro.br\/progesp\/wp-json\/wp\/v2\/types\/page"}],"author":[{"embeddable":true,"href":"https:\/\/www3.unicentro.br\/progesp\/wp-json\/wp\/v2\/users\/3"}],"replies":[{"embeddable":true,"href":"https:\/\/www3.unicentro.br\/progesp\/wp-json\/wp\/v2\/comments?post=32"}],"version-history":[{"count":3,"href":"https:\/\/www3.unicentro.br\/progesp\/wp-json\/wp\/v2\/pages\/32\/revisions"}],"predecessor-version":[{"id":1163,"href":"https:\/\/www3.unicentro.br\/progesp\/wp-json\/wp\/v2\/pages\/32\/revisions\/1163"}],"wp:attachment":[{"href":"https:\/\/www3.unicentro.br\/progesp\/wp-json\/wp\/v2\/media?parent=32"}],"curies":[{"name":"wp","href":"https:\/\/api.w.org\/{rel}","templated":true}]}}