{"id":130,"date":"2018-11-01T15:24:52","date_gmt":"2018-11-01T17:24:52","guid":{"rendered":"https:\/\/www3.unicentro.br\/prorh\/?page_id=130"},"modified":"2018-11-01T15:24:52","modified_gmt":"2018-11-01T17:24:52","slug":"avaliacao-tecnicos","status":"publish","type":"page","link":"https:\/\/www3.unicentro.br\/progesp\/avaliacao-tecnicos\/","title":{"rendered":"Avalia\u00e7\u00e3o T\u00e9cnicos"},"content":{"rendered":"<div class=\"wpb-content-wrapper\"><p>[vc_row][vc_column width=&#8221;1\/2&#8243;][vc_btn title=&#8221;Regulamento do processo de Avalia\u00e7\u00e3o de Desempenho dos Agentes Universit\u00e1rios&#8221; style=&#8221;flat&#8221; shape=&#8221;square&#8221; color=&#8221;juicy-pink&#8221; size=&#8221;sm&#8221; align=&#8221;center&#8221; button_block=&#8221;true&#8221; link=&#8221;url:https%3A%2F%2Fwww3.unicentro.br%2Fprorh%2Fwp-content%2Fuploads%2Fsites%2F58%2F2018%2F11%2FLegisla_o_sobre_Avalia_o_de_Desempenho_dos_Agentes_Universit_rios_537b902b00987.pdf|||&#8221;][\/vc_column][vc_column width=&#8221;1\/2&#8243;][vc_btn title=&#8221;Altera o Regulamento de Avalia\u00e7\u00e3o de Desempenho dos Agentes Universit\u00e1rios&#8221; style=&#8221;flat&#8221; shape=&#8221;square&#8221; color=&#8221;juicy-pink&#8221; size=&#8221;sm&#8221; align=&#8221;center&#8221; button_block=&#8221;true&#8221; link=&#8221;url:https%3A%2F%2Fwww3.unicentro.br%2Fprorh%2Fwp-content%2Fuploads%2Fsites%2F58%2F2018%2F11%2FLegisla_o_Altera_o_Regulamento_do_Processo_de_Avalia_o_537b9041540eb.pdf|||&#8221;][\/vc_column][\/vc_row]<\/p>\n<\/div>","protected":false},"excerpt":{"rendered":"<p>[vc_row][vc_column width=&#8221;1\/2&#8243;][vc_btn title=&#8221;Regulamento do processo de Avalia\u00e7\u00e3o de Desempenho dos Agentes Universit\u00e1rios&#8221; style=&#8221;flat&#8221; shape=&#8221;square&#8221; color=&#8221;juicy-pink&#8221; size=&#8221;sm&#8221; align=&#8221;center&#8221; button_block=&#8221;true&#8221; link=&#8221;url:https%3A%2F%2Fwww3.unicentro.br%2Fprorh%2Fwp-content%2Fuploads%2Fsites%2F58%2F2018%2F11%2FLegisla_o_sobre_Avalia_o_de_Desempenho_dos_Agentes_Universit_rios_537b902b00987.pdf|||&#8221;][\/vc_column][vc_column width=&#8221;1\/2&#8243;][vc_btn title=&#8221;Altera o Regulamento de Avalia\u00e7\u00e3o de Desempenho dos Agentes Universit\u00e1rios&#8221; style=&#8221;flat&#8221; shape=&#8221;square&#8221; color=&#8221;juicy-pink&#8221; size=&#8221;sm&#8221; align=&#8221;center&#8221; button_block=&#8221;true&#8221; link=&#8221;url:https%3A%2F%2Fwww3.unicentro.br%2Fprorh%2Fwp-content%2Fuploads%2Fsites%2F58%2F2018%2F11%2FLegisla_o_Altera_o_Regulamento_do_Processo_de_Avalia_o_537b9041540eb.pdf|||&#8221;][\/vc_column][\/vc_row]<\/p>\n","protected":false},"author":3,"featured_media":0,"parent":0,"menu_order":0,"comment_status":"closed","ping_status":"closed","template":"","meta":{"_exactmetrics_skip_tracking":false,"_exactmetrics_sitenote_active":false,"_exactmetrics_sitenote_note":"","_exactmetrics_sitenote_category":0,"footnotes":"","_links_to":"","_links_to_target":""},"class_list":["post-130","page","type-page","status-publish","hentry"],"_links":{"self":[{"href":"https:\/\/www3.unicentro.br\/progesp\/wp-json\/wp\/v2\/pages\/130","targetHints":{"allow":["GET"]}}],"collection":[{"href":"https:\/\/www3.unicentro.br\/progesp\/wp-json\/wp\/v2\/pages"}],"about":[{"href":"https:\/\/www3.unicentro.br\/progesp\/wp-json\/wp\/v2\/types\/page"}],"author":[{"embeddable":true,"href":"https:\/\/www3.unicentro.br\/progesp\/wp-json\/wp\/v2\/users\/3"}],"replies":[{"embeddable":true,"href":"https:\/\/www3.unicentro.br\/progesp\/wp-json\/wp\/v2\/comments?post=130"}],"version-history":[{"count":0,"href":"https:\/\/www3.unicentro.br\/progesp\/wp-json\/wp\/v2\/pages\/130\/revisions"}],"wp:attachment":[{"href":"https:\/\/www3.unicentro.br\/progesp\/wp-json\/wp\/v2\/media?parent=130"}],"curies":[{"name":"wp","href":"https:\/\/api.w.org\/{rel}","templated":true}]}}