{"id":1238,"date":"2026-08-27T11:52:28","date_gmt":"2026-08-27T14:52:28","guid":{"rendered":"https:\/\/www3.unicentro.br\/progesp\/?page_id=1238"},"modified":"2026-08-27T11:52:28","modified_gmt":"2026-08-27T14:52:28","slug":"licenca-gestacao-pos-parto","status":"publish","type":"page","link":"https:\/\/www3.unicentro.br\/progesp\/diretoria-de-pessoal\/procedimentos\/licenca-gestacao-pos-parto\/","title":{"rendered":"Licen\u00e7a Gesta\u00e7\u00e3o (P\u00f3s-Parto)"},"content":{"rendered":"<p><strong>PROCEDIMENTOS NECESS\u00c1RIOS<\/strong><\/p>\n<p>&#8211; Atestado m\u00e9dico, informando licen\u00e7a maternidade de 180 dias, contendo o CID;<br \/>\n&#8211; c\u00f3pia da Certid\u00e3o de nascimento da crian\u00e7a, caso a licen\u00e7a requerida seja a partir do nascimento;<br \/>\n* carteirinha de gestante ou \u00faltima ultrassonografia, em casos de licen\u00e7a maternidade anterior ao parto, a qual poder\u00e1 ser concedida a partir da 36\u00aa semana de gesta\u00e7\u00e3o.<\/p>\n<ul>\n<li>Em caso de licen\u00e7a para tratamento de sa\u00fade, ap\u00f3s a 36\u00aa semana de gesta\u00e7\u00e3o, ser\u00e1 concedida licen\u00e7a maternidade.<\/li>\n<\/ul>\n<p><strong><u>A submiss\u00e3o deve ocorrer no prazo m\u00e1ximo de tr\u00eas dias a contar da emiss\u00e3o do atestado<\/u><\/strong><\/p>\n<p>1. Acesse o site: <a href=\"https:\/\/www.administracao.pr.gov.br\/SAS\/Formulario\/Pericia-Medica-Online\">https:<u>\/\/www.administracao.pr.gov.br\/SAS\/Formulario\/Pericia-Medica-Online<\/u><\/a><br \/>\n2. Preencha o FORMUL\u00c1RIO DE REQUERIMENTO;<br \/>\n3. Marque a op\u00e7\u00e3o TERMO DE RESPONSABILIDADE \u2013 DECLARA\u00c7\u00c3O;<br \/>\n4. Clique em escolher arquivos e anexe atestado\/exames. Anexar c\u00f3pia da Certid\u00e3o de nascimento da crian\u00e7a e atestado m\u00e9dico informando o CID referente ao parto realizado. Se o RG for de outro Estado, anexe c\u00f3pia do RG tamb\u00e9m.<br \/>\n5. Certifique-se de estar tudo correto e clique em ENVIAR;<br \/>\n6. Encaminhe para o e-mail dirp@unicentro.br a resposta autom\u00e1tica enviada em seu e-mail, para que possamos consultar a resposta do Departamento de Per\u00edcia M\u00e9dica.<\/p>\n<p>As submiss\u00f5es realizadas on-line estar\u00e3o sujeitas \u00e0 convoca\u00e7\u00e3o para comparecimento presencial, em momento considerado oportuno pela Divis\u00e3o de Per\u00edcia M\u00e9dica.<\/p>\n<p>Clique <a href=\"https:\/\/drive.google.com\/file\/d\/1U4QrBInI2wgAzGeGf_wzximdHPYlGMUl\/view\">aqui<\/a> para ais informa\u00e7\u00f5es<\/p>\n","protected":false},"excerpt":{"rendered":"<p>PROCEDIMENTOS NECESS\u00c1RIOS &#8211; Atestado m\u00e9dico, informando licen\u00e7a maternidade de 180 dias, contendo o CID; &#8211; c\u00f3pia da Certid\u00e3o de nascimento da crian\u00e7a, caso a licen\u00e7a requerida seja a partir do nascimento; * carteirinha de gestante ou \u00faltima ultrassonografia, em casos de licen\u00e7a maternidade anterior ao parto, a qual poder\u00e1 ser concedida a partir da 36\u00aa [&hellip;]<\/p>\n","protected":false},"author":3,"featured_media":0,"parent":1216,"menu_order":0,"comment_status":"closed","ping_status":"closed","template":"","meta":{"_exactmetrics_skip_tracking":false,"footnotes":"","_links_to":"","_links_to_target":""},"class_list":["post-1238","page","type-page","status-publish","hentry"],"_links":{"self":[{"href":"https:\/\/www3.unicentro.br\/progesp\/wp-json\/wp\/v2\/pages\/1238","targetHints":{"allow":["GET"]}}],"collection":[{"href":"https:\/\/www3.unicentro.br\/progesp\/wp-json\/wp\/v2\/pages"}],"about":[{"href":"https:\/\/www3.unicentro.br\/progesp\/wp-json\/wp\/v2\/types\/page"}],"author":[{"embeddable":true,"href":"https:\/\/www3.unicentro.br\/progesp\/wp-json\/wp\/v2\/users\/3"}],"replies":[{"embeddable":true,"href":"https:\/\/www3.unicentro.br\/progesp\/wp-json\/wp\/v2\/comments?post=1238"}],"version-history":[{"count":1,"href":"https:\/\/www3.unicentro.br\/progesp\/wp-json\/wp\/v2\/pages\/1238\/revisions"}],"predecessor-version":[{"id":1241,"href":"https:\/\/www3.unicentro.br\/progesp\/wp-json\/wp\/v2\/pages\/1238\/revisions\/1241"}],"up":[{"embeddable":true,"href":"https:\/\/www3.unicentro.br\/progesp\/wp-json\/wp\/v2\/pages\/1216"}],"wp:attachment":[{"href":"https:\/\/www3.unicentro.br\/progesp\/wp-json\/wp\/v2\/media?parent=1238"}],"curies":[{"name":"wp","href":"https:\/\/api.w.org\/{rel}","templated":true}]}}

Licença Gestação (Pós-Parto)

<p><strong>PROCEDIMENTOS NECESSÁRIOS</strong></p>
<p>&#8211; Atestado médico, informando licença maternidade de 180 dias, contendo o CID;<br />
&#8211; cópia da Certidão de nascimento da criança, caso a licença requerida seja a partir do nascimento;<br />
* carteirinha de gestante ou última ultrassonografia, em casos de licença maternidade anterior ao parto, a qual poderá ser concedida a partir da 36ª semana de gestação.</p>
<ul>
<li>Em caso de licença para tratamento de saúde, após a 36ª semana de gestação, será concedida licença maternidade.</li>
</ul>
<p><strong><u>A submissão deve ocorrer no prazo máximo de três dias a contar da emissão do atestado</u></strong></p>
<p>1. Acesse o site: <a href="https://www.administracao.pr.gov.br/SAS/Formulario/Pericia-Medica-Online">https:<u>//www.administracao.pr.gov.br/SAS/Formulario/Pericia-Medica-Online</u></a><br />
2. Preencha o FORMULÁRIO DE REQUERIMENTO;<br />
3. Marque a opção TERMO DE RESPONSABILIDADE – DECLARAÇÃO;<br />
4. Clique em escolher arquivos e anexe atestado/exames. Anexar cópia da Certidão de nascimento da criança e atestado médico informando o CID referente ao parto realizado. Se o RG for de outro Estado, anexe cópia do RG também.<br />
5. Certifique-se de estar tudo correto e clique em ENVIAR;<br />
6. Encaminhe para o e-mail dirp@unicentro.br a resposta automática enviada em seu e-mail, para que possamos consultar a resposta do Departamento de Perícia Médica.</p>
<p>As submissões realizadas on-line estarão sujeitas à convocação para comparecimento presencial, em momento considerado oportuno pela Divisão de Perícia Médica.</p>
<p>Clique <a href="https://drive.google.com/file/d/1U4QrBInI2wgAzGeGf_wzximdHPYlGMUl/view">aqui</a> para ais informações</p>

<p>PROCEDIMENTOS NECESSÁRIOS &#8211; Atestado médico, informando licença maternidade de 180 dias, contendo o CID; &#8211; cópia da Certidão de nascimento da criança, caso a licença requerida seja a partir do nascimento; * carteirinha de gestante ou última ultrassonografia, em casos de licença maternidade anterior ao parto, a qual poderá ser concedida a partir da 36ª [&hellip;]</p>
