{"id":1214,"date":"2026-08-17T14:55:05","date_gmt":"2026-08-17T17:55:05","guid":{"rendered":"https:\/\/www3.unicentro.br\/progesp\/?page_id=1214"},"modified":"2026-08-19T09:50:17","modified_gmt":"2026-08-19T12:50:17","slug":"licenca-medica","status":"publish","type":"page","link":"https:\/\/www3.unicentro.br\/progesp\/diretoria-de-pessoal\/licenca-medica\/","title":{"rendered":"Licen\u00e7a M\u00e9dica"},"content":{"rendered":"<div class=\"wpb-content-wrapper\" id=\"wpb-content-root\"><p>[vc_row][vc_column width=&#8221;3\/4&#8243;][vc_column_text]<\/p>\n<p class=\"Standard\" style=\"text-align: center\" align=\"center\"><strong>ATEN\u00c7\u00c3O SERVIDORES\u00a0<\/strong><\/p>\n<p class=\"Standard\">O envio do ATESTADO M\u00c9DICO TEM VALIDADE DE 3 DIAS A PARTIR DA DATA DE EMISS\u00c3O<\/p>\n<p class=\"Standard\">Dados obrigat\u00f3rios nos atestados m\u00e9dicos<\/p>\n<p class=\"Standard\">Conforme a Resolu\u00e7\u00e3o do Conselho Federal de Medicina n\u00ba 2.381\/2024, os documentos m\u00e9dicos devem conter informa\u00e7\u00f5es m\u00ednimas obrigat\u00f3rias para possibilitar sua an\u00e1lise e produzir os efeitos legais a que se destinam.<\/p>\n<p class=\"Standard\">Assim, o atestado m\u00e9dico dever\u00e1 conter, no m\u00ednimo:<\/p>\n<ol style=\"list-style-type: lower-alpha\">\n<li class=\"Standard\">identifica\u00e7\u00e3o do m\u00e9dico, com nome e CRM\/UF;<\/li>\n<li class=\"Standard\">Registro de Qualifica\u00e7\u00e3o de Especialista \u2014 RQE, quando houver;<\/li>\n<li class=\"Standard\">identifica\u00e7\u00e3o do paciente, com nome e CPF;<\/li>\n<li class=\"Standard\">data de emiss\u00e3o do documento;<\/li>\n<li class=\"Standard\">assinatura qualificada do m\u00e9dico, quando se tratar de documento eletr\u00f4nico;<\/li>\n<li class=\"Standard\">assinatura e carimbo ou n\u00famero de registro no Conselho Regional de Medicina, quando se tratar de documento manuscrito;<\/li>\n<li class=\"Standard\">dados de contato profissional do m\u00e9dico, como telefone e\/ou e-mail;<\/li>\n<li class=\"Standard\">endere\u00e7o profissional ou residencial do m\u00e9dico.<span class=\"StrongEmphasis\">\u00a0\u00a0 \u00a0\u00a0<\/span><\/li>\n<\/ol>\n<p class=\"Standard\">DADOS GERAIS:<\/p>\n<ul>\n<li class=\"Standard\"><a href=\"https:\/\/www.administracao.pr.gov.br\/SAS\/Pagina\/Pericias-Medicas\">P\u00e1gina da Per\u00edcia m\u00e9dica do estado<\/a><\/li>\n<li><a href=\"https:\/\/www.administracao.pr.gov.br\/sites\/default\/arquivos_restritos\/files\/documento\/2026-04\/RESOLU%C3%87%C3%83O%20E%20MANUAL%2024_FORMULARIO%20LTPF.pdf\">Manual de Per\u00edcia M\u00e9dica<\/a><\/li>\n<li><a href=\"https:\/\/www.administracao.pr.gov.br\/SAS\/Pagina\/Formularios-da-Pericia-Medica\">Formul\u00e1rios<\/a><\/li>\n<li><a href=\"https:\/\/www.administracao.pr.gov.br\/Pagina\/Fale-com-o-Ouvidor-0\">Ouvidoria<\/a><\/li>\n<\/ul>\n<p>[\/vc_column_text][\/vc_column][vc_column css_animation=&#8221;none&#8221; width=&#8221;1\/4&#8243; css=&#8221;.vc_custom_1786992515082{padding-top: 30px !important;padding-right: 30px !important;padding-bottom: 30px !important;padding-left: 30px !important;background-color: #F4F4F4 !important;}&#8221; offset=&#8221;vc_col-xl-inherit vc_col-lg-inherit vc_col-md-3 vc_col-sm-inherit&#8221;][vc_btn title=&#8221;Procedimentos&#8221; align=&#8221;center&#8221; style=&#8221;flat&#8221; custom_background=&#8221;#F2DA00&#8243; custom_text=&#8221;#494949&#8243; link=&#8221;url:https%3A%2F%2Fwww3.unicentro.br%2Fprogesp%2Fdiretoria-de-pessoal%2Fprocedimentos%2F&#8221; el_class=&#8221;botao-padrao&#8221; custom_hover_background=&#8221;#B29704&#8243; custom_hover_text=&#8221;#FFFFFF&#8221;][\/vc_column][\/vc_row]<\/p>\n<\/div>","protected":false},"excerpt":{"rendered":"<p>[vc_row][vc_column width=&#8221;3\/4&#8243;][vc_column_text] ATEN\u00c7\u00c3O SERVIDORES\u00a0 O envio do ATESTADO M\u00c9DICO TEM VALIDADE DE 3 DIAS A PARTIR DA DATA DE EMISS\u00c3O Dados obrigat\u00f3rios nos atestados m\u00e9dicos Conforme a Resolu\u00e7\u00e3o do Conselho Federal de Medicina n\u00ba 2.381\/2024, os documentos m\u00e9dicos devem conter informa\u00e7\u00f5es m\u00ednimas obrigat\u00f3rias para possibilitar sua an\u00e1lise e produzir os efeitos legais a que se [&hellip;]<\/p>\n","protected":false},"author":3,"featured_media":0,"parent":73,"menu_order":0,"comment_status":"closed","ping_status":"closed","template":"","meta":{"_exactmetrics_skip_tracking":false,"footnotes":"","_links_to":"","_links_to_target":""},"class_list":["post-1214","page","type-page","status-publish","hentry"],"_links":{"self":[{"href":"https:\/\/www3.unicentro.br\/progesp\/wp-json\/wp\/v2\/pages\/1214","targetHints":{"allow":["GET"]}}],"collection":[{"href":"https:\/\/www3.unicentro.br\/progesp\/wp-json\/wp\/v2\/pages"}],"about":[{"href":"https:\/\/www3.unicentro.br\/progesp\/wp-json\/wp\/v2\/types\/page"}],"author":[{"embeddable":true,"href":"https:\/\/www3.unicentro.br\/progesp\/wp-json\/wp\/v2\/users\/3"}],"replies":[{"embeddable":true,"href":"https:\/\/www3.unicentro.br\/progesp\/wp-json\/wp\/v2\/comments?post=1214"}],"version-history":[{"count":2,"href":"https:\/\/www3.unicentro.br\/progesp\/wp-json\/wp\/v2\/pages\/1214\/revisions"}],"predecessor-version":[{"id":1225,"href":"https:\/\/www3.unicentro.br\/progesp\/wp-json\/wp\/v2\/pages\/1214\/revisions\/1225"}],"up":[{"embeddable":true,"href":"https:\/\/www3.unicentro.br\/progesp\/wp-json\/wp\/v2\/pages\/73"}],"wp:attachment":[{"href":"https:\/\/www3.unicentro.br\/progesp\/wp-json\/wp\/v2\/media?parent=1214"}],"curies":[{"name":"wp","href":"https:\/\/api.w.org\/{rel}","templated":true}]}}

Licença Médica

<div class="wpb-content-wrapper" id="wpb-content-root"><p>[vc_row][vc_column width=&#8221;3/4&#8243;][vc_column_text]</p>
<p class="Standard" style="text-align: center" align="center"><strong>ATENÇÃO SERVIDORES </strong></p>
<p class="Standard">O envio do ATESTADO MÉDICO TEM VALIDADE DE 3 DIAS A PARTIR DA DATA DE EMISSÃO</p>
<p class="Standard">Dados obrigatórios nos atestados médicos</p>
<p class="Standard">Conforme a Resolução do Conselho Federal de Medicina nº 2.381/2024, os documentos médicos devem conter informações mínimas obrigatórias para possibilitar sua análise e produzir os efeitos legais a que se destinam.</p>
<p class="Standard">Assim, o atestado médico deverá conter, no mínimo:</p>
<ol style="list-style-type: lower-alpha">
<li class="Standard">identificação do médico, com nome e CRM/UF;</li>
<li class="Standard">Registro de Qualificação de Especialista — RQE, quando houver;</li>
<li class="Standard">identificação do paciente, com nome e CPF;</li>
<li class="Standard">data de emissão do documento;</li>
<li class="Standard">assinatura qualificada do médico, quando se tratar de documento eletrônico;</li>
<li class="Standard">assinatura e carimbo ou número de registro no Conselho Regional de Medicina, quando se tratar de documento manuscrito;</li>
<li class="Standard">dados de contato profissional do médico, como telefone e/ou e-mail;</li>
<li class="Standard">endereço profissional ou residencial do médico.<span class="StrongEmphasis">     </span></li>
</ol>
<p class="Standard">DADOS GERAIS:</p>
<ul>
<li class="Standard"><a href="https://www.administracao.pr.gov.br/SAS/Pagina/Pericias-Medicas">Página da Perícia médica do estado</a></li>
<li><a href="https://www.administracao.pr.gov.br/sites/default/arquivos_restritos/files/documento/2026-04/RESOLU%C3%87%C3%83O%20E%20MANUAL%2024_FORMULARIO%20LTPF.pdf">Manual de Perícia Médica</a></li>
<li><a href="https://www.administracao.pr.gov.br/SAS/Pagina/Formularios-da-Pericia-Medica">Formulários</a></li>
<li><a href="https://www.administracao.pr.gov.br/Pagina/Fale-com-o-Ouvidor-0">Ouvidoria</a></li>
</ul>
<p>[/vc_column_text][/vc_column][vc_column css_animation=&#8221;none&#8221; width=&#8221;1/4&#8243; css=&#8221;.vc_custom_1786992515082{padding-top: 30px !important;padding-right: 30px !important;padding-bottom: 30px !important;padding-left: 30px !important;background-color: #F4F4F4 !important;}&#8221; offset=&#8221;vc_col-xl-inherit vc_col-lg-inherit vc_col-md-3 vc_col-sm-inherit&#8221;][vc_btn title=&#8221;Procedimentos&#8221; align=&#8221;center&#8221; style=&#8221;flat&#8221; custom_background=&#8221;#F2DA00&#8243; custom_text=&#8221;#494949&#8243; link=&#8221;url:https%3A%2F%2Fwww3.unicentro.br%2Fprogesp%2Fdiretoria-de-pessoal%2Fprocedimentos%2F&#8221; el_class=&#8221;botao-padrao&#8221; custom_hover_background=&#8221;#B29704&#8243; custom_hover_text=&#8221;#FFFFFF&#8221;][/vc_column][/vc_row]</p>
</div>

<p>[vc_row][vc_column width=&#8221;3/4&#8243;][vc_column_text] ATENÇÃO SERVIDORES  O envio do ATESTADO MÉDICO TEM VALIDADE DE 3 DIAS A PARTIR DA DATA DE EMISSÃO Dados obrigatórios nos atestados médicos Conforme a Resolução do Conselho Federal de Medicina nº 2.381/2024, os documentos médicos devem conter informações mínimas obrigatórias para possibilitar sua análise e produzir os efeitos legais a que se [&hellip;]</p>
