{"id":766,"date":"2019-07-18T14:49:23","date_gmt":"2019-07-18T17:49:23","guid":{"rendered":"https:\/\/www3.unicentro.br\/profnit\/?page_id=766"},"modified":"2019-07-18T14:49:23","modified_gmt":"2019-07-18T17:49:23","slug":"comissao-academica-nacional-can","status":"publish","type":"page","link":"https:\/\/www3.unicentro.br\/profnit\/comissao-academica-nacional-can\/","title":{"rendered":"Comiss\u00e3o Acad\u00eamica Nacional (CAN)"},"content":{"rendered":"<p><strong>Coordenador Acad\u00eamico Nacional (Presidente)<\/strong><\/p>\n<ul>\n<li>Cristina M. Quintella<\/li>\n<\/ul>\n<p><strong>FORTEC<\/strong><\/p>\n<ul>\n<li>Maria das Gra\u00e7as Ferraz Bezerra<\/li>\n<\/ul>\n<p><strong>Representantes do corpo docente<\/strong><\/p>\n<ul>\n<li>\u00a0Gesil Sampaio Amarante Segundo (titular)<\/li>\n<li>\u00a0Irineu Afonso Frey (titular)<\/li>\n<li>N\u00fabia Moura Ribeiro (suplente)<\/li>\n<li>Fl\u00e1via Lima do Carmo (suplente)<\/li>\n<\/ul>\n<p><strong>Coordenador da Comiss\u00e3o Acad\u00eamica Institucional (CAI) da Sede<\/strong><\/p>\n<ul>\n<li>\u00a0Josealdo Tonholo<\/li>\n<\/ul>\n<p><strong>Presidentes das coordena\u00e7\u00f5es t\u00e9cnicas nacionais<\/strong><\/p>\n<ul>\n<li><em>\u00a0Disciplina Conceitos e Aplica\u00e7\u00f5es de Propriedade Intelectual (PI):<\/em>\u00a0Wagna Piler Carvalho dos Santos (titular) e Pierre Barnab\u00e9 (suplente)<\/li>\n<li><em>\u00a0Disciplina<\/em>\u00a0<em>Conceitos e Aplica\u00e7\u00f5es de Transfer\u00eancia de Tecnologia (TT):\u00a0<\/em>T\u00e9cia Vieira Carvalho\u00a0(titular) e Grace Ferreira Ghesti (suplente)<\/li>\n<li><em>\u00a0Disciplina Prospec\u00e7\u00e3o Tecnol\u00f3gica:\u00a0<\/em>Ricardo Carvalho Rodrigues (titular) e N\u00fabia Moura Ribeiro (suplente)<\/li>\n<li><em>Disciplina Metodologia da Pesquisa Cient\u00edfico-Tecnol\u00f3gica e Inova\u00e7\u00e3o: Gl\u00f3ria Maria Marinho Silva Sampaio<\/em>\u00a0(titular) e Maria Hosana Concei\u00e7\u00e3o (suplente)<\/li>\n<li><em>Disciplina Pol\u00edticas P\u00fablicas de Ci\u00eancia, Tecnologia e Inova\u00e7\u00e3o e o Estado Brasileiro: Edilson Pedro (titular) e Gesil Sampaio Amarante Segundo (suplente)<\/em><\/li>\n<li><em>\u00a0Disciplina Semin\u00e1rio de Projeto de Mestrado: Samira Abdallah<\/em><em>\u00a0Hanna\u00a0(titular) e Paulo Gustavo Barboni Dantas\u00a0Nascimento\u00a0(suplente)<\/em><\/li>\n<\/ul>\n<p><em><br \/>\n<\/em><strong>Representante discente PROFNIT\/UNICENTRO<\/strong><\/p>\n<ul>\n<li>Allan Von Stein de Paula (TITULAR)<\/li>\n<li>\u00a0Andr\u00e9ia Camargo (SUPLENTE)<\/li>\n<\/ul>\n","protected":false},"excerpt":{"rendered":"<p>Coordenador Acad\u00eamico Nacional (Presidente) Cristina M. Quintella FORTEC Maria das Gra\u00e7as Ferraz Bezerra Representantes do corpo docente \u00a0Gesil Sampaio Amarante Segundo (titular) \u00a0Irineu Afonso Frey (titular) N\u00fabia Moura Ribeiro (suplente) Fl\u00e1via Lima do Carmo (suplente) Coordenador da Comiss\u00e3o Acad\u00eamica Institucional (CAI) da Sede \u00a0Josealdo Tonholo Presidentes das coordena\u00e7\u00f5es t\u00e9cnicas nacionais \u00a0Disciplina Conceitos e Aplica\u00e7\u00f5es de [&hellip;]<\/p>\n","protected":false},"author":194,"featured_media":0,"parent":0,"menu_order":0,"comment_status":"closed","ping_status":"closed","template":"","meta":{"_exactmetrics_skip_tracking":false,"_exactmetrics_sitenote_active":false,"_exactmetrics_sitenote_note":"","_exactmetrics_sitenote_category":0,"footnotes":"","_links_to":"","_links_to_target":""},"class_list":["post-766","page","type-page","status-publish","hentry"],"_links":{"self":[{"href":"https:\/\/www3.unicentro.br\/profnit\/wp-json\/wp\/v2\/pages\/766","targetHints":{"allow":["GET"]}}],"collection":[{"href":"https:\/\/www3.unicentro.br\/profnit\/wp-json\/wp\/v2\/pages"}],"about":[{"href":"https:\/\/www3.unicentro.br\/profnit\/wp-json\/wp\/v2\/types\/page"}],"author":[{"embeddable":true,"href":"https:\/\/www3.unicentro.br\/profnit\/wp-json\/wp\/v2\/users\/194"}],"replies":[{"embeddable":true,"href":"https:\/\/www3.unicentro.br\/profnit\/wp-json\/wp\/v2\/comments?post=766"}],"version-history":[{"count":0,"href":"https:\/\/www3.unicentro.br\/profnit\/wp-json\/wp\/v2\/pages\/766\/revisions"}],"wp:attachment":[{"href":"https:\/\/www3.unicentro.br\/profnit\/wp-json\/wp\/v2\/media?parent=766"}],"curies":[{"name":"wp","href":"https:\/\/api.w.org\/{rel}","templated":true}]}}