{"id":54,"date":"2018-02-26T00:00:00","date_gmt":"2018-02-26T03:00:00","guid":{"rendered":"https:\/\/www3.unicentro.br\/profnit\/atas\/"},"modified":"2026-03-10T16:21:05","modified_gmt":"2026-03-10T19:21:05","slug":"atas","status":"publish","type":"page","link":"https:\/\/www3.unicentro.br\/profnit\/atas\/","title":{"rendered":"Atas de Reuni\u00f5es &#8211; CAI"},"content":{"rendered":"<div class=\"wpb-content-wrapper\"><p>[vc_row][vc_column][vc_tta_accordion style=&#8221;flat&#8221; shape=&#8221;square&#8221; spacing=&#8221;1&#8243; active_section=&#8221;100&#8243; no_fill=&#8221;true&#8221; collapsible_all=&#8221;true&#8221;][vc_tta_section title=&#8221;REUNI\u00d5ES DO COLEGIADO &#8211; 2025&#8243; tab_id=&#8221;1678388785692-c0004a10-731a&#8221;][vc_column_text css=&#8221;&#8221;]<\/p>\n<ul>\n<li><a href=\"https:\/\/www3.unicentro.br\/profnit\/wp-content\/uploads\/sites\/75\/2026\/03\/Ata11_Dezembro_assinada_69b064530058f.pdf\">ATA 011\/2025 &#8211; Colegiado PROFNIT<\/a><\/li>\n<li><a href=\"https:\/\/www3.unicentro.br\/profnit\/wp-content\/uploads\/sites\/75\/2025\/09\/Ata08Agostoassinada_68b6e2904be34.pdf\">ATA 008\/2025 &#8211; Colegiado PROFNIT<\/a><\/li>\n<li><a href=\"https:\/\/www3.unicentro.br\/profnit\/wp-content\/uploads\/sites\/75\/2025\/10\/Ata_07Agosto_assinada_68e79fe73b939.pdf\">ATA 007\/2025 &#8211; Colegiado PROFNIT<\/a><\/li>\n<li><a href=\"https:\/\/www3.unicentro.br\/profnit\/wp-content\/uploads\/sites\/75\/2025\/10\/Ata06Julhoassinada_68e79fe2a1a01.pdf\">ATA 006\/2025 &#8211; Colegiado PROFNIT<\/a><\/li>\n<li><a href=\"https:\/\/www3.unicentro.br\/profnit\/wp-content\/uploads\/sites\/75\/2025\/10\/Ata05Junhoassinada_68e79fde0e0a9.pdf\">ATA 005\/2025 &#8211; Colegiado PROFNIT<\/a><\/li>\n<li><a href=\"https:\/\/www3.unicentro.br\/profnit\/wp-content\/uploads\/sites\/75\/2025\/10\/Ata04Junhocorrigida_assinada_68e79f510f23e.pdf\">ATA 004\/2025 &#8211; Colegiado PROFNIT<\/a><\/li>\n<li><a href=\"https:\/\/www3.unicentro.br\/profnit\/wp-content\/uploads\/sites\/75\/2025\/10\/Ata03Abril_assinada_68e79f4c7f7ab.pdf\">ATA 003\/2025 \u2013 Colegiado PROFNIT<\/a><\/li>\n<li><a href=\"https:\/\/www3.unicentro.br\/profnit\/wp-content\/uploads\/sites\/75\/2025\/10\/Ata02Abril_assinada_68fa66fae1dd7.pdf\">ATA 002\/2025 \u2013 Colegiado PROFNIT<\/a><\/li>\n<li><a href=\"https:\/\/www3.unicentro.br\/profnit\/wp-content\/uploads\/sites\/75\/2025\/10\/Ata01Fevereiroassinada_68e79f47dd859.pdf\">ATA 001\/2025 \u2013 Colegiado PROFNIT<\/a><\/li>\n<\/ul>\n<p>[\/vc_column_text][\/vc_tta_section][vc_tta_section title=&#8221;REUNI\u00d5ES DO COLEGIADO &#8211; 2024&#8243; tab_id=&#8221;1749752301432-3bc07e05-e6fb&#8221;][vc_column_text css=&#8221;&#8221;]<\/p>\n<ul>\n<li><a href=\"https:\/\/www3.unicentro.br\/profnit\/wp-content\/uploads\/sites\/75\/2025\/06\/Ata_08_dezembro_684b16f230ace.pdf\">ATA 008\/2024 \u2013 Colegiado PROFNIT<\/a><\/li>\n<li><a href=\"https:\/\/www3.unicentro.br\/profnit\/wp-content\/uploads\/sites\/75\/2025\/06\/Ata_06_outubro_684b16ed91c94.pdf\">ATA 006\/2024 \u2013 Colegiado PROFNIT<\/a><\/li>\n<li><a href=\"https:\/\/www3.unicentro.br\/profnit\/wp-content\/uploads\/sites\/75\/2025\/06\/ata-2024-agosto-005.pdf\">ATA 005\/2024 \u2013 Colegiado PROFNIT<\/a><\/li>\n<li><a href=\"https:\/\/www3.unicentro.br\/profnit\/wp-content\/uploads\/sites\/75\/2025\/10\/Ata_04_Julho_assinada_68fa66ff88a13.pdf\">ATA 004\/2024 \u2013 Colegiado PROFNIT<\/a><\/li>\n<li><a href=\"https:\/\/www3.unicentro.br\/profnit\/wp-content\/uploads\/sites\/75\/2025\/10\/Ata_03_junho_assinada_68fa68e1ecb2a.pdf\">ATA 003\/2024 \u2013 Colegiado PROFNIT<\/a><\/li>\n<li><a href=\"https:\/\/www3.unicentro.br\/profnit\/wp-content\/uploads\/sites\/75\/2024\/05\/Ata02maio.pdf\">ATA 002\/2024 \u2013 Colegiado PROFNIT<\/a><\/li>\n<li><a href=\"https:\/\/www3.unicentro.br\/profnit\/wp-content\/uploads\/sites\/75\/2024\/04\/Ata012024PROFNIT_662a6a8b816a0.pdf\">ATA 001\/2024 \u2013 Colegiado PROFNIT<\/a><\/li>\n<\/ul>\n<p>[\/vc_column_text][\/vc_tta_section][vc_tta_section title=&#8221;REUNI\u00d5ES DO COLEGIADO &#8211; 2023&#8243; tab_id=&#8221;1714066094586-15978690-c39a&#8221;][vc_column_text]<\/p>\n<ul>\n<li><a href=\"https:\/\/www3.unicentro.br\/profnit\/wp-content\/uploads\/sites\/75\/2023\/10\/2023_10_30_ata07_2023_assinado_654131567ca08.pdf\">ATA N\u00ba 07\/2023 &#8211; 30 de outubro de 2023<\/a><\/li>\n<li><a href=\"https:\/\/www3.unicentro.br\/profnit\/wp-content\/uploads\/sites\/75\/2023\/10\/2023_10_27_ata06_2023_1_653f7ecc856c8.pdf\">ATA N\u00ba 06\/2023 \u2013 27 de outubro de 2023<\/a><\/li>\n<li><a href=\"https:\/\/www3.unicentro.br\/profnit\/wp-content\/uploads\/sites\/75\/2023\/10\/Pr_Ata_05_2023_1_para_publicar_653a7109ca384.pdf\">ATA N\u00ba 05\/2023 \u2013 4 de outubro de 2023<\/a><\/li>\n<li><a href=\"https:\/\/www3.unicentro.br\/profnit\/wp-content\/uploads\/sites\/75\/2023\/07\/Pr_Ata_04_2023_64bac316bc492.pdf\">ATA N\u00ba 04\/2023 \u2013 19 de julho de 2023<\/a><\/li>\n<li><a href=\"https:\/\/www3.unicentro.br\/profnit\/wp-content\/uploads\/sites\/75\/2023\/06\/Ata_03_2023_paulo_230615_143513_assinado_230615_182316_648c5a8da624b.pdf\" target=\"_blank\" rel=\"noopener\">ATA N\u00ba 03\/2023 &#8211; 7 de Junho de 2023<\/a><\/li>\n<li><a href=\"https:\/\/www3.unicentro.br\/profnit\/wp-content\/uploads\/sites\/75\/2023\/05\/ATA_02_2023_PROFNIT_6474b11dadf54.pdf\" target=\"_blank\" rel=\"noopener\">ATA N\u00ba 02\/2023 &#8211; 19 de maio de 2023<\/a><\/li>\n<li><a href=\"https:\/\/www3.unicentro.br\/profnit\/wp-content\/uploads\/sites\/75\/2023\/03\/CAI_ata_1_2023_640a1bc39234a.pdf\" target=\"_blank\" rel=\"noopener\">ATA N\u00ba 01\/2023 &#8211; 24 de fevereiro de 2023<\/a><\/li>\n<\/ul>\n<p>[\/vc_column_text][\/vc_tta_section][vc_tta_section title=&#8221;REUNI\u00d5ES DO COLEGIADO &#8211; 2022&#8243; tab_id=&#8221;1560349975524-65e89e8d-4d6f&#8221;][vc_column_text css=&#8221;&#8221;]<\/p>\n<ul>\n<li><a href=\"https:\/\/www3.unicentro.br\/profnit\/wp-content\/uploads\/sites\/75\/2023\/01\/pre_ata_16_dezembro_1_PUBLICAR_63c168ad30348.pdf\">ATA N\u00ba 13\/2022 &#8211; 16 de dezembro de 2022<\/a><\/li>\n<li><a href=\"https:\/\/www3.unicentro.br\/profnit\/wp-content\/uploads\/sites\/75\/2022\/11\/PROFNIT-CAI-Ata-2022-11-11-3-2.pdf\">ATA N\u00ba 11\/2022 &#8211; 11 de novembro de 2022<\/a><\/li>\n<li><a href=\"https:\/\/www3.unicentro.br\/profnit\/wp-content\/uploads\/sites\/75\/2022\/10\/Ata-2022-10-07.pdf\">ATA N\u00ba 10\/2022 &#8211; 07 de outubro de 2022<\/a><\/li>\n<li><a href=\"https:\/\/www3.unicentro.br\/profnit\/wp-content\/uploads\/sites\/75\/2022\/09\/Ata-2022-09-02.pdf\">ATA N\u00ba 09\/2022 &#8211; 02 de setembro de 2022<\/a><\/li>\n<li><a href=\"https:\/\/www3.unicentro.br\/profnit\/wp-content\/uploads\/sites\/75\/2022\/08\/Ata-2022-08-05.pdf\">ATA N\u00ba 08\/2022 &#8211; 05 de agosto de 2022<\/a><\/li>\n<li><a href=\"https:\/\/www3.unicentro.br\/profnit\/wp-content\/uploads\/sites\/75\/2022\/07\/ATA-07-2022-CAI-08-07-2022-1.pdf\">ATA N\u00ba 07\/2022 &#8211; 08 de julho de 2022<\/a><\/li>\n<li><a href=\"https:\/\/www3.unicentro.br\/profnit\/wp-content\/uploads\/sites\/75\/2022\/07\/PRE-ATA-30_06-junho1.pdf\">ATA N\u00ba 07\/2022 &#8211; 30 de junho de 2022<\/a><\/li>\n<li><a href=\"https:\/\/www3.unicentro.br\/profnit\/wp-content\/uploads\/sites\/75\/2022\/06\/Ata-2022-06-24.pdf\">ATA N\u00ba 06\/2022 &#8211; 24 de junho de 2022<\/a><\/li>\n<li><a href=\"https:\/\/www3.unicentro.br\/profnit\/wp-content\/uploads\/sites\/75\/2022\/06\/Ata-2022-06-03-1.pdf\">ATA N\u00ba 05\/2022 &#8211; 03 de junho de 2022<\/a><\/li>\n<li><a href=\"https:\/\/www3.unicentro.br\/profnit\/wp-content\/uploads\/sites\/75\/2022\/04\/Ata-2022-04-29.pdf\">ATA N\u00ba 04\/2022 &#8211; 29 de mar\u00e7o de 2022<\/a><\/li>\n<li><a href=\"https:\/\/www3.unicentro.br\/profnit\/wp-content\/uploads\/sites\/75\/2022\/04\/Ata-CAI-2022-03-25.pdf\">ATA N\u00ba 02\/2022 &#8211; 25 de mar\u00e7o de 2022<\/a><\/li>\n<li><a href=\"https:\/\/www3.unicentro.br\/profnit\/wp-content\/uploads\/sites\/75\/2022\/03\/Ata-2022-02-25.pdf\" target=\"_blank\" rel=\"noopener\">ATA N\u00ba 01\/2022 &#8211; 25 de fevereiro de 2022<\/a><\/li>\n<\/ul>\n<p>[\/vc_column_text][\/vc_tta_section][vc_tta_section title=&#8221;REUNI\u00d5ES DO COLEGIADO &#8211; 2021&#8243; tab_id=&#8221;1648163652672-7f519c10-7ae3&#8243;][vc_column_text]<\/p>\n<ul>\n<li><a href=\"https:\/\/www3.unicentro.br\/profnit\/wp-content\/uploads\/sites\/75\/2021\/12\/ATA-No-16-2021-CAI-assinada-2_compressed.pdf\">ATA N\u00ba 16\/2021 &#8211; 25 de Novembro de 2021<\/a><\/li>\n<li>ATA N\u00ba 15\/2021 &#8211;\u00a0 Assembleia Geral dos Docentes &#8211; AGUARDANDO ASSINATURAS<\/li>\n<li><a href=\"https:\/\/www3.unicentro.br\/profnit\/wp-content\/uploads\/sites\/75\/2021\/12\/ATA-N-14-ASSEMBLEIA-DOCENTE-Eleicao-assinada-Isabelle_compressed.pdf\">ATA N\u00ba 14\/2021 &#8211; Assembleia Geral dos Docentes<\/a><\/li>\n<li><a href=\"https:\/\/www3.unicentro.br\/profnit\/wp-content\/uploads\/sites\/75\/2021\/11\/ATA-13-ultiva-versao-assinada-1.pdf\">ATA N\u00ba 13\/2021 &#8211; 29 de outubro de 2021<\/a><\/li>\n<li><a href=\"https:\/\/www3.unicentro.br\/profnit\/wp-content\/uploads\/sites\/75\/2021\/10\/ATA-No-12-de-Setembro-1-1.pdf\">ATA N\u00ba 12\/2021 &#8211; 24 de setembro de 2021<\/a><\/li>\n<li><a href=\"https:\/\/www3.unicentro.br\/profnit\/wp-content\/uploads\/sites\/75\/2021\/09\/ATA-No-11-2021-2a-reuniao-extraordinaria-1.pdf\">ATA N\u00ba 11\/2021 &#8211; 2\u00aa Reuni\u00e3o extraordin\u00e1ria CAI &#8211; 21 de setembro de 2021<\/a><\/li>\n<li><a href=\"https:\/\/www3.unicentro.br\/profnit\/wp-content\/uploads\/sites\/75\/2021\/09\/ATA-No-10-2021-corrigida-1-certa.pdf\">ATA N\u00ba 10\/2021 &#8211; CAI &#8211; 27 de agosto de 2021<\/a><\/li>\n<li><a href=\"https:\/\/www3.unicentro.br\/profnit\/wp-content\/uploads\/sites\/75\/2021\/10\/ATA-09-2021-ASSINADA-1_PROFNIT.pdf\">ATA N\u00ba 09\/2021 &#8211; CAI &#8211; 18 de agosto de 2021 &#8211; 3\u00aa Assembleia Geral dos Docentes\u00a0<\/a><\/li>\n<li><a href=\"https:\/\/www3.unicentro.br\/profnit\/wp-content\/uploads\/sites\/75\/2021\/08\/ATA-No-08-2021-corrigida-1.pdf\">ATA N\u00ba 08\/2021 &#8211; CAI &#8211; 30 de julho de 2021<\/a><\/li>\n<li><a href=\"https:\/\/www3.unicentro.br\/profnit\/wp-content\/uploads\/sites\/75\/2021\/07\/ATA-No-07-2021-Final-andre.pdf\">ATA N\u00ba 07\/2021 &#8211; CAI &#8211; 25 de junho de 2021<\/a><\/li>\n<li><a href=\"https:\/\/www3.unicentro.br\/profnit\/wp-content\/uploads\/sites\/75\/2021\/06\/ATA-No-06-2021-certa.pdf\">ATA N\u00ba 06\/2021 &#8211; CAI &#8211; 28 de maio de 2021<\/a><\/li>\n<li><a href=\"https:\/\/www3.unicentro.br\/profnit\/wp-content\/uploads\/sites\/75\/2021\/06\/Ata-05-2021-certa-1-1-1.pdf\">ATA N\u00ba 05\/2021 &#8211; 1\u00aa Reuni\u00e3o extraordin\u00e1ria CAI &#8211; 20 de maio de 2021<\/a><\/li>\n<li><a href=\"https:\/\/www3.unicentro.br\/profnit\/wp-content\/uploads\/sites\/75\/2021\/05\/ATA-No-04-2021.pdf\">ATA N\u00ba 04\/2021 &#8211; CAI &#8211; 30 de abril de 2021<\/a><\/li>\n<li><a href=\"https:\/\/www3.unicentro.br\/profnit\/wp-content\/uploads\/sites\/75\/2021\/04\/ata-03_2020-PROFNIT-CAI-Andre-Camilo-Juliana-0604.pdf\">ATA N\u00ba 03\/2021 &#8211; CAI &#8211; 30 de mar\u00e7o de 2021<\/a><\/li>\n<li><a href=\"https:\/\/www3.unicentro.br\/profnit\/wp-content\/uploads\/sites\/75\/2021\/03\/ATA-02-2021.pdf\" target=\"_blank\" rel=\"noopener\">ATA N\u00ba 02\/2021 &#8211; CAI &#8211; 11 de mar\u00e7o de 2021<\/a><\/li>\n<li><a href=\"https:\/\/www3.unicentro.br\/profnit\/wp-content\/uploads\/sites\/75\/2021\/03\/Ata-01_2021-PROFNIT-CAI.pdf\" target=\"_blank\" rel=\"noopener\">ATA N\u00ba 01\/2021 &#8211; CAI &#8211; 03 de mar\u00e7o de 2021<\/a><\/li>\n<\/ul>\n<p>&nbsp;<\/p>\n<p>[\/vc_column_text][\/vc_tta_section][vc_tta_section title=&#8221;REUNI\u00d5ES DO COLEGIADO &#8211; 2020&#8243; tab_id=&#8221;1578429120065-fa4bbe6d-b03d&#8221;][vc_column_text]<\/p>\n<ul>\n<li><a href=\"https:\/\/www3.unicentro.br\/profnit\/wp-content\/uploads\/sites\/75\/2021\/03\/Ata-04_2020-PROFNIT-CAI-2.pdf\" target=\"_blank\" rel=\"noopener noreferrer\"><strong>ATA N.\u00ba 04\/2020 &#8211; CAI &#8211; 15 de dezembro de 2020<\/strong><\/a><\/li>\n<li><a href=\"https:\/\/www3.unicentro.br\/profnit\/wp-content\/uploads\/sites\/75\/2020\/12\/Ata-03_2020-PROFNIT-CAI.pdf\" target=\"_blank\" rel=\"noopener noreferrer\"><strong>ATA N.\u00ba 03\/2020 &#8211; CAI &#8211; 22 de setembro de 2020<\/strong><\/a><\/li>\n<li><a href=\"https:\/\/www3.unicentro.br\/profnit\/wp-content\/uploads\/sites\/75\/2020\/09\/Ata-02_2020-PROFNIT-CAI.pdf\" target=\"_blank\" rel=\"noopener noreferrer\"><strong>ATA N.\u00ba 02\/2020 &#8211; CAI &#8211; 18 de agosto de 2020<\/strong><\/a><\/li>\n<li><a href=\"https:\/\/www3.unicentro.br\/profnit\/wp-content\/uploads\/sites\/75\/2021\/05\/Ata-01_2020-PROFNIT-CAI.pdf\" target=\"_blank\" rel=\"noopener noreferrer\"><strong>ATA N.\u00ba 01\/2020 &#8211; CAI &#8211; 10 de fevereiro de 2020<\/strong><\/a><\/li>\n<\/ul>\n<p>[\/vc_column_text][\/vc_tta_section][vc_tta_section title=&#8221;REUNI\u00d5ES DO COLEGIADO &#8211; 2019&#8243; tab_id=&#8221;1578429120065-fa4bbe6d-b03d&#8221;][vc_column_text]<\/p>\n<ul>\n<li style=\"text-align: left\"><a href=\"https:\/\/www3.unicentro.br\/profnit\/wp-content\/uploads\/sites\/75\/2020\/01\/Ata-014_2019-PROFNIT-CAI.pdf\" target=\"_blank\" rel=\"noopener noreferrer\"><strong>ATA N\u00ba 014\/2019 &#8211; CAI &#8211; 18\/dezembro\/2019<\/strong><\/a><\/li>\n<li style=\"text-align: left\"><a href=\"https:\/\/www3.unicentro.br\/profnit\/wp-content\/uploads\/sites\/75\/2020\/05\/Ata-013_2019-PROFNIT-ASSEMBL\u00c9IA-DOCENTES.pdf\" target=\"_blank\" rel=\"noopener noreferrer\"><strong>ATA N\u00ba 013\/2019 &#8211; CAI &#8211; 12\/dezembro\/2019<\/strong><\/a><\/li>\n<li style=\"text-align: left\"><a href=\"https:\/\/www3.unicentro.br\/profnit\/wp-content\/uploads\/sites\/75\/2020\/01\/Ata-012_2019-PROFNIT-CAI.pdf\" target=\"_blank\" rel=\"noopener noreferrer\"><strong>ATA N\u00ba 012\/2019 &#8211; CAI &#8211; 02\/dezembro\/2019<\/strong><\/a><\/li>\n<li style=\"text-align: left\"><a href=\"https:\/\/www3.unicentro.br\/profnit\/wp-content\/uploads\/sites\/75\/2020\/02\/Ata-011_2019-PROFNIT-CAI.pdf\" target=\"_blank\" rel=\"noopener noreferrer\"><strong>ATA N\u00ba 011\/2019 &#8211; CAI &#8211; 25\/Setembro\/2019<\/strong><\/a><\/li>\n<li style=\"text-align: left\"><a href=\"https:\/\/www3.unicentro.br\/profnit\/wp-content\/uploads\/sites\/75\/2019\/10\/Ata-010_2019-PROFNIT-ASSEMBL\u00c9IA-DOCENTES.pdf\" target=\"_blank\" rel=\"noopener noreferrer\"><strong>ATA N\u00ba 010\/2019 &#8211; Assembleia dos docentes &#8211; 20\/Setembro\/2019<\/strong><\/a><\/li>\n<li style=\"text-align: left\"><a href=\"https:\/\/www3.unicentro.br\/profnit\/wp-content\/uploads\/sites\/75\/2019\/10\/Ata-009_2019-PROFNIT-ASSEMBL\u00c9IA-DO-COLEGIADO.pdf\" target=\"_blank\" rel=\"noopener noreferrer\"><strong>ATA N\u00ba 009\/2019 &#8211; Assembleia do colegiado &#8211; 31\/Julho\/2019<\/strong><\/a><\/li>\n<li style=\"text-align: left\"><strong><a href=\"https:\/\/www3.unicentro.br\/profnit\/wp-content\/uploads\/sites\/75\/2019\/08\/Ata-008_2019-PROFNIT-CAI.pdf\" target=\"_blank\" rel=\"noopener noreferrer\">ATA N\u00ba 008\/2019 &#8211; CAI &#8211; 28\/Junho\/2019<\/a><\/strong><\/li>\n<li style=\"text-align: left\"><strong><a href=\"https:\/\/www3.unicentro.br\/profnit\/wp-content\/uploads\/sites\/75\/2019\/08\/Ata-007_2019-PROFNIT-CAI.pdf\" target=\"_blank\" rel=\"noopener noreferrer\">ATA N\u00ba 007\/2019 &#8211; CAI &#8211; 20\/Junho\/2019<\/a><\/strong><\/li>\n<li style=\"text-align: left\"><strong><a href=\"https:\/\/www3.unicentro.br\/profnit\/wp-content\/uploads\/sites\/75\/2019\/08\/Ata-006_2019-PROFNIT-CAI.pdf\" target=\"_blank\" rel=\"noopener noreferrer\">ATA N\u00ba 006\/2019 &#8211; CAI &#8211; 28\/Maio\/2019<\/a><\/strong><\/li>\n<li style=\"text-align: left\"><strong><a href=\"https:\/\/www3.unicentro.br\/profnit\/wp-content\/uploads\/sites\/75\/2019\/08\/Ata-005_2019-PROFNIT-CAI.pdf\" target=\"_blank\" rel=\"noopener noreferrer\">ATA N\u00ba 005\/2019 &#8211; CAI &#8211; 17\/Abril\/2019<\/a><\/strong><\/li>\n<li style=\"text-align: left\"><a href=\"https:\/\/www3.unicentro.br\/profnit\/wp-content\/uploads\/sites\/75\/2019\/10\/Ata-004_2019-PROFNIT-CAI_assuntos-pendentes-1.pdf\" target=\"_blank\" rel=\"noopener noreferrer\"><strong>ATA N\u00b0 004\/2019 &#8211; CAI &#8211; 03\/abril\/2019<\/strong><\/a><\/li>\n<li style=\"text-align: left\"><a href=\"http:\/\/sites.unicentro.br\/wp\/profnit\/files\/2019\/04\/Ata-003-2019-PROFNIT_homologacao-de-atas.pdf\"><strong>ATA N\u00b0 003\/2019 &#8211; CAI &#8211; 14\/mar\u00e7o\/2019<\/strong><\/a><\/li>\n<li style=\"text-align: left\"><a href=\"http:\/\/sites.unicentro.br\/wp\/profnit\/files\/2019\/04\/Ata-002_2019-PROFNIT-CAI_ratifica\u00e7\u00e3o-bancas.pdf\"><strong>ATA N\u00b0 002\/2019 &#8211; CAI &#8211; 07\/mar\u00e7o\/2019<\/strong><\/a><\/li>\n<li style=\"text-align: left\"><strong><a href=\"http:\/\/sites.unicentro.br\/wp\/profnit\/files\/2019\/04\/ATA-001_2019-PROFNIT-CAI_Colegiado.pdf\">ATA N\u00b0 001\/2019 &#8211; Assembleia de docentes &#8211; 07\/mar\u00e7o\/2019<\/a><\/strong><\/li>\n<\/ul>\n<p>[\/vc_column_text][\/vc_tta_section][vc_tta_section title=&#8221;REUNI\u00d5ES DO COLEGIADO &#8211; 2018&#8243; tab_id=&#8221;1575311288414-fd17c4f7-8127&#8243;][vc_column_text]<\/p>\n<ul>\n<li style=\"text-align: left\"><strong><a href=\"http:\/\/sites.unicentro.br\/wp\/profnit\/files\/2019\/04\/Ata-007_2018-PROFNIT-CAI_docentes.pdf\">ATA N\u00b0 007\/2018 &#8211; Assembleia de docentes &#8211; 17\/dezembro\/2018<\/a><\/strong><\/li>\n<li style=\"text-align: left\"><a href=\"http:\/\/sites.unicentro.br\/wp\/profnit\/files\/2019\/02\/Ata-006_2018-PROFNIT-CAI.pdf\"><strong>ATA N\u00b0 006\/2018 &#8211; CAI &#8211; 17\/dezembro\/2018<\/strong><\/a><\/li>\n<li style=\"text-align: left\"><a href=\"http:\/\/sites.unicentro.br\/wp\/profnit\/files\/2019\/02\/Ata-003_2018-PROFNIT-CAI-EXTRAORDINARIA.pdf\"><strong>ATA N\u00b0 003\/2018E (extraordin\u00e1ria) &#8211; CAI &#8211; 17\/dezembro \/2018<\/strong><\/a><\/li>\n<li style=\"text-align: left\"><a href=\"http:\/\/sites.unicentro.br\/wp\/profnit\/files\/2018\/11\/Ata-005_2018-PROFNIT-CAI.pdf\"><strong>ATA N\u00ba 005\/2018 &#8211; CAI &#8211; 17\/outubro\/2018<\/strong><\/a><\/li>\n<li style=\"text-align: left\"><a href=\"http:\/\/sites.unicentro.br\/wp\/profnit\/files\/2018\/11\/ATA_004-2018_PROFNIT_29-08-2018.pdf\"><strong>ATA N\u00ba 004\/2018 &#8211; CAI &#8211; 29\/agosto\/2018<\/strong><\/a><\/li>\n<li style=\"text-align: left\"><a href=\"http:\/\/sites.unicentro.br\/wp\/profnit\/files\/2018\/11\/Ata-002_2018E-PROFNIT-CAI.pdf\"><strong>ATA N\u00ba 002\/2018E (extraordin\u00e1ria) &#8211; CAI &#8211; 15\/agosto\/2018<\/strong><\/a><\/li>\n<li style=\"text-align: left\"><a href=\"http:\/\/sites.unicentro.br\/wp\/profnit\/files\/2018\/11\/ATA_003-2018_PROFNIT_04-07-2018.pdf\"><strong>ATA N\u00ba 003\/2018 &#8211; CAI &#8211; 04\/julho\/2018<\/strong><\/a><\/li>\n<li style=\"text-align: left\"><a href=\"http:\/\/sites.unicentro.br\/wp\/profnit\/files\/2018\/11\/Ata-001_2018E-PROFNIT-CAI-1.pdf\"><strong>ATA N\u00ba 001\/2018E (extraordin\u00e1ria) &#8211; CAI &#8211; 16\/maio\/2018<\/strong><\/a><\/li>\n<li style=\"text-align: left\"><a href=\"http:\/\/sites.unicentro.br\/wp\/profnit\/files\/2018\/05\/ATA_002_2018_ASSINADA.pdf\"><strong>ATA N\u00ba 002\/2018 &#8211; CAI &#8211; 10\/maio\/2018<\/strong><\/a><\/li>\n<li style=\"text-align: left\"><a href=\"http:\/\/sites.unicentro.br\/wp\/profnit\/files\/2018\/05\/ATA_001_2018_PROFNIT_ASSINADA.pdf\"><strong>ATA N\u00ba 001\/2018 &#8211; CAI &#8211; 14\/mar\u00e7o\/2018<\/strong><\/a><\/li>\n<li style=\"text-align: left\"><a href=\"http:\/\/sites.unicentro.br\/wp\/profnit\/files\/2018\/02\/ATA_001_2018_ASSINADA.pdf\"><strong>ATA N\u00ba 001\/2018 &#8211; Reuni\u00e3o de Qualifica\u00e7\u00e3o\u00a0&#8211; 08\/fevereiro\/2018<\/strong><\/a><\/li>\n<\/ul>\n<p>[\/vc_column_text][\/vc_tta_section][vc_tta_section title=&#8221;REUNI\u00d5ES DO COLEGIADO &#8211; 2017&#8243; tab_id=&#8221;1578428699821-74e892ec-d4df&#8221;][vc_column_text]<\/p>\n<ul>\n<li style=\"text-align: left\"><a href=\"http:\/\/sites.unicentro.br\/wp\/profnit\/files\/2018\/03\/20180308161928067.pdf\"><strong>ATA N\u00ba 004\/2017 &#8211; 08\/dezembro\/2017<\/strong><\/a><\/li>\n<li style=\"text-align: left\"><a href=\"http:\/\/sites.unicentro.br\/wp\/profnit\/files\/2018\/02\/Ata-003-2017-PROFNIT.pdf\"><strong>ATA N\u00ba 003\/2017-CAI &#8211; 28\/agosto\/2017<\/strong><\/a><\/li>\n<li style=\"text-align: left\"><a href=\"http:\/\/sites.unicentro.br\/wp\/profnit\/files\/2018\/02\/Ata-002-2017-PROFNIT.pdf\"><strong>ATA N\u00ba 002\/2017-CAI &#8211; 04\/maio\/2017<\/strong><\/a><\/li>\n<li style=\"text-align: left\"><a href=\"http:\/\/sites.unicentro.br\/wp\/profnit\/files\/2018\/02\/Ata-001-2017-PROFNIT.pdf\"><strong>ATA N\u00ba 001\/2017-CAI &#8211; 23\/02\/2017<\/strong><\/a><\/li>\n<\/ul>\n<p>[\/vc_column_text][\/vc_tta_section][vc_tta_section title=&#8221;REUNI\u00d5ES DO COLEGIADO &#8211; 2016&#8243; tab_id=&#8221;1578428703573-494b4972-9cc7&#8243;][vc_column_text]<\/p>\n<ul>\n<li style=\"text-align: left\"><a href=\"http:\/\/sites.unicentro.br\/wp\/profnit\/files\/2018\/02\/Ata-002-2016-PROFNIT.pdf\"><strong>ATA N\u00ba 002\/2016 &#8211; 11\/agosto\/2016<\/strong><\/a><\/li>\n<li style=\"text-align: left\"><a href=\"http:\/\/sites.unicentro.br\/wp\/profnit\/files\/2018\/02\/Ata-001-2016-PROFNIT.pdf\"><strong>ATA N\u00ba 001\/2016 &#8211; 03\/mar\u00e7o\/ 2016<\/strong><\/a><\/li>\n<\/ul>\n<p>[\/vc_column_text][\/vc_tta_section][\/vc_tta_accordion][\/vc_column][\/vc_row][vc_row][vc_column][vc_column_text][\/vc_column_text][\/vc_column][\/vc_row][vc_row][vc_column][\/vc_column][\/vc_row]<\/p>\n<\/div>","protected":false},"excerpt":{"rendered":"<p>[vc_row][vc_column][vc_tta_accordion style=&#8221;flat&#8221; shape=&#8221;square&#8221; spacing=&#8221;1&#8243; active_section=&#8221;100&#8243; no_fill=&#8221;true&#8221; collapsible_all=&#8221;true&#8221;][vc_tta_section title=&#8221;REUNI\u00d5ES DO COLEGIADO &#8211; 2025&#8243; tab_id=&#8221;1678388785692-c0004a10-731a&#8221;][vc_column_text css=&#8221;&#8221;] ATA 011\/2025 &#8211; Colegiado PROFNIT ATA 008\/2025 &#8211; Colegiado PROFNIT ATA 007\/2025 &#8211; Colegiado PROFNIT ATA 006\/2025 &#8211; Colegiado PROFNIT ATA 005\/2025 &#8211; Colegiado PROFNIT ATA 004\/2025 &#8211; Colegiado PROFNIT ATA 003\/2025 \u2013 Colegiado PROFNIT ATA 002\/2025 \u2013 Colegiado PROFNIT ATA [&hellip;]<\/p>\n","protected":false},"author":3,"featured_media":0,"parent":0,"menu_order":0,"comment_status":"closed","ping_status":"closed","template":"","meta":{"_exactmetrics_skip_tracking":false,"_exactmetrics_sitenote_active":false,"_exactmetrics_sitenote_note":"","_exactmetrics_sitenote_category":0,"footnotes":"","_links_to":"","_links_to_target":""},"class_list":["post-54","page","type-page","status-publish","hentry"],"_links":{"self":[{"href":"https:\/\/www3.unicentro.br\/profnit\/wp-json\/wp\/v2\/pages\/54","targetHints":{"allow":["GET"]}}],"collection":[{"href":"https:\/\/www3.unicentro.br\/profnit\/wp-json\/wp\/v2\/pages"}],"about":[{"href":"https:\/\/www3.unicentro.br\/profnit\/wp-json\/wp\/v2\/types\/page"}],"author":[{"embeddable":true,"href":"https:\/\/www3.unicentro.br\/profnit\/wp-json\/wp\/v2\/users\/3"}],"replies":[{"embeddable":true,"href":"https:\/\/www3.unicentro.br\/profnit\/wp-json\/wp\/v2\/comments?post=54"}],"version-history":[{"count":4,"href":"https:\/\/www3.unicentro.br\/profnit\/wp-json\/wp\/v2\/pages\/54\/revisions"}],"predecessor-version":[{"id":3109,"href":"https:\/\/www3.unicentro.br\/profnit\/wp-json\/wp\/v2\/pages\/54\/revisions\/3109"}],"wp:attachment":[{"href":"https:\/\/www3.unicentro.br\/profnit\/wp-json\/wp\/v2\/media?parent=54"}],"curies":[{"name":"wp","href":"https:\/\/api.w.org\/{rel}","templated":true}]}}