{"id":38,"date":"2016-07-06T00:00:00","date_gmt":"2016-07-06T03:00:00","guid":{"rendered":"https:\/\/www3.unicentro.br\/profnit\/formularios\/"},"modified":"2026-03-11T11:30:36","modified_gmt":"2026-03-11T14:30:36","slug":"formularios","status":"publish","type":"page","link":"https:\/\/www3.unicentro.br\/profnit\/formularios\/","title":{"rendered":"Formul\u00e1rios"},"content":{"rendered":"<div class=\"wpb-content-wrapper\"><p>[vc_row][vc_column][vc_tta_accordion style=&#8221;flat&#8221; shape=&#8221;square&#8221; spacing=&#8221;2&#8243; active_section=&#8221;100&#8243; no_fill=&#8221;true&#8221; collapsible_all=&#8221;true&#8221;][vc_tta_section title=&#8221;MATR\u00cdCULA 2026&#8243; tab_id=&#8221;1575311288414-fd17c4f7-8127&#8243;][vc_column_text css=&#8221;&#8221;]<\/p>\n<ul>\n<li><span style=\"color: #ff0000\"><a style=\"color: #ff0000\" href=\"https:\/\/www3.unicentro.br\/profnit\/wp-content\/uploads\/sites\/75\/2026\/02\/requerimento-aluno-nao-regular.pdf\"><strong>Requerimento de matr\u00edcula para alunos n\u00e3o regulares &#8211; Turma 2026<\/strong><\/a><\/span><br \/>\nOs candidatos dever\u00e3o fazer a inscri\u00e7\u00e3o no site: <a href=\"https:\/\/evento.unicentro.br\/site\/profnit\/2026\/1\"><em>https:\/\/evento.unicentro.br\/site\/profnit\/2026\/1<\/em><\/a>, no per\u00edodo de 06 a 15 de mar\u00e7o de 2026<\/li>\n<li><span style=\"color: #ff0000\"><a style=\"color: #ff0000\" href=\"https:\/\/www3.unicentro.br\/profnit\/wp-content\/uploads\/sites\/75\/2025\/12\/Requerimento_de_matr_cula_6943e32e2aba0.pdf\"><strong>Requerimento de matr\u00edcula para alunos regulares &#8211; Turma 2026<\/strong><\/a><\/span><br \/>\nOs requerimentos devem ser enviados de 3 a 6 de fevereiro de 2026, para o e-mail: <a href=\"mailto:unicentro.profnit@gmail.com\"><em>unicentro.profnit@gmail.com<\/em><\/a>, acompanhado de c\u00f3pia dos documentos<\/li>\n<\/ul>\n<p>[\/vc_column_text][\/vc_tta_section][\/vc_tta_accordion][\/vc_column][\/vc_row][vc_row][vc_column][vc_tta_accordion style=&#8221;flat&#8221; shape=&#8221;square&#8221; spacing=&#8221;2&#8243; active_section=&#8221;100&#8243; no_fill=&#8221;true&#8221; collapsible_all=&#8221;true&#8221;][vc_tta_section title=&#8221;MATR\u00cdCULA 2025 &#8211; ALUNOS REGULARES&#8221; tab_id=&#8221;1766063922251-975766d7-1d7b&#8221;][vc_column_text css=&#8221;&#8221;]<\/p>\n<ul>\n<li><span style=\"color: #ff0000\"><a style=\"color: #ff0000\" href=\"https:\/\/www3.unicentro.br\/profnit\/wp-content\/uploads\/sites\/75\/2025\/06\/Rematr_culas_2_semestre_685e7fdc937df.pdf\"><strong>Formul\u00e1rio de rematr\u00edcula para alunos regulares (Segundo Semestre)<\/strong><\/a><\/span><br \/>\nOs alunos matriculados no Mestrado devem realizar a sua rematr\u00edcula de 14 e 15 de julho de 2025. Encaminhar para o e-mail: <a href=\"mailto:unicentro.profnit@gmail.com\"><em>unicentro.profnit@gmail.com<\/em><\/a><\/li>\n<li><span style=\"color: #ff0000\"><a style=\"color: #ff0000\" href=\"https:\/\/www3.unicentro.br\/profnit\/wp-content\/uploads\/sites\/75\/2020\/03\/Rematr_culas_1_semestre_6759dcb05a524.pdf\"><strong>Formul\u00e1rio de rematr\u00edcula para alunos regulares<\/strong><\/a><\/span><br \/>\nOs alunos matriculados no Mestrado devem realizar a sua rematr\u00edcula de 10 a 16 de fevereiro de 2025. Encaminhar para o e-mail: <a href=\"mailto:unicentro.profnit@gmail.com\"><em>unicentro.profnit@gmail.com<\/em><\/a><\/li>\n<\/ul>\n<p>&nbsp;<\/p>\n<ul>\n<li><span style=\"color: #ff0000\"><a style=\"color: #ff0000\" href=\"https:\/\/www3.unicentro.br\/profnit\/wp-content\/uploads\/sites\/75\/2024\/12\/Requerimento_matr_culas_2025_675c7659c35fb.pdf\"><strong>Requerimento de matr\u00edcula para alunos regulares &#8211; Turma 2025<\/strong><\/a><\/span><br \/>\nOs requerimentos devem ser enviados de 10 a 13 de fevereiro de 2025, para o e-mail: <a href=\"mailto:unicentro.profnit@gmail.com\"><em>unicentro.profnit@gmail.com<\/em><\/a>, acompanhado de c\u00f3pia dos documentos<\/li>\n<\/ul>\n<p>[\/vc_column_text][\/vc_tta_section][\/vc_tta_accordion][\/vc_column][\/vc_row][vc_row][vc_column][vc_tta_accordion style=&#8221;flat&#8221; shape=&#8221;square&#8221; spacing=&#8221;2&#8243; active_section=&#8221;100&#8243; no_fill=&#8221;true&#8221; collapsible_all=&#8221;true&#8221;][vc_tta_section title=&#8221;MATR\u00cdCULA 2024 &#8211; ALUNOS REGULARES&#8221; tab_id=&#8221;1734349428238-714efa6c-4528&#8243;][vc_column_text css=&#8221;&#8221;]<\/p>\n<ul>\n<li><a href=\"https:\/\/www3.unicentro.br\/profnit\/wp-content\/uploads\/sites\/75\/2024\/07\/Rematr_culas_2_semestre_2_66956ecec465d.pdf\" target=\"_blank\" rel=\"noopener\">Requerimento de matr\u00edcula 2 semestre de 2024<\/a><\/li>\n<\/ul>\n<p style=\"padding-left: 80px\"><span style=\"color: #ff0000\">Rematr\u00edculas do 2\u00ba semestre<strong> 20 de julho a 2 de agosto<\/strong> no e-mail da secretaria: <a style=\"color: #ff0000\" href=\"mailto:unicentro.profnit@gmail.com\"><em>unicentro.profnit@gmail.com<\/em><\/a><\/span><\/p>\n<ul>\n<li><a href=\"https:\/\/www3.unicentro.br\/profnit\/wp-content\/uploads\/sites\/75\/2021\/03\/TERMO-DE-COMPROMISSO-2021.pdf\" target=\"_blank\" rel=\"noopener\">Termo de compromisso e responsabilidade do aluno<\/a><\/li>\n<\/ul>\n<p>[\/vc_column_text][\/vc_tta_section][\/vc_tta_accordion][\/vc_column][\/vc_row][vc_row][vc_column][vc_column_text]<\/p>\n<p>[\/vc_column_text][\/vc_column][\/vc_row][vc_row][vc_column][vc_column_text]<\/p>\n<p>[\/vc_column_text][\/vc_column][\/vc_row][vc_row][vc_column][vc_tta_accordion style=&#8221;flat&#8221; shape=&#8221;square&#8221; spacing=&#8221;2&#8243; active_section=&#8221;100&#8243; no_fill=&#8221;true&#8221; collapsible_all=&#8221;true&#8221;][vc_tta_section title=&#8221;REQUERIMENTOS EM GERAL&#8221; tab_id=&#8221;1575311288414-fd17c4f7-8127&#8243;][vc_column_text]<\/p>\n<ul>\n<li>\u00a0<a href=\"https:\/\/www3.unicentro.br\/profnit\/wp-content\/uploads\/sites\/75\/2024\/02\/MODELO_DECLARACAO_DE_AUTORIA_TCC_PROFNIT_65cfa96f9b8d8.pdf\">Modelo de declara\u00e7\u00e3o de autoria<\/a><\/li>\n<li><a href=\"http:\/\/sites.unicentro.br\/wp\/profnit\/files\/2018\/03\/Solicita\u00e7\u00e3o_de_Orientador.pdf\">\u00a0Solicita\u00e7\u00e3o de Aprova\u00e7\u00e3o de Orientador<\/a><\/li>\n<li>\u00a0<a href=\"http:\/\/sites.unicentro.br\/wp\/profnit\/files\/2016\/07\/Solicita\u00e7\u00e3o_de_Altera\u00e7\u00e3o_do_Objeto_de_Estudo.pdf\">Solicita\u00e7\u00e3o de Altera\u00e7\u00e3o de Objeto de Estudo<\/a><\/li>\n<li>\u00a0<a href=\"http:\/\/sites.unicentro.br\/wp\/profnit\/files\/2016\/07\/Solicita\u00e7\u00e3o_de_Prova_em_2\u00aa_Chamada_.pdf\">Solicita\u00e7\u00e3o de Prova em 2\u00aa Chamada<\/a><\/li>\n<li>\u00a0<a href=\"http:\/\/sites.unicentro.br\/wp\/profnit\/files\/2016\/07\/Solicita\u00e7\u00e3o_de_Aproveitamento_de_Profici\u00eancia_.pdf\">Solicita\u00e7\u00e3o de Aproveitamento de Profici\u00eancia<\/a><\/li>\n<li>\u00a0<a href=\"http:\/\/sites.unicentro.br\/wp\/profnit\/files\/2018\/02\/Solicita\u00e7\u00e3o_de_aproveitamento_para_o_Semin\u00e1rio_Integrador.pdf\">Solicita\u00e7\u00e3o de Aproveitamento do Semin\u00e1rio Integrador<\/a><\/li>\n<li>\u00a0<a href=\"http:\/\/sites.unicentro.br\/wp\/profnit\/files\/2017\/08\/Solicita\u00e7\u00e3o_de_Aproveitamento_de_Estudo.pdf\">Solicita\u00e7\u00e3o de Aproveitamento de Estudos<\/a><\/li>\n<li>\u00a0<a href=\"http:\/\/sites.unicentro.br\/wp\/profnit\/files\/2017\/08\/Solicita\u00e7\u00e3o_de_Cancelamento_de_Disciplina_PROFNIT_.pdf\">Solicita\u00e7\u00e3o de Cancelamento de Disciplinas<\/a><\/li>\n<li><a href=\"http:\/\/sites.unicentro.br\/wp\/profnit\/files\/2018\/05\/Solicita\u00e7\u00e3o_de_Trancamento_do_Curso_PROFNIT.pdf\">\u00a0Solicita\u00e7\u00e3o de Trancamento do Curso<\/a><\/li>\n<li>\u00a0<a href=\"http:\/\/sites.unicentro.br\/wp\/profnit\/files\/2017\/08\/Solicita\u00e7\u00e3o_de_Desligamento_do_PROFNIT.pdf\">Solicita\u00e7\u00e3o de Desligamento do Curso<\/a><\/li>\n<li>\u00a0<a href=\"http:\/\/sites.unicentro.br\/wp\/profnit\/files\/2016\/07\/Solicita\u00e7\u00e3o_de_Transfer\u00eancia_de_Orienta\u00e7\u00e3o.pdf\">Solicita\u00e7\u00e3o de Transfer\u00eancia de Orienta\u00e7\u00e3o<\/a><\/li>\n<li>\u00a0<a href=\"http:\/\/sites.unicentro.br\/wp\/profnit\/files\/2016\/07\/Solicita\u00e7\u00e3o_de_Co_Orientador.pdf\">Solicita\u00e7\u00e3o de Aprova\u00e7\u00e3o de Coorientador<\/a><\/li>\n<li><a href=\"http:\/\/sites.unicentro.br\/wp\/profnit\/files\/2017\/08\/SOLICITA\u00c7\u00c3O_DE_PRORROGA\u00c7\u00c3O_DE_PRAZO_DE_DEFESA.pdf\">Solicita\u00e7\u00e3o de Prorroga\u00e7\u00e3o de Defesa<\/a><\/li>\n<li><a href=\"https:\/\/www3.unicentro.br\/profnit\/wp-content\/uploads\/sites\/75\/2020\/03\/REQUERIMENTO-DE-DOCUMENTOS.pdf\" target=\"_blank\" rel=\"noopener noreferrer\">Solicita\u00e7\u00e3o de documentos<\/a> (hist\u00f3rico, atestado de matr\u00edcula e requerimentos em geral)<\/li>\n<li><a href=\"https:\/\/docs.google.com\/forms\/d\/e\/1FAIpQLScwF1RVECFkmZ6bKgJnmFKmvMG5zUgX8cLXmVB-N5oqGuOyxw\/viewform\" target=\"_blank\" rel=\"noopener\">Solicita\u00e7\u00e3o de Acesso Questel Orbit<\/a><\/li>\n<\/ul>\n<p>[\/vc_column_text][\/vc_tta_section][\/vc_tta_accordion][\/vc_column][\/vc_row][vc_row][vc_column][vc_column_text]<\/p>\n<p>[\/vc_column_text][\/vc_column][\/vc_row][vc_row][vc_column][vc_tta_accordion style=&#8221;flat&#8221; shape=&#8221;square&#8221; spacing=&#8221;2&#8243; active_section=&#8221;100&#8243; no_fill=&#8221;true&#8221; collapsible_all=&#8221;true&#8221;][vc_tta_section title=&#8221;FORMUL\u00c1RIOS OFICINA PROFISSIONAL&#8221; tab_id=&#8221;1575311288414-fd17c4f7-8127&#8243;][vc_column_text]<\/p>\n<ul style=\"list-style-type: square\">\n<li><a href=\"http:\/\/www.profnit.org.br\/wp-content\/uploads\/2017\/01\/PROFNIT_OficinaProfissional-Proposta-PT-em-170123APROVADO.doc\" target=\"_blank\" rel=\"noopener noreferrer\">Formul\u00e1rio de Proposta<\/a> (A proposta deve ser submetida a CAI, antes de iniciar as atividades)<\/li>\n<li><a href=\"http:\/\/www.profnit.org.br\/wp-content\/uploads\/2017\/01\/PROFNIT_OficinaProfissional-Relat%C3%B3rio-PT-em-170123APROVADO.doc\" target=\"_blank\" rel=\"noopener noreferrer\">Oficina Profissional \u2013 Formul\u00e1rio de\u00a0Relat\u00f3rio<\/a> (Ap\u00f3s finalizar as atividades da Oficina, deve-se submeter a CAI o relat\u00f3rio)<\/li>\n<li><a href=\"http:\/\/www.profnit.org.br\/wp-content\/uploads\/2017\/01\/PROFNIT_OficinaProfissional-Supervisor-PT-em-170123APROVADO.doc\" target=\"_blank\" rel=\"noopener noreferrer\">\u00a0Formul\u00e1rio de Supervisor<\/a><\/li>\n<\/ul>\n<p>[\/vc_column_text][\/vc_tta_section][\/vc_tta_accordion][\/vc_column][\/vc_row][vc_row][vc_column][vc_column_text]<\/p>\n<p>[\/vc_column_text][\/vc_column][\/vc_row][vc_row][vc_column][vc_tta_accordion style=&#8221;flat&#8221; shape=&#8221;square&#8221; spacing=&#8221;2&#8243; active_section=&#8221;100&#8243; no_fill=&#8221;true&#8221; collapsible_all=&#8221;true&#8221;][vc_tta_section title=&#8221;REQUERIMENTO &#8211; EXAME DE QUALIFICA\u00c7\u00c3O&#8221; tab_id=&#8221;1575311288414-fd17c4f7-8127&#8243;][vc_column_text css=&#8221;&#8221;]<\/p>\n<ul style=\"list-style-type: square\">\n<li><a href=\"http:\/\/sites.unicentro.br\/wp\/profnit\/files\/2016\/07\/AGENDAMENTO_DE_QUALIFICA\u00c7\u00c3O_.pdf\">Agendamento<\/a><\/li>\n<li>Requerimento de Qualifica\u00e7\u00e3o <a href=\"https:\/\/www3.unicentro.br\/profnit\/wp-content\/uploads\/sites\/75\/2024\/04\/REQUERIMENTO_QUALIFICACAO_1_662ff4aa32436.pdf\">[.pdf]<\/a> <a href=\"https:\/\/www3.unicentro.br\/profnit\/wp-content\/uploads\/sites\/75\/2024\/04\/REQUERIMENTO_QUALIFICACAO_1_662ff4ab3ee9d.docx\">[.docx]<\/a><\/li>\n<\/ul>\n<p>[\/vc_column_text][\/vc_tta_section][\/vc_tta_accordion][\/vc_column][\/vc_row][vc_row][vc_column][vc_column_text]<\/p>\n<p>[\/vc_column_text][\/vc_column][\/vc_row][vc_row][vc_column][vc_tta_accordion style=&#8221;flat&#8221; shape=&#8221;square&#8221; spacing=&#8221;2&#8243; active_section=&#8221;100&#8243; no_fill=&#8221;true&#8221; collapsible_all=&#8221;true&#8221;][vc_tta_section title=&#8221;REQUERIMENTO &#8211; DEFESA DE CONCLUS\u00c3O DE CURSO&#8221; tab_id=&#8221;1575311288414-fd17c4f7-8127&#8243;][vc_column_text]<\/p>\n<ul style=\"list-style-type: square\">\n<li><a href=\"http:\/\/sites.unicentro.br\/wp\/profnit\/files\/2017\/08\/AGENDAMENTO_-DE_DEFESA.pdf\">Agendamento<\/a><\/li>\n<li><a href=\"http:\/\/sites.unicentro.br\/wp\/profnit\/files\/2016\/07\/Requerimento_de_Defesa_.pdf\">Requerimento de indica\u00e7\u00e3o de banca examinadora para defesa de TCC<\/a>\u00a0(Protocolar com 30 dias de anteced\u00eancia)<\/li>\n<li><a href=\"http:\/\/sites.unicentro.br\/wp\/profnit\/files\/2016\/07\/CADASTRO-DE-MEMBRO-EXTERNO.pdf\">Cadastro de Membro Externo<\/a><\/li>\n<\/ul>\n<p>[\/vc_column_text][\/vc_tta_section][\/vc_tta_accordion][\/vc_column][\/vc_row][vc_row][vc_column][vc_column_text]<\/p>\n<p>[\/vc_column_text][\/vc_column][\/vc_row][vc_row][vc_column][vc_tta_accordion style=&#8221;flat&#8221; shape=&#8221;square&#8221; spacing=&#8221;2&#8243; active_section=&#8221;100&#8243; no_fill=&#8221;true&#8221; collapsible_all=&#8221;true&#8221;][vc_tta_section title=&#8221;NORMAS PARA QUALIFICA\u00c7\u00c3O E DEFESA&#8221; tab_id=&#8221;1575311288414-fd17c4f7-8127&#8243;][vc_column_text]<\/p>\n<ul style=\"list-style-type: square\">\n<li><a href=\"http:\/\/www.profnit.org.br\/wp-content\/uploads\/2017\/11\/PROFNIT-Normas-Exame-de-Qualificacao-e-TCC.pdf\">TCC \u2013 Normas para Qualifica\u00e7\u00e3o e Trabalhos de Conclus\u00e3o de Curso<\/a><\/li>\n<li><a href=\"http:\/\/www.profnit.org.br\/wp-content\/uploads\/2017\/02\/NormasExameQualif-Anexo1-em-170213.pdf\" target=\"_blank\" rel=\"noopener noreferrer\">TCC \u2013 Normas para Qualifica\u00e7\u00e3o e Trabalhos de Conclus\u00e3o de Curso \u2013 Anexo\u00a01<\/a><\/li>\n<li><a href=\"http:\/\/www.profnit.org.br\/wp-content\/uploads\/2017\/02\/NormasExameQualif-Anexo2-em-170213.pdf\" target=\"_blank\" rel=\"noopener noreferrer\">TCC \u2013 Normas para Qualifica\u00e7\u00e3o e Trabalhos de Conclus\u00e3o de Curso \u2013 Anexo 2<\/a><\/li>\n<li><a href=\"http:\/\/www.profnit.org.br\/wp-content\/uploads\/2017\/02\/NormasExameQualif-Anexo3-em-170213.pdf\" target=\"_blank\" rel=\"noopener noreferrer\">TCC \u2013 Normas para Qualifica\u00e7\u00e3o e Trabalhos de Conclus\u00e3o de Curso \u2013 Anexo\u00a03<\/a><\/li>\n<li><a href=\"http:\/\/www.profnit.org.br\/wp-content\/uploads\/2017\/02\/TCC_InstrumAvaliaProj-170213.doc\" target=\"_blank\" rel=\"noopener noreferrer\">TCC \u2013 Instrumento de Avalia\u00e7\u00e3o\u00a0de Projeto\u00a0de Trabalho de Conclus\u00e3o de Curso<\/a><\/li>\n<li>TCC \u2013 Modelo de Apresenta\u00e7\u00e3o de Projeto\u00a0de Trabalho de Conclus\u00e3o de Curso<\/li>\n<\/ul>\n<p>[\/vc_column_text][\/vc_tta_section][\/vc_tta_accordion][\/vc_column][\/vc_row][vc_row][vc_column][vc_column_text]<\/p>\n<p>[\/vc_column_text][\/vc_column][\/vc_row][vc_row][vc_column][vc_tta_accordion style=&#8221;flat&#8221; shape=&#8221;square&#8221; spacing=&#8221;2&#8243; active_section=&#8221;100&#8243; no_fill=&#8221;true&#8221; collapsible_all=&#8221;true&#8221;][vc_tta_section title=&#8221;DOCENTE&#8221; tab_id=&#8221;1575311288414-fd17c4f7-8127&#8243;][vc_column_text]<\/p>\n<ul>\n<li>Requerimento de Credenciamento no PROFNIT<\/li>\n<li><a href=\"http:\/\/sites.unicentro.br\/wp\/profnit\/files\/2017\/08\/Solicita\u00e7\u00e3o_de_Desist\u00eancia_de_Orienta\u00e7\u00e3o.pdf\">Solicita\u00e7\u00e3o de Desist\u00eancia de Orienta\u00e7\u00e3o<\/a><\/li>\n<\/ul>\n<p>[\/vc_column_text][\/vc_tta_section][\/vc_tta_accordion][\/vc_column][\/vc_row]<\/p>\n<\/div>","protected":false},"excerpt":{"rendered":"<p>[vc_row][vc_column][vc_tta_accordion style=&#8221;flat&#8221; shape=&#8221;square&#8221; spacing=&#8221;2&#8243; active_section=&#8221;100&#8243; no_fill=&#8221;true&#8221; collapsible_all=&#8221;true&#8221;][vc_tta_section title=&#8221;MATR\u00cdCULA 2026&#8243; tab_id=&#8221;1575311288414-fd17c4f7-8127&#8243;][vc_column_text css=&#8221;&#8221;] Requerimento de matr\u00edcula para alunos n\u00e3o regulares &#8211; Turma 2026 Os candidatos dever\u00e3o fazer a inscri\u00e7\u00e3o no site: https:\/\/evento.unicentro.br\/site\/profnit\/2026\/1, no per\u00edodo de 06 a 15 de mar\u00e7o de 2026 Requerimento de matr\u00edcula para alunos regulares &#8211; Turma 2026 Os requerimentos devem ser enviados de [&hellip;]<\/p>\n","protected":false},"author":3,"featured_media":0,"parent":0,"menu_order":0,"comment_status":"closed","ping_status":"closed","template":"","meta":{"_exactmetrics_skip_tracking":false,"_exactmetrics_sitenote_active":false,"_exactmetrics_sitenote_note":"","_exactmetrics_sitenote_category":0,"footnotes":"","_links_to":"","_links_to_target":""},"class_list":["post-38","page","type-page","status-publish","hentry"],"_links":{"self":[{"href":"https:\/\/www3.unicentro.br\/profnit\/wp-json\/wp\/v2\/pages\/38","targetHints":{"allow":["GET"]}}],"collection":[{"href":"https:\/\/www3.unicentro.br\/profnit\/wp-json\/wp\/v2\/pages"}],"about":[{"href":"https:\/\/www3.unicentro.br\/profnit\/wp-json\/wp\/v2\/types\/page"}],"author":[{"embeddable":true,"href":"https:\/\/www3.unicentro.br\/profnit\/wp-json\/wp\/v2\/users\/3"}],"replies":[{"embeddable":true,"href":"https:\/\/www3.unicentro.br\/profnit\/wp-json\/wp\/v2\/comments?post=38"}],"version-history":[{"count":3,"href":"https:\/\/www3.unicentro.br\/profnit\/wp-json\/wp\/v2\/pages\/38\/revisions"}],"predecessor-version":[{"id":3114,"href":"https:\/\/www3.unicentro.br\/profnit\/wp-json\/wp\/v2\/pages\/38\/revisions\/3114"}],"wp:attachment":[{"href":"https:\/\/www3.unicentro.br\/profnit\/wp-json\/wp\/v2\/media?parent=38"}],"curies":[{"name":"wp","href":"https:\/\/api.w.org\/{rel}","templated":true}]}}