{"id":501,"date":"2018-08-30T10:27:57","date_gmt":"2018-08-30T13:27:57","guid":{"rendered":"https:\/\/www3.unicentro.br\/proen\/?page_id=501"},"modified":"2025-09-03T15:59:45","modified_gmt":"2025-09-03T18:59:45","slug":"revalidacao","status":"publish","type":"page","link":"https:\/\/www3.unicentro.br\/proen\/revalidacao\/","title":{"rendered":"Revalida\u00e7\u00e3o de Diplomas de Gradua\u00e7\u00e3o Estrangeiros"},"content":{"rendered":"<div class=\"wpb-content-wrapper\"><p>[vc_row][vc_column][vc_column_text]<\/p>\n<p style=\"text-align: justify\">Os diplomas de cursos de gradua\u00e7\u00e3o\u00a0expedidos por institui\u00e7\u00f5es estrangeiras de educa\u00e7\u00e3o superior, legalmente constitu\u00eddas para esse fim em seus pa\u00edses de origem, podem ser declarados equivalentes aos concedidos no Brasil e h\u00e1beis para os fins previstos em lei, mediante processo de revalida\u00e7\u00e3o por institui\u00e7\u00e3o de educa\u00e7\u00e3o superior brasileira, nos termos da legisla\u00e7\u00e3o vigente.<\/p>\n<p style=\"text-align: justify\">Informa\u00e7\u00f5es mais completas sobre o processo de revalida\u00e7\u00e3o podem ser encontradas diretamente no Portal Carolina Bori, no endere\u00e7o eletr\u00f4nico:\u00a0<a href=\"http:\/\/carolinabori.mec.gov.br\/?pagina=inicial\" target=\"_blank\" rel=\"noopener\">carolinabori.mec.gov.br<\/a>.<\/p>\n<p style=\"text-align: justify\">A Unicentro \u00e9 signat\u00e1ria do acordo de ades\u00e3o \u00e0 Plataforma Carolina Bori, de responsabilidade do Minist\u00e9rio da Educa\u00e7\u00e3o, MEC.<\/p>\n<p>[\/vc_column_text][vc_single_image image=&#8221;502&#8243; img_size=&#8221;full&#8221; alignment=&#8221;center&#8221; onclick=&#8221;custom_link&#8221; img_link_target=&#8221;_blank&#8221; link=&#8221;http:\/\/carolinabori.mec.gov.br\/?pagina=inicial&#8221;][vc_column_text css=&#8221;&#8221;]<\/p>\n<h4 style=\"text-align: justify;\">COMO REQUERER<\/h4>\n<p style=\"text-align: justify;\">Graduados em cursos de mesmo n\u00edvel e \u00e1rea cong\u00eanere ou equivalente aos cursos da Unicentro, cujos diplomas foram expedidos por estabelecimentos estrangeiros de ensino superior, interessados no processo de revalida\u00e7\u00e3o, devem acessar a Plataforma Carolina Bori, endere\u00e7o eletr\u00f4nico:&nbsp;<a href=\"http:\/\/plataformacarolinabori.mec.gov.br\/\" target=\"_blank\" rel=\"noopener\">plataformacarolinabori.mec.gov.br<\/a>, para requerer a revalida\u00e7\u00e3o do seu diploma de gradua\u00e7\u00e3o, com base no fluxo de tramita\u00e7\u00e3o de processos estabelecidos pela legisla\u00e7\u00e3o em vigor.<\/p>\n<p>[\/vc_column_text][vc_empty_space][vc_separator color=&#8221;custom&#8221; border_width=&#8221;2&#8243; accent_color=&#8221;rgba(158,0,0,0.79)&#8221;][vc_message message_box_style=&#8221;solid&#8221; style=&#8221;square&#8221; message_box_color=&#8221;grey&#8221; css=&#8221;&#8221;]<\/p>\n<p style=\"text-align: justify;\"><strong>LEGISLA\u00c7\u00c3O<\/strong><\/p>\n<p style=\"text-align: justify;\"><a href=\"https:\/\/www.in.gov.br\/en\/web\/dou\/-\/portaria-n-1.151-de-19-de-junho-de-2023-491021940\" target=\"_blank\" rel=\"noopener\">PORTARIA NORMATIVA MEC N\u00ba 1151, DE 19 DE JUNHO DE 2023<\/a> \u2013 Disp\u00f5e sobre a revalida\u00e7\u00e3o de diplomas de gradua\u00e7\u00e3o expedidos por estabelecimentos de ensino superior estrangeiros e d\u00e1 outras provid\u00eancias.<\/p>\n<p style=\"text-align: justify;\"><a href=\"https:\/\/www.in.gov.br\/en\/web\/dou\/-\/resolucao-cne\/ces-n-2-de-19-de-dezembro-de-2024-603280099\" target=\"_blank\" rel=\"noopener\">RESOLU\u00c7\u00c3O CNE\/CES N\u00ba 2, DE 19 DE DEZEMBRO DE 2024<\/a> \u2013 Disp\u00f5e sobre a revalida\u00e7\u00e3o de diplomas de cursos de gradua\u00e7\u00e3o e sobre o reconhecimento de diplomas de p\u00f3s-gradua\u00e7\u00e3o stricto sensu expedidos por universidades estrangeiras<\/p>\n<p><a href=\"https:\/\/sgu.unicentro.br\/pcatooficiais\/imprimir\/39BFAFE4\" target=\"_blank\" rel=\"noopener\">RESOLU\u00c7\u00c3O N\u00ba 20-CEPE\/UNICENTRO, DE 1 DE SETEMBRO DE 2025<\/a> \u2013 Regulamenta a revalida\u00e7\u00e3o de diplomas de gradua\u00e7\u00e3o e o reconhecimento de diplomas de p\u00f3s-gradua\u00e7\u00e3o stricto sensu expedidos por estabelecimentos estrangeiros de ensino superior, e d\u00e1 outras provid\u00eancias.[\/vc_message][\/vc_column][\/vc_row]<\/p>\n<\/div>","protected":false},"excerpt":{"rendered":"<p>[vc_row][vc_column][vc_column_text] Os diplomas de cursos de gradua\u00e7\u00e3o\u00a0expedidos por institui\u00e7\u00f5es estrangeiras de educa\u00e7\u00e3o superior, legalmente constitu\u00eddas para esse fim em seus pa\u00edses de origem, podem ser declarados equivalentes aos concedidos no Brasil e h\u00e1beis para os fins previstos em lei, mediante processo de revalida\u00e7\u00e3o por institui\u00e7\u00e3o de educa\u00e7\u00e3o superior brasileira, nos termos da legisla\u00e7\u00e3o vigente. Informa\u00e7\u00f5es [&hellip;]<\/p>\n","protected":false},"author":3,"featured_media":0,"parent":0,"menu_order":0,"comment_status":"closed","ping_status":"closed","template":"","meta":{"_exactmetrics_skip_tracking":false,"_exactmetrics_sitenote_active":false,"_exactmetrics_sitenote_note":"","_exactmetrics_sitenote_category":0,"footnotes":"","_links_to":"","_links_to_target":""},"class_list":["post-501","page","type-page","status-publish","hentry"],"_links":{"self":[{"href":"https:\/\/www3.unicentro.br\/proen\/wp-json\/wp\/v2\/pages\/501","targetHints":{"allow":["GET"]}}],"collection":[{"href":"https:\/\/www3.unicentro.br\/proen\/wp-json\/wp\/v2\/pages"}],"about":[{"href":"https:\/\/www3.unicentro.br\/proen\/wp-json\/wp\/v2\/types\/page"}],"author":[{"embeddable":true,"href":"https:\/\/www3.unicentro.br\/proen\/wp-json\/wp\/v2\/users\/3"}],"replies":[{"embeddable":true,"href":"https:\/\/www3.unicentro.br\/proen\/wp-json\/wp\/v2\/comments?post=501"}],"version-history":[{"count":1,"href":"https:\/\/www3.unicentro.br\/proen\/wp-json\/wp\/v2\/pages\/501\/revisions"}],"predecessor-version":[{"id":12855,"href":"https:\/\/www3.unicentro.br\/proen\/wp-json\/wp\/v2\/pages\/501\/revisions\/12855"}],"wp:attachment":[{"href":"https:\/\/www3.unicentro.br\/proen\/wp-json\/wp\/v2\/media?parent=501"}],"curies":[{"name":"wp","href":"https:\/\/api.w.org\/{rel}","templated":true}]}}