{"id":30,"date":"2018-07-16T16:54:52","date_gmt":"2018-07-16T19:54:52","guid":{"rendered":"https:\/\/www3.unicentro.br\/proen\/?page_id=30"},"modified":"2025-10-22T15:41:07","modified_gmt":"2025-10-22T18:41:07","slug":"equipe","status":"publish","type":"page","link":"https:\/\/www3.unicentro.br\/proen\/sobre\/equipe\/","title":{"rendered":"Equipe"},"content":{"rendered":"<div class=\"wpb-content-wrapper\"><p>[vc_row][vc_column width=&#8221;1\/5&#8243;][\/vc_column][vc_column width=&#8221;3\/5&#8243;][vc_cta h2=&#8221;Proen &#8211; Pr\u00f3-Reitoria de Ensino&#8221; h2_font_container=&#8221;tag:h2|font_size:26|text_align:center|color:%23000000|line_height:1&#8243; h2_google_fonts=&#8221;font_family:Alegreya%20Sans%20SC%3A100%2C100italic%2C300%2C300italic%2Cregular%2Citalic%2C500%2C500italic%2C700%2C700italic%2C800%2C800italic%2C900%2C900italic|font_style:700%20bold%20regular%3A700%3Anormal&#8221; h2_css_animation=&#8221;none&#8221; txt_align=&#8221;center&#8221; style=&#8221;custom&#8221; css_animation=&#8221;fadeIn&#8221; use_custom_fonts_h2=&#8221;true&#8221; custom_background=&#8221;#f2c202&#8243; custom_text=&#8221;#000000&#8243;][\/vc_cta][vc_cta h2=&#8221;&#8221; h2_font_container=&#8221;tag:h2|text_align:left|line_height:3&#8243; h2_use_theme_fonts=&#8221;yes&#8221; txt_align=&#8221;center&#8221; css_animation=&#8221;fadeIn&#8221; css=&#8221;&#8221; use_custom_fonts_h2=&#8221;true&#8221;]<span style=\"font-size: 12pt;\"><strong>Karina Worm Beckmann<\/strong><\/span><br \/>\n<span style=\"font-size: 12pt;\">Pr\u00f3-Reitora de Ensino<\/span><br \/>\n<span style=\"font-size: 12pt;\">(42) 3621-1003<\/span><\/p>\n<p>&nbsp;<\/p>\n<p><span style=\"font-size: 12pt;\"><strong>B\u00e1rbara Canali Dalla Corte Horst<\/strong><\/span><br \/>\n<span style=\"font-size: 12pt;\">Assessora Administrativa da Pr\u00f3-Reitoria de Ensino<\/span><br \/>\n<span style=\"font-size: 12pt;\">(42) 3621-1022<\/span>[\/vc_cta][vc_cta h2=&#8221;Diren &#8211; Diretoria de Ensino&#8221; h2_font_container=&#8221;tag:h2|font_size:26|text_align:center|color:%23000000|line_height:1&#8243; h2_google_fonts=&#8221;font_family:Alegreya%20Sans%20SC%3A100%2C100italic%2C300%2C300italic%2Cregular%2Citalic%2C500%2C500italic%2C700%2C700italic%2C800%2C800italic%2C900%2C900italic|font_style:700%20bold%20regular%3A700%3Anormal&#8221; h2_css_animation=&#8221;none&#8221; txt_align=&#8221;center&#8221; style=&#8221;custom&#8221; css_animation=&#8221;fadeIn&#8221; use_custom_fonts_h2=&#8221;true&#8221; custom_background=&#8221;#f2c202&#8243; custom_text=&#8221;#ffffff&#8221;][\/vc_cta][vc_cta h2=&#8221;&#8221; h2_font_container=&#8221;tag:h2|text_align:left|line_height:3&#8243; h2_use_theme_fonts=&#8221;yes&#8221; txt_align=&#8221;center&#8221; css_animation=&#8221;fadeIn&#8221; css=&#8221;&#8221; use_custom_fonts_h2=&#8221;true&#8221;]<span style=\"font-size: 12pt;\"><strong>Maria Paula Costa<br \/>\n<\/strong>Diretora de Ensino<\/span><br \/>\n<span style=\"font-size: 12pt;\">(42) 3621-1479<\/span><\/p>\n<p>&nbsp;<\/p>\n<p><span style=\"font-size: 12pt;\"><strong>Rubiara Aparecida Melo Kava<\/strong><\/span><br \/>\n<span style=\"font-size: 12pt;\">T\u00e9cnica Administrativa&nbsp;<\/span><br \/>\n<span style=\"font-size: 12pt;\">(42) 3621-1021<\/span><\/p>\n<p>&nbsp;<\/p>\n<p><span style=\"font-size: 12pt;\"><strong>Maria Fernanda Caillot Nahirny<\/strong><\/span><br \/>\n<span style=\"font-size: 12pt;\">Coordenadora de Apoio \u00e0 Divis\u00e3o&nbsp;de Assuntos Curriculares<\/span><br \/>\n<span style=\"font-size: 12pt;\">(42) 3621-1021<\/span><\/p>\n<p>&nbsp;<\/p>\n<p><span style=\"font-size: 12pt;\"><strong>Veronice Terezinha Tomporovski<\/strong><\/span><br \/>\n<span style=\"font-size: 12pt;\">Coordenadora de Apoio \u00e0 Divis\u00e3o de Informa\u00e7\u00f5es Acad\u00eamicas<\/span><br \/>\n<span style=\"font-size: 12pt;\">(42) 3621-1479<\/span>[\/vc_cta][vc_cta h2=&#8221;Dirprop &#8211; Diretoria de Programas e Projetos&#8221; h2_font_container=&#8221;tag:h2|font_size:26|text_align:center|color:%23000000|line_height:1&#8243; h2_google_fonts=&#8221;font_family:Alegreya%20Sans%20SC%3A100%2C100italic%2C300%2C300italic%2Cregular%2Citalic%2C500%2C500italic%2C700%2C700italic%2C800%2C800italic%2C900%2C900italic|font_style:700%20bold%20regular%3A700%3Anormal&#8221; h2_css_animation=&#8221;none&#8221; txt_align=&#8221;center&#8221; style=&#8221;custom&#8221; css_animation=&#8221;fadeIn&#8221; use_custom_fonts_h2=&#8221;true&#8221; custom_background=&#8221;#f2c202&#8243; custom_text=&#8221;#ffffff&#8221;][\/vc_cta][vc_cta h2=&#8221;&#8221; h2_font_container=&#8221;tag:h2|text_align:left|line_height:3&#8243; h2_use_theme_fonts=&#8221;yes&#8221; txt_align=&#8221;center&#8221; css_animation=&#8221;fadeIn&#8221; css=&#8221;&#8221; use_custom_fonts_h2=&#8221;true&#8221;]<span style=\"font-size: 12pt;\"><strong>Juliane Sachser Angnes<br \/>\n<\/strong>Diretora de Programas e Projetos<\/span><br \/>\n<span style=\"font-size: 12pt;\">(42) 3621-1341<\/span><\/p>\n<p>&nbsp;<\/p>\n<p><span style=\"font-size: 12pt;\"><strong>M\u00e1rcia Aparecida Pacheco<br \/>\n<\/strong>T\u00e9cnica Administrativa<\/span><br \/>\n<span style=\"font-size: 12pt;\">(42) 3621-1341<\/span>[\/vc_cta][vc_cta h2=&#8221;Dirac &#8211; Diretoria Acad\u00eamica&#8221; h2_font_container=&#8221;tag:h2|font_size:26|text_align:center|color:%23000000|line_height:1&#8243; h2_google_fonts=&#8221;font_family:Alegreya%20Sans%20SC%3A100%2C100italic%2C300%2C300italic%2Cregular%2Citalic%2C500%2C500italic%2C700%2C700italic%2C800%2C800italic%2C900%2C900italic|font_style:700%20bold%20regular%3A700%3Anormal&#8221; h2_css_animation=&#8221;none&#8221; txt_align=&#8221;center&#8221; style=&#8221;custom&#8221; css_animation=&#8221;fadeIn&#8221; use_custom_fonts_h2=&#8221;true&#8221; custom_background=&#8221;#f2c202&#8243; custom_text=&#8221;#ffffff&#8221;][\/vc_cta][vc_cta h2=&#8221;&#8221; h2_font_container=&#8221;tag:h2|text_align:left|line_height:3&#8243; h2_use_theme_fonts=&#8221;yes&#8221; txt_align=&#8221;center&#8221; css_animation=&#8221;fadeIn&#8221; css=&#8221;&#8221; use_custom_fonts_h2=&#8221;true&#8221;]<span style=\"font-size: 12pt;\"><strong>Ta\u00eds Dalmaz<\/strong><\/span><br \/>\n<span style=\"font-size: 12pt;\">Diretora Acad\u00eamica<\/span><br \/>\n<span style=\"font-size: 12pt;\">(42) 3621-1020<br \/>\n<\/span><\/p>\n<p>&nbsp;<\/p>\n<p><span style=\"font-size: 12pt;\"><strong>Eloina Emanuelle Pedroso Campos<\/strong><\/span><br \/>\n<span style=\"font-size: 12pt;\">T\u00e9cnica Administrativa<\/span><br \/>\n<span style=\"font-size: 12pt;\">(42) 3621-1020<\/span><\/p>\n<p>&nbsp;<\/p>\n<p><span style=\"font-size: 12pt;\"><strong>Jana\u00edne Aparecida Kuxla Ternoski<\/strong><\/span><br \/>\n<span style=\"font-size: 12pt;\">Assessora da Diretoria Acad\u00eamica para Registro e Expedi\u00e7\u00e3o de Diplomas<\/span><br \/>\n<span style=\"font-size: 12pt;\">(42) 3621-1307<\/span><\/p>\n<p>&nbsp;<\/p>\n<p><span style=\"font-size: 12pt;\"><strong>Mayara Ribas Silvestre<\/strong><\/span><br \/>\n<span style=\"font-size: 12pt;\">T\u00e9cnica Administrativa<\/span><br \/>\n<span style=\"font-size: 12pt;\">(42) 3621-1307<\/span><\/p>\n<p>&nbsp;<\/p>\n<p><span style=\"font-size: 12pt;\"><strong>Flavia Marcela Bonanato<\/strong><\/span><br \/>\n<span style=\"font-size: 12pt;\">Coordenadora de Apoio \u00e0 Divis\u00e3o de Apoio Acad\u00eamico do <i>Campus<\/i>&nbsp;Santa Cruz<\/span><br \/>\n<span style=\"font-size: 12pt;\">(42) 3621-1048<\/span><\/p>\n<p>&nbsp;<\/p>\n<p><strong><span style=\"font-size: 12pt;\">\u00c9meli Kruchelski Sutil<\/span><\/strong><br \/>\n<span style=\"font-size: 12pt;\">T\u00e9cnica Administrativa<\/span><br \/>\n<span style=\"font-size: 12pt;\">(42) 3621-1048<\/span><\/p>\n<p>&nbsp;<\/p>\n<p><span style=\"font-size: 12pt;\"><strong>Maria Eug\u00eania Burko Hauser<\/strong><\/span><br \/>\n<span style=\"font-size: 12pt;\">T\u00e9cnica Administrativa<\/span><br \/>\n<span style=\"font-size: 12pt;\">(42) 3621-1048<\/span><\/p>\n<p>&nbsp;<\/p>\n<p><strong><span style=\"font-size: 12pt;\">Rayane Ferreira<\/span><\/strong><br \/>\n<span style=\"font-size: 12pt;\">T\u00e9cnica Administrativa<\/span><br \/>\n<span style=\"font-size: 12pt;\">(42) 3621-1048<\/span><\/p>\n<p>&nbsp;<\/p>\n<p><span style=\"font-size: 12pt;\"><strong>Guilherme Antonio Ferreira<\/strong><\/span><br \/>\n<span style=\"font-size: 12pt;\">T\u00e9cnico Administrativo<\/span><br \/>\n<span style=\"font-size: 12pt;\">(42) 3629-8109<\/span><\/p>\n<p>&nbsp;<\/p>\n<p><span style=\"font-size: 12pt;\"><strong>Tarcisio Leal dos Santos<\/strong><\/span><br \/>\n<span style=\"font-size: 12pt;\">Coordenador de Apoio \u00e0 Divis\u00e3o de Apoio Acad\u00eamico do <i>Campus<\/i>&nbsp;Cedeteg<\/span><br \/>\n<span style=\"font-size: 12pt;\">(42) 3629-8108<\/span><\/p>\n<p>&nbsp;<\/p>\n<p><span style=\"font-size: 12pt;\"><strong>Gilson Ribas de Campos<\/strong><\/span><br \/>\n<span style=\"font-size: 12pt;\">Secret\u00e1rio Acad\u00eamico do Setor de Ci\u00eancias Exatas e de Tecnologia \u2013 SEET\/G<\/span><br \/>\n<span style=\"font-size: 12pt;\">(42) 3629-8109<\/span><\/p>\n<p>&nbsp;<\/p>\n<p><span style=\"font-size: 12pt;\"><strong>Eliane Luzia de Campos<br \/>\n<\/strong>Coordenadora de Apoio \u00e0 Divis\u00e3o de Apoio Acad\u00eamico do <i>Campus<\/i>&nbsp;de Irati<\/span><br \/>\n<span style=\"font-size: 12pt;\">(42) 3421-3050<\/span><\/p>\n<p>&nbsp;<\/p>\n<p><span style=\"font-size: 12pt;\"><strong>Elmarilene Walk<br \/>\n<\/strong>Chefe da Divis\u00e3o Acad\u00eamica do SEHLA\/I<\/span><br \/>\n<span style=\"font-size: 12pt;\">(42) 3421-3050<\/span><\/p>\n<p>&nbsp;<\/p>\n<p><span style=\"font-size: 12pt;\"><strong>Marilene Fran\u00e7a do Nascimento<br \/>\n<\/strong>Chefe da Divis\u00e3o Acad\u00eamica do SEAA\/I<\/span><br \/>\n<span style=\"font-size: 12pt;\">(42) 3421-3102<\/span><\/p>\n<p>&nbsp;<\/p>\n<p><span style=\"font-size: 12pt;\"><strong>Karla Nadal<br \/>\n<\/strong>Chefe da Divis\u00e3o Acad\u00eamica do SES\/I<\/span><br \/>\n<span style=\"font-size: 12pt;\">(42) 3421-3102<\/span><\/p>\n<p>&nbsp;<\/p>\n<p><span style=\"font-size: 12pt;\"><strong>Cristiane Aparecida Szymczak<br \/>\n<\/strong>Chefe da Divis\u00e3o Acad\u00eamica do SESA\/I<\/span><br \/>\n<span style=\"font-size: 12pt;\">(42) 3421-3102<\/span>[\/vc_cta][vc_cta h2=&#8221;Nuredi &#8211; N\u00facleo de Registro de Diplomas&#8221; h2_font_container=&#8221;tag:h2|font_size:26|text_align:center|color:%23000000|line_height:1&#8243; h2_google_fonts=&#8221;font_family:Alegreya%20Sans%20SC%3A100%2C100italic%2C300%2C300italic%2Cregular%2Citalic%2C500%2C500italic%2C700%2C700italic%2C800%2C800italic%2C900%2C900italic|font_style:700%20bold%20regular%3A700%3Anormal&#8221; h2_css_animation=&#8221;none&#8221; txt_align=&#8221;center&#8221; style=&#8221;custom&#8221; css_animation=&#8221;fadeIn&#8221; use_custom_fonts_h2=&#8221;true&#8221; custom_background=&#8221;#f2c202&#8243; custom_text=&#8221;#ffffff&#8221;][\/vc_cta][vc_cta h2=&#8221;&#8221; h2_font_container=&#8221;tag:h2|text_align:left|line_height:3&#8243; h2_use_theme_fonts=&#8221;yes&#8221; txt_align=&#8221;center&#8221; css_animation=&#8221;fadeIn&#8221; css=&#8221;&#8221; use_custom_fonts_h2=&#8221;true&#8221;]<span style=\"font-size: 12pt;\"><strong>M\u00e1rcia Regina Zvolinski Rodrigues<\/strong><\/span><br \/>\n<span style=\"font-size: 12pt;\">Coordenadora de Apoio ao N\u00facleo de Registro de Diplomas<\/span><br \/>\n<span style=\"font-size: 12pt;\">(42) 3621-1327<\/span><\/p>\n<p>&nbsp;<\/p>\n<p><span style=\"font-size: 12pt;\"><strong>Thalitta Correa Volupca<\/strong><\/span><br \/>\n<span style=\"font-size: 12pt;\">Assessora da Diretoria Acad\u00eamica<\/span><br \/>\n<span style=\"font-size: 12pt;\">(42) 3621-1327<\/span>[\/vc_cta][vc_cta h2=&#8221;PIBID \/ ENTREDOCENTES&#8221; h2_font_container=&#8221;tag:h2|font_size:26|text_align:center|color:%23000000|line_height:1&#8243; h2_google_fonts=&#8221;font_family:Alegreya%20Sans%20SC%3A100%2C100italic%2C300%2C300italic%2Cregular%2Citalic%2C500%2C500italic%2C700%2C700italic%2C800%2C800italic%2C900%2C900italic|font_style:700%20bold%20regular%3A700%3Anormal&#8221; h2_css_animation=&#8221;none&#8221; txt_align=&#8221;center&#8221; style=&#8221;custom&#8221; css_animation=&#8221;fadeIn&#8221; css=&#8221;&#8221; use_custom_fonts_h2=&#8221;true&#8221; custom_background=&#8221;#f2c202&#8243; custom_text=&#8221;#000000&#8243;][\/vc_cta][vc_cta h2=&#8221;&#8221; h2_font_container=&#8221;tag:h2|text_align:left|line_height:3&#8243; h2_use_theme_fonts=&#8221;yes&#8221; txt_align=&#8221;center&#8221; css_animation=&#8221;fadeIn&#8221; css=&#8221;&#8221; use_custom_fonts_h2=&#8221;true&#8221;]<span style=\"font-size: 12pt;\"><strong>Rita de C\u00e1ssia Fonseca<\/strong><\/span><br \/>\n<span style=\"font-size: 12pt;\">Coordenadora do Programa Entredocentes<\/span><br \/>\n<span style=\"font-size: 12pt;\">(42) 3621-1366<\/span><\/p>\n<p>&nbsp;<\/p>\n<p><span style=\"font-size: 12pt;\"><strong>Aur\u00e9lio Bona J\u00fanior<\/strong><\/span><br \/>\n<span style=\"font-size: 12pt;\">Coordenador do Programa Institucional de Bolsa de Inicia\u00e7\u00e3o \u00e0 Doc\u00eancia<\/span><br \/>\n<span style=\"font-size: 12pt;\">(42) 3621-1366<\/span><\/p>\n<p>&nbsp;[\/vc_cta][vc_cta h2=&#8221;Estagi\u00e1rios&#8221; h2_font_container=&#8221;tag:h2|font_size:26|text_align:center|color:%23000000|line_height:1&#8243; h2_google_fonts=&#8221;font_family:Alegreya%20Sans%20SC%3A100%2C100italic%2C300%2C300italic%2Cregular%2Citalic%2C500%2C500italic%2C700%2C700italic%2C800%2C800italic%2C900%2C900italic|font_style:700%20bold%20regular%3A700%3Anormal&#8221; h2_css_animation=&#8221;none&#8221; txt_align=&#8221;center&#8221; style=&#8221;custom&#8221; css_animation=&#8221;fadeIn&#8221; use_custom_fonts_h2=&#8221;true&#8221; custom_background=&#8221;#f2c202&#8243; custom_text=&#8221;#ffffff&#8221;][\/vc_cta][vc_cta h2=&#8221;&#8221; h2_font_container=&#8221;tag:h2|text_align:left|line_height:3&#8243; h2_use_theme_fonts=&#8221;yes&#8221; txt_align=&#8221;center&#8221; css_animation=&#8221;fadeIn&#8221; css=&#8221;&#8221; use_custom_fonts_h2=&#8221;true&#8221;]<strong>D\u00e9bora F\u00e1tima Siqueira (PROEN)<\/strong><\/p>\n<p><strong>J\u00falia Vit\u00f3ria Silveira (PROEN &#8211; Escolha certo, escolha Unicentro)<\/strong>[\/vc_cta][\/vc_column][vc_column width=&#8221;1\/5&#8243;][\/vc_column][\/vc_row]<\/p>\n<\/div>","protected":false},"excerpt":{"rendered":"<p>[vc_row][vc_column width=&#8221;1\/5&#8243;][\/vc_column][vc_column width=&#8221;3\/5&#8243;][vc_cta h2=&#8221;Proen &#8211; Pr\u00f3-Reitoria de Ensino&#8221; h2_font_container=&#8221;tag:h2|font_size:26|text_align:center|color:%23000000|line_height:1&#8243; h2_google_fonts=&#8221;font_family:Alegreya%20Sans%20SC%3A100%2C100italic%2C300%2C300italic%2Cregular%2Citalic%2C500%2C500italic%2C700%2C700italic%2C800%2C800italic%2C900%2C900italic|font_style:700%20bold%20regular%3A700%3Anormal&#8221; h2_css_animation=&#8221;none&#8221; txt_align=&#8221;center&#8221; style=&#8221;custom&#8221; css_animation=&#8221;fadeIn&#8221; use_custom_fonts_h2=&#8221;true&#8221; custom_background=&#8221;#f2c202&#8243; custom_text=&#8221;#000000&#8243;][\/vc_cta][vc_cta h2=&#8221;&#8221; h2_font_container=&#8221;tag:h2|text_align:left|line_height:3&#8243; h2_use_theme_fonts=&#8221;yes&#8221; txt_align=&#8221;center&#8221; css_animation=&#8221;fadeIn&#8221; css=&#8221;&#8221; use_custom_fonts_h2=&#8221;true&#8221;]Karina Worm Beckmann Pr\u00f3-Reitora de Ensino (42) 3621-1003 &nbsp; B\u00e1rbara Canali Dalla Corte Horst Assessora Administrativa da Pr\u00f3-Reitoria de Ensino (42) 3621-1022[\/vc_cta][vc_cta h2=&#8221;Diren &#8211; Diretoria de Ensino&#8221; h2_font_container=&#8221;tag:h2|font_size:26|text_align:center|color:%23000000|line_height:1&#8243; h2_google_fonts=&#8221;font_family:Alegreya%20Sans%20SC%3A100%2C100italic%2C300%2C300italic%2Cregular%2Citalic%2C500%2C500italic%2C700%2C700italic%2C800%2C800italic%2C900%2C900italic|font_style:700%20bold%20regular%3A700%3Anormal&#8221; h2_css_animation=&#8221;none&#8221; txt_align=&#8221;center&#8221; style=&#8221;custom&#8221; [&hellip;]<\/p>\n","protected":false},"author":3,"featured_media":0,"parent":28,"menu_order":0,"comment_status":"closed","ping_status":"closed","template":"","meta":{"_exactmetrics_skip_tracking":false,"_exactmetrics_sitenote_active":false,"_exactmetrics_sitenote_note":"","_exactmetrics_sitenote_category":0,"footnotes":"","_links_to":"","_links_to_target":""},"class_list":["post-30","page","type-page","status-publish","hentry"],"_links":{"self":[{"href":"https:\/\/www3.unicentro.br\/proen\/wp-json\/wp\/v2\/pages\/30","targetHints":{"allow":["GET"]}}],"collection":[{"href":"https:\/\/www3.unicentro.br\/proen\/wp-json\/wp\/v2\/pages"}],"about":[{"href":"https:\/\/www3.unicentro.br\/proen\/wp-json\/wp\/v2\/types\/page"}],"author":[{"embeddable":true,"href":"https:\/\/www3.unicentro.br\/proen\/wp-json\/wp\/v2\/users\/3"}],"replies":[{"embeddable":true,"href":"https:\/\/www3.unicentro.br\/proen\/wp-json\/wp\/v2\/comments?post=30"}],"version-history":[{"count":1,"href":"https:\/\/www3.unicentro.br\/proen\/wp-json\/wp\/v2\/pages\/30\/revisions"}],"predecessor-version":[{"id":13016,"href":"https:\/\/www3.unicentro.br\/proen\/wp-json\/wp\/v2\/pages\/30\/revisions\/13016"}],"up":[{"embeddable":true,"href":"https:\/\/www3.unicentro.br\/proen\/wp-json\/wp\/v2\/pages\/28"}],"wp:attachment":[{"href":"https:\/\/www3.unicentro.br\/proen\/wp-json\/wp\/v2\/media?parent=30"}],"curies":[{"name":"wp","href":"https:\/\/api.w.org\/{rel}","templated":true}]}}