{"id":199,"date":"2025-06-02T12:54:44","date_gmt":"2025-06-02T15:54:44","guid":{"rendered":"https:\/\/www3.unicentro.br\/proen\/?page_id=199"},"modified":"2026-03-04T10:10:50","modified_gmt":"2026-03-04T13:10:50","slug":"seguro","status":"publish","type":"page","link":"https:\/\/www3.unicentro.br\/proen\/seguro\/","title":{"rendered":"SEGURO DE ALUNOS, FUNCION\u00c1RIOS, DOCENTES E EXTENS\u00c3O"},"content":{"rendered":"<div class=\"wpb-content-wrapper\"><p>[vc_row][vc_column][vc_column_text css=&#8221;&#8221; el_id=&#8221;https:\/\/www3.unicentro.br\/proen\/wp-content\/uploads\/sites\/41\/2024\/06\/PARA-SITE_MAIO_24.pdf&#8221;]<\/p>\n<p align=\"center\"><span style=\"font-size: 14pt;\"><strong><span style=\"color: #1733f5;\"><span style=\"font-family: georgia, palatino, serif;\">A AP\u00d3LICE DE SEGURO CON<span style=\"font-size: 12pt;\">TRATADA PELA UNICENTRO ABRANGE TODOS OS ALUNOS REGULARMENTE MATRICULADOS NA INSTITUI\u00c7\u00c3O.<\/span><\/span><\/span><\/strong><\/span><\/p>\n<ul>\n<li>\n<p align=\"left\"><span style=\"font-size: 12pt;\"><strong><span style=\"color: #000000;\"><span style=\"font-family: georgia, palatino, serif;\">Se acontecer um acidente com discente\/servidor e ficarem inconscientes, sem respira\u00e7\u00e3o ou com respira\u00e7\u00e3o anormal e\/ou qualquer evento de emerg\u00eancia, acione o SAMU &#8211; Servi\u00e7o de Atendimento M\u00f3vel de Urg\u00eancia, atrav\u00e9s do telefone <\/span><\/span><\/strong><strong><span style=\"color: #1733f5;\"><span style=\"font-family: georgia, palatino, serif;\">192<\/span><\/span><\/strong><strong><span style=\"color: #000000;\"><span style=\"font-family: georgia, palatino, serif;\">.<\/span><\/span><\/strong><\/span><\/p>\n<\/li>\n<\/ul>\n<p align=\"center\"><span style=\"font-size: 12pt;\"><strong><span style=\"color: #000000;\">\u201c<span style=\"font-family: georgia, palatino, serif;\">O seguro visa auxiliar o custeio das despesas com educa\u00e7\u00e3o\/trabalho do benefici\u00e1rio, depois dos procedimentos emergenciais, <\/span><\/span><\/strong><strong><span style=\"color: #000000;\"><span style=\"font-family: georgia, palatino, serif;\">se necess\u00e1rio,<\/span><\/span><\/strong><strong><span style=\"color: #000000;\"><span style=\"font-family: georgia, palatino, serif;\"> realizados pelo SAMU, UPA, \u2026 ele deve ser acionado.\u201d<\/span><\/span><\/strong><\/span><\/p>\n<ul>\n<li>\n<p align=\"left\"><span style=\"font-size: 12pt;\"><strong><span style=\"color: #000000;\"><span style=\"font-family: georgia, palatino, serif;\">Para tratamentos que ter\u00e3o gastos e\/ou em casos que possam aguardar o processo de sinistro, como machucaduras, les\u00f5es, \u2026sem a urg\u00eancia, deve-se dar sequ\u00eancia ao processo de sinistro, dai ent\u00e3o realizar o primeiro passo, ligar para o <\/span><\/span><\/strong><strong><span style=\"color: #1733f5;\"><span style=\"font-family: georgia, palatino, serif;\">08007704369<\/span><\/span><\/strong><strong><span style=\"color: #000000;\"><span style=\"font-family: georgia, palatino, serif;\">.\u201d <\/span><\/span><\/strong><\/span><\/p>\n<\/li>\n<li>\n<p align=\"left\"><span style=\"font-size: 12pt;\"><strong><span style=\"color: #000000;\"><span style=\"font-family: georgia, palatino, serif;\">Nesse telefonema ser\u00e3o dadas as orienta\u00e7\u00f5es necess\u00e1rias para o atendimento e\/ou ressarcimento, conforme a situa\u00e7\u00e3o.<\/span><\/span><\/strong><\/span><\/p>\n<\/li>\n<\/ul>\n<p align=\"center\"><span style=\"font-size: 12pt;\"><strong><span style=\"color: #1733f5;\"><span style=\"font-family: georgia, palatino, serif;\">TODOS OS FORMUL\u00c1RIOS, INSTRU\u00c7\u00d5ES E CONTATOS (telefone e e-mail)<\/span><\/span><\/strong> <strong><span style=\"color: #1733f5;\"><span style=\"font-family: georgia, palatino, serif;\">EST\u00c3O DISPON\u00cdVEIS NO SITE.<\/span><\/span><\/strong><\/span><\/p>\n<ul>\n<li>\n<p align=\"justify\"><span style=\"font-size: 12pt;\"><strong><span style=\"color: #000000;\"><span style=\"font-family: georgia, palatino, serif;\">O<\/span><\/span><\/strong> <strong><span style=\"color: #000000;\"><span style=\"font-family: georgia, palatino, serif;\">acordado com a seguradora foi o envio das atualiza\u00e7\u00f5es no dia 20 de cada m\u00eas, emitidos pelo banco de dados do Lyceum (pela PROEN). <\/span><\/span><\/strong><strong><span style=\"color: #000000;\"><span style=\"font-family: georgia, palatino, serif;\">O(A) aluno(a) que ingressar <\/span><\/span><\/strong><strong><span style=\"color: #000000;\"><span style=\"font-family: georgia, palatino, serif;\">nesse \u00ednterim, <\/span><\/span><\/strong><strong><span style=\"color: #000000;\"><span style=\"font-family: georgia, palatino, serif;\">somente dever\u00e1 comprovar que na data do<\/span><\/span><\/strong><strong><span style=\"color: #000000;\"><span style=\"font-family: georgia, palatino, serif;\"> acidente <\/span><\/span><\/strong><strong><span style=\"color: #000000;\"><span style=\"font-family: georgia, palatino, serif;\">estava matriculado(a).<\/span><\/span><\/strong><\/span><\/p>\n<\/li>\n<\/ul>\n<p>[\/vc_column_text][vc_message color=&#8221;warning&#8221; message_box_color=&#8221;warning&#8221; icon_fontawesome=&#8221;&#8221; css=&#8221;&#8221;]<\/p>\n<table style=\"height: 972px; width: 101.23%; border-collapse: collapse;\">\n<tbody>\n<tr style=\"height: 952px;\">\n<td style=\"width: 100%; height: 952px;\">\n<p align=\"center\"><span style=\"color: #000000; font-family: Times New Roman, serif;\"><span style=\"font-size: 24px;\"><b>COMO CONTATAR O SEGURO<\/b><\/span><\/span><\/p>\n<p align=\"center\"><span style=\"color: #ff0000; font-size: 18pt;\"><a style=\"color: #ff0000;\" href=\"https:\/\/www3.unicentro.br\/proen\/wp-content\/uploads\/sites\/41\/2025\/05\/PROCEDIMENTOS-UNICENTRO.pptx\"><strong>NOTA EXPLICATIVA DA MAG <\/strong><\/a><\/span><\/p>\n<p align=\"center\"><span style=\"color: #ff0000; font-size: 18pt;\"><a style=\"color: #ff0000;\" href=\"https:\/\/www3.unicentro.br\/proen\/wp-content\/uploads\/sites\/41\/2025\/05\/PROCEDIMENTOS-UNICENTRO.pptx\"><strong>(CLIQUE AQUI)<\/strong><\/a><\/span><\/p>\n<p align=\"center\"><span style=\"font-size: 14pt;\"><span style=\"color: #000000;\"><strong>(A abertura de sinistro \u00e9 feita pelo Departamento\/Setor e n\u00e3o pela fam\u00edlia<span style=\"color: #000000;\">)<\/span><\/strong><\/span><\/span><\/p>\n<p><span style=\"font-size: 14pt;\"><strong><span style=\"color: #000000;\"><span style=\"font-family: Times New Roman, serif;\"><span lang=\"pt-BR\">1. Ap\u00f3s acontecer o acidente, <\/span><\/span><\/span><\/strong><strong><span style=\"color: #000000;\"><span style=\"font-family: Times New Roman, serif;\"><span lang=\"pt-BR\"><b>o departamento ou setor respons\u00e1vel pelo aluno\/servidor,<\/b><\/span><\/span><\/span><\/strong><strong><span style=\"color: #000000;\"><span style=\"font-family: Times New Roman, serif;\"><span lang=\"pt-BR\"> n\u00e3o <\/span><\/span><\/span><\/strong><strong><span style=\"color: #000000;\"><span style=\"font-family: Times New Roman, serif;\"><span lang=\"pt-BR\">dever\u00e1<\/span><\/span><\/span><\/strong><strong><span style=\"color: #000000;\"><span style=\"font-family: Times New Roman, serif;\"><span lang=\"pt-BR\"> levar o acidentado\/aluno e ou colaborador direto&nbsp; para o hospital.<br \/>\nDever\u00e1 sempre ligar antes na central <\/span><\/span><\/span><\/strong><strong><span style=\"color: #000000;\"><span style=\"font-family: Times New Roman, serif;\"><span lang=\"pt-BR\"><b>0800 770 4369<\/b><\/span><\/span><\/span><\/strong><strong><span style=\"color: #000000;\"><span style=\"font-family: Times New Roman, serif;\"><span lang=\"pt-BR\"> e pegar <\/span><\/span><\/span><\/strong><strong><span style=\"color: #000000;\"><span style=\"font-family: Times New Roman, serif;\"><span lang=\"pt-BR\">um<\/span><\/span><\/span><\/strong><strong><span style=\"color: #000000;\"><span style=\"font-family: Times New Roman, serif;\"><span lang=\"pt-BR\">a <\/span><\/span><\/span><\/strong><strong><span style=\"color: #000000;\"><span style=\"font-family: Times New Roman, serif;\"><span lang=\"pt-BR\"><b>senha<\/b><\/span><\/span><\/span><\/strong><strong><span style=\"color: #000000;\"><span style=\"font-family: Times New Roman, serif;\"><span lang=\"pt-BR\"> para a libera\u00e7\u00e3o do atendimento.<\/span><\/span><\/span><\/strong><\/span><\/p>\n<p align=\"left\"><span style=\"font-size: 14pt;\"><strong><span style=\"color: #000000;\"><span style=\"font-family: Times New Roman, serif;\"><span lang=\"pt-BR\">2. S<\/span><\/span><\/span><\/strong><strong><span style=\"color: #000000;\"><span style=\"font-family: Times New Roman, serif;\"><span lang=\"pt-BR\">e faz necess\u00e1rio essa liga\u00e7\u00e3o para que a central possa fazer uma triagem referente ao acidente e direcionar o hospital correto, pois alguns hospitais, mesmo <\/span><\/span><\/span><\/strong><strong><span style=\"color: #000000;\"><span style=\"font-family: Times New Roman, serif;\"><span lang=\"pt-BR\">os<\/span><\/span><\/span><\/strong><strong><span style=\"color: #000000;\"><span style=\"font-family: Times New Roman, serif;\"><span lang=\"pt-BR\"> credenciado<\/span><\/span><\/span><\/strong><strong><span style=\"color: #000000;\"><span style=\"font-family: Times New Roman, serif;\"><span lang=\"pt-BR\">s,<\/span><\/span><\/span><\/strong><strong><span style=\"color: #000000;\"><span style=\"font-family: Times New Roman, serif;\"><span lang=\"pt-BR\"> n\u00e3o possu<\/span><\/span><\/span><\/strong><strong><span style=\"color: #000000;\"><span style=\"font-family: Times New Roman, serif;\"><span lang=\"pt-BR\">em <\/span><\/span><\/span><\/strong><strong><span style=\"color: #000000;\"><span style=\"font-family: Times New Roman, serif;\"><span lang=\"pt-BR\">a especificidade da ocorr\u00eancia. <\/span><\/span><\/span><\/strong><\/span><\/p>\n<p align=\"left\"><span style=\"font-size: 14pt;\"><strong><span style=\"color: #000000;\"><span style=\"font-family: Times New Roman, serif;\"><span lang=\"pt-BR\">&nbsp; &nbsp; &nbsp;2.1.Hospitais mudam constantemente, existe o descredenciamento por falta de envio de alunos, <\/span><\/span><\/span><\/strong><strong><span style=\"color: #000000;\"><span style=\"font-family: Times New Roman, serif;\"><span lang=\"pt-BR\">p<\/span><\/span><\/span><\/strong><strong><span style=\"color: #000000;\"><span style=\"font-family: Times New Roman, serif;\"><span lang=\"pt-BR\">or isso a triagem precisa ser realizada, <\/span><\/span><\/span><\/strong><strong><span style=\"color: #000000;\"><span style=\"font-family: Times New Roman, serif;\"><span lang=\"pt-BR\">i<\/span><\/span><\/span><\/strong><strong><span style=\"color: #000000;\"><span style=\"font-family: Times New Roman, serif;\"><span lang=\"pt-BR\">nclusive para sabermos o tipo de servi\u00e7o q<\/span><\/span><\/span><\/strong><strong><span style=\"color: #000000;\"><span style=\"font-family: Times New Roman, serif;\"><span lang=\"pt-BR\">ue<\/span><\/span><\/span><\/strong><strong><span style=\"color: #000000;\"><span style=\"font-family: Times New Roman, serif;\"><span lang=\"pt-BR\"> precisar\u00e1 ser prestado ao acidentado.<\/span><\/span><\/span><\/strong><\/span><\/p>\n<p align=\"justify\"><span style=\"font-size: 14pt;\"><strong><span style=\"color: #000000;\"><span style=\"font-family: Times New Roman, serif;\"><span lang=\"pt-BR\">&nbsp; &nbsp; 2.2.C<\/span><\/span><\/span><\/strong><strong><span style=\"color: #000000;\"><span style=\"font-family: Times New Roman, serif;\"><span lang=\"pt-BR\">aso n\u00e3o haja hospital credenciado na regi\u00e3o, ser\u00e1 enviado um intermediador, para q<\/span><\/span><\/span><\/strong><strong><span style=\"color: #000000;\"><span style=\"font-family: Times New Roman, serif;\"><span lang=\"pt-BR\">ue<\/span><\/span><\/span><\/strong> <strong><span style=\"color: #000000;\"><span style=\"font-family: Times New Roman, serif;\"><span lang=\"pt-BR\">a Assist\u00eancia <\/span><\/span><\/span><\/strong><strong><span style=\"color: #000000;\"><span style=\"font-family: Times New Roman, serif;\"><span lang=\"pt-BR\">possa negociar e efetuar o pagamento diretamente no hospital indicado, ap\u00f3s o contato via <\/span><\/span><\/span><\/strong><strong><span style=\"color: #000000;\"><span style=\"font-family: Times New Roman, serif;\"><span lang=\"pt-BR\"><b>0800<\/b><\/span><\/span><\/span><\/strong><strong><span style=\"color: #000000;\"><span style=\"font-family: Times New Roman, serif;\"><span lang=\"pt-BR\">.<\/span><\/span><\/span><\/strong><\/span><\/p>\n<p align=\"center\"><span style=\"font-size: 14pt;\"><strong><span style=\"color: #000000;\"><span style=\"font-family: Times New Roman, serif;\"><span lang=\"pt-BR\"><b>Por isso, a import\u00e2ncia de<\/b><\/span><\/span><\/span><\/strong><strong><span style=\"color: #000000;\"><span style=\"font-family: Times New Roman, serif;\"><span lang=\"pt-BR\"><b> toda a ocorr\u00eancia ser registrada via 0800 antes de se locomover aos hospitais da regi\u00e3o.<\/b><\/span><\/span><\/span><\/strong><\/span><\/p>\n<p><span style=\"font-size: 14pt;\"><span style=\"font-family: 'times new roman', times, serif;\"><strong><span style=\"color: #000000;\">3. Ao ligar para a CENTRAL se faz necess\u00e1rio os seguintes dados:<br \/>\nNome<br \/>\nData de nascimento<br \/>\nCPF<br \/>\n\u2026 Em alguns casos \u00e9 solicitado o CNPJ para localizar a Institui\u00e7\u00e3o de Ensino <\/span><\/strong><strong><span style=\"color: #000000;\">(que consta na <\/span><span style=\"color: #3366ff;\"><a style=\"color: #3366ff;\" href=\"https:\/\/www3.unicentro.br\/proen\/wp-content\/uploads\/sites\/41\/2026\/02\/Apolice-unicentro-vigencia-ate-11.03.29.pdf\" target=\"_blank\" rel=\"noopener\">ap\u00f3lice<\/a><\/span><span style=\"color: #000000;\">)<\/span><\/strong><\/span><strong><span style=\"color: #000000;\"><span style=\"font-family: 'times new roman', times, serif;\">.<\/span><br \/>\n<span style=\"font-family: 'times new roman', times, serif;\">De posse destes dados \u00e9 liberado a carta garantia, para o hospital fazer o atendimento.<\/span><br \/>\n<\/span><\/strong><strong><span style=\"color: #000000;\"><span style=\"font-family: Times New Roman, serif;\"><span lang=\"pt-BR\">4. <\/span><\/span><\/span><\/strong><strong><span style=\"color: #000000;\"><span style=\"font-family: Times New Roman, serif;\"><span lang=\"pt-BR\">O segurado tamb\u00e9m poder\u00e1 fazer todo o atendimento pelo seu plano de sa\u00fade <\/span><\/span><\/span><\/strong><strong><span style=\"color: #000000;\"><span style=\"font-family: Times New Roman, serif;\"><span lang=\"pt-BR\">ou particular <\/span><\/span><\/span><\/strong><strong><span style=\"color: #000000;\"><span style=\"font-family: Times New Roman, serif;\"><span lang=\"pt-BR\">e solicitar o reembolso da coparticipa\u00e7\u00e3o. <\/span><\/span><\/span><\/strong><strong><span style=\"color: #000000;\"><span style=\"font-family: Times New Roman, serif;\"><span lang=\"pt-BR\">A solicita\u00e7\u00e3o d<\/span><\/span><\/span><\/strong><strong><span style=\"color: #000000;\"><span style=\"font-family: Times New Roman, serif;\"><span lang=\"pt-BR\">esse reembolso <\/span><\/span><\/span><\/strong><strong><span style=\"color: #000000;\"><span style=\"font-family: Times New Roman, serif;\"><span lang=\"pt-BR\">dever\u00e1 ser<\/span><\/span><\/span><\/strong><strong><span style=\"color: #000000;\"><span style=\"font-family: Times New Roman, serif;\"><span lang=\"pt-BR\"> em at\u00e9 30 dias, <\/span><\/span><\/span><\/strong><strong><span style=\"color: #000000;\"><span style=\"font-family: Times New Roman, serif;\"><span lang=\"pt-BR\">e<\/span><\/span><\/span><\/strong> <strong><span style=\"color: #000000;\"><span style=\"font-family: Times New Roman, serif;\"><span lang=\"pt-BR\">em<\/span><\/span><\/span><\/strong><strong><span style=\"color: #000000;\"><span style=\"font-family: Times New Roman, serif;\"><span lang=\"pt-BR\"> posse de relat\u00f3rios m\u00e9dicos, <\/span><\/span><\/span><\/strong><strong><span style=\"color: #000000;\"><span style=\"font-family: Times New Roman, serif;\"><span lang=\"pt-BR\">notas fiscais <\/span><\/span><\/span><\/strong><strong><span style=\"color: #000000;\"><span style=\"font-family: Times New Roman, serif;\"><span lang=\"pt-BR\">da<\/span><\/span><\/span><\/strong><strong><span style=\"color: #000000;\"><span style=\"font-family: Times New Roman, serif;\"><span lang=\"pt-BR\">s<\/span><\/span><\/span><\/strong><strong><span style=\"color: #000000;\"><span style=\"font-family: Times New Roman, serif;\"><span lang=\"pt-BR\"> despesas <\/span><\/span><\/span><\/strong><strong><span style=\"color: #000000;\"><span style=\"font-family: Times New Roman, serif;\"><span lang=\"pt-BR\">e<\/span><\/span><\/span><\/strong><strong><span style=\"color: #000000;\"><span style=\"font-family: Times New Roman, serif;\"><span lang=\"pt-BR\"> documentos pessoais. <\/span><\/span><\/span><\/strong><\/span><\/p>\n<p><span style=\"font-size: 18pt;\"><strong><span style=\"color: #000000;\"><span style=\"font-family: Times New Roman, serif;\"><span lang=\"pt-BR\">Acompanhamento do Processo: <a href=\"https:\/\/mag.com.br\/acompanhar-beneficio\/\" target=\"_blank\" rel=\"noopener\"><span style=\"color: #3366ff;\">https:\/\/mag.com.br\/acompanhar-beneficio\/<\/span><\/a><\/span><\/span><\/span><\/strong><\/span><\/td>\n<\/tr>\n<\/tbody>\n<\/table>\n<p><strong><span style=\"font-size: 12pt;\"><a style=\"color: #000000;\" href=\"https:\/\/www3.unicentro.br\/proen\/wp-content\/uploads\/sites\/41\/2024\/03\/Habilitacao-de-beneficiarios-PF.pdf\">Clique aqui<\/a><\/span><\/strong><span style=\"color: #000000; font-size: 12pt; text-align: justify;\"> para acessar o modelo Habilita\u00e7\u00e3o de Benef\u00edcios Pessoa F\u00edsica.<\/span><\/p>\n<p><span style=\"color: #000000; font-size: 12pt;\"><a style=\"color: #000000;\" href=\"https:\/\/www3.unicentro.br\/proen\/wp-content\/uploads\/sites\/41\/2024\/03\/Indicacao-de-Beneficiarios.pdf\"><strong>Clique aqui<\/strong><\/a> para acessar o modelo Indica\u00e7\u00e3o de Benefici\u00e1rios.<\/span><\/p>\n<p><span style=\"color: #000000; font-size: 12pt;\"><a style=\"color: #000000;\" href=\"https:\/\/www3.unicentro.br\/proen\/wp-content\/uploads\/sites\/41\/2024\/03\/Rol-de-herdeiros.pdf\"><strong>Clique aqui<\/strong><\/a> para acessar o modelo Rol de Herdeiros.<\/span><\/p>\n<p><span style=\"color: #000000; font-size: 12pt;\"><strong><a style=\"color: #000000;\" href=\"https:\/\/www3.unicentro.br\/proen\/wp-content\/uploads\/sites\/41\/2025\/02\/01.CONDICOES-GERAIS-VG_-TAXA-MEDIA-1.pdf\" target=\"_blank\" rel=\"noopener\"><span style=\"font-size: 12pt;\">Clique aqui: &nbsp;<\/span>CONDI\u00c7\u00d5ES GERAIS DO SEGURO ESCOLAR<\/a><\/strong><\/span><\/p>\n<p><span style=\"color: #000000;\"><a style=\"color: #000000;\" href=\"https:\/\/www3.unicentro.br\/proen\/wp-content\/uploads\/sites\/41\/2025\/03\/17.-Condicoes-Especiais-DESPESAS-MEDICO-HOSPITALARES-E-ODONTOLOGICAS-POR-ACIDENTE-TAXA-MEDIA.pdf\"><strong><span style=\"font-size: 12pt;\">Clique aqui: CONDI\u00c7\u00d5ES ESPECIAIS<\/span><\/strong><\/a><\/span><\/p>\n<p><span style=\"font-size: 12pt;\"><a href=\"https:\/\/www3.unicentro.br\/proen\/wp-content\/uploads\/sites\/41\/2024\/04\/Contrato-04-2024-UNICENTRO-Gabriel-e-Nelson.pdf\"><strong><span style=\"color: #000000;\">Clique aqui: CONTRATO DE SEGURO<\/span><\/strong><\/a><\/span><\/p>\n<p><span style=\"font-size: 12pt;\"><a href=\"https:\/\/www3.unicentro.br\/proen\/wp-content\/uploads\/sites\/41\/2025\/05\/PROCEDIMENTOS-UNICENTRO.pptx\"><span style=\"color: #000000;\"><b><strong>Clique aqui:<\/strong>&nbsp; SEGURO CONTRATADO<\/b><\/span><\/a><\/span><\/p>\n<p><span style=\"font-size: 12pt;\"><strong><a href=\"https:\/\/www3.unicentro.br\/proen\/wp-content\/uploads\/sites\/41\/2025\/05\/PROCEDIMENTOS-UNICENTRO.pptx\"><span style=\"color: #000000;\"><b>Clique aqui<\/b><\/span><\/a>:<\/strong> <a href=\"https:\/\/www3.unicentro.br\/proen\/wp-content\/uploads\/sites\/41\/2026\/02\/Apolice-unicentro-vigencia-ate-11.03.29.pdf\"><span style=\"color: #000000;\"><b>AP\u00d3LICE DE SEGURO<\/b><\/span><\/a><\/span><\/p>\n<p><span style=\"color: #000000; font-size: 12pt;\">Quaisquer d\u00favidas devem ser esclarecidas diretamente com a corretora, nos telefones informados abaixo.<\/span>[\/vc_message][vc_cta h2=&#8221;Caracter\u00edsticas do seguro&#8221; txt_align=&#8221;justify&#8221; shape=&#8221;square&#8221; style=&#8221;outline&#8221; add_button=&#8221;bottom&#8221; btn_title=&#8221;Condi\u00e7\u00f5es Gerais do Seguro Escolar&#8221; btn_shape=&#8221;square&#8221; btn_color=&#8221;sky&#8221; btn_size=&#8221;lg&#8221; btn_i_icon_fontawesome=&#8221;fas fa-angle-double-right&#8221; btn_css_animation=&#8221;bounceIn&#8221; css_animation=&#8221;fadeIn&#8221; css=&#8221;&#8221; btn_add_icon=&#8221;true&#8221; btn_link=&#8221;url:https%3A%2F%2Fwww3.unicentro.br%2Fproen%2Fwp-content%2Fuploads%2Fsites%2F41%2F2024%2F03%2FCONDICOES-GERAIS-DO-SEGURO-ESCOLAR.pdf|target:_blank&#8221;]<span style=\"font-size: 14pt\"><strong>As seguintes coberturas\/benef\u00edcios est\u00e3o previstas na referida ap\u00f3lice:<\/strong><\/span><\/p>\n<p style=\"text-align: justify\"><span style=\"font-size: 14pt;color: #000000\">a) Cobertura 24 (vinte e quatro) horas por dia, e 7 (sete) dias por semana, para eventos corridos dentro e fora das depend\u00eancias da Unicentro;<\/span><br \/>\n<span style=\"font-size: 14pt;color: #000000\">b) Pronto atendimento m\u00e9dico hospitalar (diretamente em qualquer hospital mediante solicita\u00e7\u00e3o de nota fiscal, j\u00e1 que o reembolso ser\u00e1 por meio de comprova\u00e7\u00e3o solicitada pelo segurado;<\/span><br \/>\n<span style=\"font-size: 14pt;color: #000000\">c) Indeniza\u00e7\u00e3o familiar, por morte acidental do segurado,\u00a0 R$12.000,00 (doze mil reais);<\/span><br \/>\n<span style=\"font-size: 14pt;color: #000000\">d) Indeniza\u00e7\u00e3o por invalidez permanente total ou parcial por acidente no valor de R$12.000,00 (doze mil reais);<\/span><br \/>\n<span style=\"font-size: 14pt;color: #000000\">e) Indeniza\u00e7\u00e3o por despesas m\u00e9dicas, hospitalares e odontol\u00f3gicas, no valor de R$12.000,00 (doze mil reais), por evento;<\/span><br \/>\n<span style=\"font-size: 14pt;color: #000000\">f) <\/span><span style=\"font-size: 14pt;color: #000000\">Cobertura Internacional;<\/span><br \/>\n<span style=\"font-size: 14pt;color: #000000\">g) A cobertura de seguro, dever\u00e1 atender no m\u00ednimo as seguintes especificidades de cada curso:<\/span><br \/>\n<span style=\"font-size: 14pt;color: #000000\">\u00a0 \u00a0g.1 automobil\u00edstico;<\/span><br \/>\n<span style=\"font-size: 14pt;color: #000000\">\u00a0 \u00a0g.2 ataque de animais;<\/span><br \/>\n<span style=\"font-size: 14pt;color: #000000\">\u00a0 \u00a0g.3 material radioativo, biol\u00f3gico e microrganismo;<\/span><br \/>\n<span style=\"font-size: 14pt;color: #000000\">\u00a0 \u00a0g.4 choque el\u00e9trico (eletrocuss\u00e3o)<\/span><br \/>\n<span style=\"font-size: 14pt;color: #000000\">\u00a0 \u00a0g.5 fraturas, contus\u00f5es, cortes, perfura\u00e7\u00f5es e luxa\u00e7\u00f5es;<\/span><br \/>\n<span style=\"font-size: 14pt;color: #000000\">\u00a0 \u00a0g.6 produtos qu\u00edmicos;<\/span><br \/>\n<span style=\"font-size: 14pt;color: #000000\">\u00a0 \u00a0g.7 quedas;<\/span><br \/>\n<span style=\"font-size: 14pt;color: #000000\">\u00a0 \u00a0g.8 queimaduras;<\/span>[\/vc_cta][\/vc_column][\/vc_row][vc_row][vc_column][vc_message style=&#8221;square&#8221; css_animation=&#8221;fadeIn&#8221; css=&#8221;&#8221;]<span style=\"font-size: 14pt\"><strong>Mais informa\u00e7\u00f5es sobre o seguro:<\/strong><\/span><\/p>\n<p><span style=\"font-size: 14pt\"><strong>Mongeral Aegon Seguros e Previd\u00eancia S.A.<\/strong> &#8211;<\/span><\/p>\n<p><span style=\"font-size: 14pt\">Tel.: +55 21 3722 2200<\/span><br \/>\n<span style=\"font-size: 14pt\">Fax.: +55 21 3722 2222<\/span><br \/>\n<span style=\"font-size: 14pt\">Email: <a href=\"http:\/\/&lt;seguroslicitacoes@mag.com.br&gt;\" target=\"_blank\" rel=\"noopener\">&lt;seguroslicitacoes@mag.com.br&gt;<\/a><\/span><\/p>\n<p><span style=\"font-size: 14pt\"><a href=\"https:\/\/mag.com.br\/\" target=\"_blank\" rel=\"noopener\">Site: mag.com.br<\/a><\/span><\/p>\n<ul>\n<li><span style=\"font-size: 14pt\"><b>Central de Atendimento para d\u00favidas e esclarecimentos<\/b> \u2013 <strong>0800 770 4369<\/strong><b><span style=\"font-size: 14pt\">\u00a0<\/span>das 8h \u00e0s 20h<\/b><\/span><\/li>\n<\/ul>\n<p>[\/vc_message][\/vc_column][\/vc_row][vc_row][vc_column][\/vc_column][\/vc_row]<\/p>\n<\/div>","protected":false},"excerpt":{"rendered":"<p>[vc_row][vc_column][vc_column_text css=&#8221;&#8221; el_id=&#8221;https:\/\/www3.unicentro.br\/proen\/wp-content\/uploads\/sites\/41\/2024\/06\/PARA-SITE_MAIO_24.pdf&#8221;] A AP\u00d3LICE DE SEGURO CONTRATADA PELA UNICENTRO ABRANGE TODOS OS ALUNOS REGULARMENTE MATRICULADOS NA INSTITUI\u00c7\u00c3O. Se acontecer um acidente com discente\/servidor e ficarem inconscientes, sem respira\u00e7\u00e3o ou com respira\u00e7\u00e3o anormal e\/ou qualquer evento de emerg\u00eancia, acione o SAMU &#8211; Servi\u00e7o de Atendimento M\u00f3vel de Urg\u00eancia, atrav\u00e9s do telefone 192. \u201cO seguro visa [&hellip;]<\/p>\n","protected":false},"author":446,"featured_media":0,"parent":0,"menu_order":0,"comment_status":"closed","ping_status":"closed","template":"","meta":{"_exactmetrics_skip_tracking":false,"_exactmetrics_sitenote_active":false,"_exactmetrics_sitenote_note":"","_exactmetrics_sitenote_category":0,"footnotes":"","_links_to":"","_links_to_target":""},"class_list":["post-199","page","type-page","status-publish","hentry"],"_links":{"self":[{"href":"https:\/\/www3.unicentro.br\/proen\/wp-json\/wp\/v2\/pages\/199","targetHints":{"allow":["GET"]}}],"collection":[{"href":"https:\/\/www3.unicentro.br\/proen\/wp-json\/wp\/v2\/pages"}],"about":[{"href":"https:\/\/www3.unicentro.br\/proen\/wp-json\/wp\/v2\/types\/page"}],"author":[{"embeddable":true,"href":"https:\/\/www3.unicentro.br\/proen\/wp-json\/wp\/v2\/users\/446"}],"replies":[{"embeddable":true,"href":"https:\/\/www3.unicentro.br\/proen\/wp-json\/wp\/v2\/comments?post=199"}],"version-history":[{"count":1,"href":"https:\/\/www3.unicentro.br\/proen\/wp-json\/wp\/v2\/pages\/199\/revisions"}],"predecessor-version":[{"id":13996,"href":"https:\/\/www3.unicentro.br\/proen\/wp-json\/wp\/v2\/pages\/199\/revisions\/13996"}],"wp:attachment":[{"href":"https:\/\/www3.unicentro.br\/proen\/wp-json\/wp\/v2\/media?parent=199"}],"curies":[{"name":"wp","href":"https:\/\/api.w.org\/{rel}","templated":true}]}}