{"id":1993,"date":"2020-03-13T15:54:06","date_gmt":"2020-03-13T18:54:06","guid":{"rendered":"https:\/\/www3.unicentro.br\/proec\/?page_id=1993"},"modified":"2025-11-17T16:46:55","modified_gmt":"2025-11-17T19:46:55","slug":"nivelamento","status":"publish","type":"page","link":"https:\/\/www3.unicentro.br\/proec\/promul\/nivelamento\/","title":{"rendered":"Nivelamento"},"content":{"rendered":"<div class=\"wpb-content-wrapper\"><p>[vc_row][vc_column][vc_column_text css=&#8221;&#8221;]<img loading=\"lazy\" decoding=\"async\" class=\"alignnone wp-image-2008 size-full\" src=\"https:\/\/www3.unicentro.br\/proec\/wp-content\/uploads\/sites\/73\/2020\/03\/topo-doc-promul.png\" alt=\"\" width=\"1923\" height=\"273\" srcset=\"https:\/\/www3.unicentro.br\/proec\/wp-content\/uploads\/sites\/73\/2020\/03\/topo-doc-promul.png 1923w, https:\/\/www3.unicentro.br\/proec\/wp-content\/uploads\/sites\/73\/2020\/03\/topo-doc-promul-300x43.png 300w, https:\/\/www3.unicentro.br\/proec\/wp-content\/uploads\/sites\/73\/2020\/03\/topo-doc-promul-1024x145.png 1024w, https:\/\/www3.unicentro.br\/proec\/wp-content\/uploads\/sites\/73\/2020\/03\/topo-doc-promul-768x109.png 768w, https:\/\/www3.unicentro.br\/proec\/wp-content\/uploads\/sites\/73\/2020\/03\/topo-doc-promul-1536x218.png 1536w, https:\/\/www3.unicentro.br\/proec\/wp-content\/uploads\/sites\/73\/2020\/03\/topo-doc-promul-255x36.png 255w\" sizes=\"auto, (max-width: 1923px) 100vw, 1923px\" \/><\/p>\n<p class=\"western\">Indicado para pessoas que j\u00e1 possuem conhecimento pr\u00e9vio do idioma. O teste de nivelamento \u00e9\u00a0<u><b>obrigat\u00f3rio e recomendado<\/b><\/u> para estudantes que n\u00e3o sabem em qual n\u00edvel devem se matricular.<\/p>\n<p class=\"western\">O teste \u00e9 ofertado gratuitamente. Inscreva-se na turma <b>Nivelamento<\/b> do curso pretendido. No in\u00edcio das matr\u00edculas ser\u00e3o divulgados os dias e hor\u00e1rios dos testes.<\/p>\n<p class=\"western\">Em caso de d\u00favida, entre em contato pelo e-mail <span style=\"color: #0563c1\"><u><a href=\"mailto:promulunicentro@gmail.com\">promulunicentro@gmail.com<\/a><\/u><\/span><\/p>\n<p>[\/vc_column_text][\/vc_column][\/vc_row]<\/p>\n<\/div>","protected":false},"excerpt":{"rendered":"<p>[vc_row][vc_column][vc_column_text css=&#8221;&#8221;] Indicado para pessoas que j\u00e1 possuem conhecimento pr\u00e9vio do idioma. O teste de nivelamento \u00e9\u00a0obrigat\u00f3rio e recomendado para estudantes que n\u00e3o sabem em qual n\u00edvel devem se matricular. O teste \u00e9 ofertado gratuitamente. Inscreva-se na turma Nivelamento do curso pretendido. No in\u00edcio das matr\u00edculas ser\u00e3o divulgados os dias e hor\u00e1rios dos testes. Em [&hellip;]<\/p>\n","protected":false},"author":224,"featured_media":0,"parent":1982,"menu_order":0,"comment_status":"closed","ping_status":"closed","template":"","meta":{"_exactmetrics_skip_tracking":false,"_exactmetrics_sitenote_active":false,"_exactmetrics_sitenote_note":"","_exactmetrics_sitenote_category":0,"footnotes":"","_links_to":"","_links_to_target":""},"class_list":["post-1993","page","type-page","status-publish","hentry"],"publishpress_future_action":{"enabled":false,"date":"2026-04-16 04:05:18","action":"change-status","newStatus":"draft","terms":[],"taxonomy":"","extraData":[]},"publishpress_future_workflow_manual_trigger":{"enabledWorkflows":[]},"_links":{"self":[{"href":"https:\/\/www3.unicentro.br\/proec\/wp-json\/wp\/v2\/pages\/1993","targetHints":{"allow":["GET"]}}],"collection":[{"href":"https:\/\/www3.unicentro.br\/proec\/wp-json\/wp\/v2\/pages"}],"about":[{"href":"https:\/\/www3.unicentro.br\/proec\/wp-json\/wp\/v2\/types\/page"}],"author":[{"embeddable":true,"href":"https:\/\/www3.unicentro.br\/proec\/wp-json\/wp\/v2\/users\/224"}],"replies":[{"embeddable":true,"href":"https:\/\/www3.unicentro.br\/proec\/wp-json\/wp\/v2\/comments?post=1993"}],"version-history":[{"count":2,"href":"https:\/\/www3.unicentro.br\/proec\/wp-json\/wp\/v2\/pages\/1993\/revisions"}],"predecessor-version":[{"id":13319,"href":"https:\/\/www3.unicentro.br\/proec\/wp-json\/wp\/v2\/pages\/1993\/revisions\/13319"}],"up":[{"embeddable":true,"href":"https:\/\/www3.unicentro.br\/proec\/wp-json\/wp\/v2\/pages\/1982"}],"wp:attachment":[{"href":"https:\/\/www3.unicentro.br\/proec\/wp-json\/wp\/v2\/media?parent=1993"}],"curies":[{"name":"wp","href":"https:\/\/api.w.org\/{rel}","templated":true}]}}