{"id":1922,"date":"2020-03-12T13:36:31","date_gmt":"2020-03-12T16:36:31","guid":{"rendered":"https:\/\/www3.unicentro.br\/proec\/?page_id=1922"},"modified":"2024-09-04T10:41:45","modified_gmt":"2024-09-04T13:41:45","slug":"neddijirati","status":"publish","type":"page","link":"https:\/\/www3.unicentro.br\/proec\/neddijirati\/","title":{"rendered":"N\u00facleo de Estudos e Defesa dos Direitos da Inf\u00e2ncia e Juventude &#8211; NEDDIJ Irati"},"content":{"rendered":"<p><img loading=\"lazy\" decoding=\"async\" class=\"size-medium wp-image-1976 alignright\" src=\"https:\/\/www3.unicentro.br\/proec\/wp-content\/uploads\/sites\/73\/2020\/03\/Neddij-logo-21-264x300.png\" alt=\"\" width=\"264\" height=\"300\" srcset=\"https:\/\/www3.unicentro.br\/proec\/wp-content\/uploads\/sites\/73\/2020\/03\/Neddij-logo-21-264x300.png 264w, https:\/\/www3.unicentro.br\/proec\/wp-content\/uploads\/sites\/73\/2020\/03\/Neddij-logo-21-902x1024.png 902w, https:\/\/www3.unicentro.br\/proec\/wp-content\/uploads\/sites\/73\/2020\/03\/Neddij-logo-21-768x872.png 768w, https:\/\/www3.unicentro.br\/proec\/wp-content\/uploads\/sites\/73\/2020\/03\/Neddij-logo-21-255x289.png 255w, https:\/\/www3.unicentro.br\/proec\/wp-content\/uploads\/sites\/73\/2020\/03\/Neddij-logo-21.png 1057w\" sizes=\"auto, (max-width: 264px) 100vw, 264px\" \/><\/p>\n<p align=\"justify\">O N\u00facleo de Estudos e Defesa dos Direitos da Inf\u00e2ncia e Juventude (NEDDIJ) Irati funciona como um projeto de extens\u00e3o, como uma parceria entre a Secretaria de Estado da Ci\u00eancia, Tecnologia e Ensino Superior do Paran\u00e1 (SETI-PR) e a Universidade Estadual do Centro-Oeste do Paran\u00e1 (UNICENTRO).<\/p>\n<p align=\"justify\">O NEDDIJ integra o \u201cSistema de Garantia dos Direitos da Crian\u00e7a e do Adolescente\u201d, atuando alinhado \u00e0s Pol\u00edticas P\u00fablicas no estabelecimento de Redes Sociais de Prote\u00e7\u00e3o \u00e0 crian\u00e7as e adolescentes nas frentes de defesa, garantia e preven\u00e7\u00e3o da viola\u00e7\u00e3o dos direitos deste p\u00fablico.<\/p>\n<p align=\"justify\"><strong>OBJETIVOS<\/strong><\/p>\n<p align=\"justify\">Atuar na defesa, garantia e preven\u00e7\u00e3o dos direitos de crian\u00e7as e adolescentes; desenvolver a\u00e7\u00f5es socioeducativas em torno do Estatuto da Crian\u00e7a e do Adolescente &#8211; ECA; atender e acompanhar esse p\u00fablico e os efeitos das viola\u00e7\u00f5es de direitos.<\/p>\n","protected":false},"excerpt":{"rendered":"<p>O N\u00facleo de Estudos e Defesa dos Direitos da Inf\u00e2ncia e Juventude (NEDDIJ) Irati funciona como um projeto de extens\u00e3o, como uma parceria entre a Secretaria de Estado da Ci\u00eancia, Tecnologia e Ensino Superior do Paran\u00e1 (SETI-PR) e a Universidade Estadual do Centro-Oeste do Paran\u00e1 (UNICENTRO). O NEDDIJ integra o \u201cSistema de Garantia dos Direitos [&hellip;]<\/p>\n","protected":false},"author":224,"featured_media":0,"parent":0,"menu_order":0,"comment_status":"closed","ping_status":"closed","template":"","meta":{"_exactmetrics_skip_tracking":false,"_exactmetrics_sitenote_active":false,"_exactmetrics_sitenote_note":"","_exactmetrics_sitenote_category":0,"footnotes":"","_links_to":"","_links_to_target":""},"class_list":["post-1922","page","type-page","status-publish","hentry"],"publishpress_future_action":{"enabled":false,"date":"2026-04-15 22:36:19","action":"change-status","newStatus":"draft","terms":[],"taxonomy":"","extraData":[]},"publishpress_future_workflow_manual_trigger":{"enabledWorkflows":[]},"_links":{"self":[{"href":"https:\/\/www3.unicentro.br\/proec\/wp-json\/wp\/v2\/pages\/1922","targetHints":{"allow":["GET"]}}],"collection":[{"href":"https:\/\/www3.unicentro.br\/proec\/wp-json\/wp\/v2\/pages"}],"about":[{"href":"https:\/\/www3.unicentro.br\/proec\/wp-json\/wp\/v2\/types\/page"}],"author":[{"embeddable":true,"href":"https:\/\/www3.unicentro.br\/proec\/wp-json\/wp\/v2\/users\/224"}],"replies":[{"embeddable":true,"href":"https:\/\/www3.unicentro.br\/proec\/wp-json\/wp\/v2\/comments?post=1922"}],"version-history":[{"count":1,"href":"https:\/\/www3.unicentro.br\/proec\/wp-json\/wp\/v2\/pages\/1922\/revisions"}],"predecessor-version":[{"id":9436,"href":"https:\/\/www3.unicentro.br\/proec\/wp-json\/wp\/v2\/pages\/1922\/revisions\/9436"}],"wp:attachment":[{"href":"https:\/\/www3.unicentro.br\/proec\/wp-json\/wp\/v2\/media?parent=1922"}],"curies":[{"name":"wp","href":"https:\/\/api.w.org\/{rel}","templated":true}]}}