{"id":1920,"date":"2020-03-12T13:36:09","date_gmt":"2020-03-12T16:36:09","guid":{"rendered":"https:\/\/www3.unicentro.br\/proec\/?page_id=1920"},"modified":"2024-09-04T10:53:04","modified_gmt":"2024-09-04T13:53:04","slug":"neddijguarapuava","status":"publish","type":"page","link":"https:\/\/www3.unicentro.br\/proec\/neddijguarapuava\/","title":{"rendered":"N\u00facleo de Estudos e Defesa dos Direitos da Inf\u00e2ncia e Juventude &#8211; NEDDIJ Guarapuava"},"content":{"rendered":"<p align=\"justify\"><img loading=\"lazy\" decoding=\"async\" class=\"size-medium wp-image-1976 alignright\" src=\"https:\/\/www3.unicentro.br\/proec\/wp-content\/uploads\/sites\/73\/2020\/03\/Neddij-logo-21-264x300.png\" alt=\"\" width=\"264\" height=\"300\" srcset=\"https:\/\/www3.unicentro.br\/proec\/wp-content\/uploads\/sites\/73\/2020\/03\/Neddij-logo-21-264x300.png 264w, https:\/\/www3.unicentro.br\/proec\/wp-content\/uploads\/sites\/73\/2020\/03\/Neddij-logo-21-902x1024.png 902w, https:\/\/www3.unicentro.br\/proec\/wp-content\/uploads\/sites\/73\/2020\/03\/Neddij-logo-21-768x872.png 768w, https:\/\/www3.unicentro.br\/proec\/wp-content\/uploads\/sites\/73\/2020\/03\/Neddij-logo-21-255x289.png 255w, https:\/\/www3.unicentro.br\/proec\/wp-content\/uploads\/sites\/73\/2020\/03\/Neddij-logo-21.png 1057w\" sizes=\"auto, (max-width: 264px) 100vw, 264px\" \/><\/p>\n<p align=\"justify\">O N\u00facleo de Estudos e Defesa dos Direitos da Inf\u00e2ncia e Juventude &#8211; NEDDIJ \u00e9 um projeto de extens\u00e3o, financiado pela Unidade Executora do Fundo Paran\u00e1 (UEF), o qual atende a Comarca de Guarapuava. A fim de ampliar e fortalecer a proposta de trabalho intersetorial e em rede, nos termos da responsabilidade compartilhada que \u00e9 inerente a Pol\u00edtica de Atendimento dos Direitos da Crian\u00e7a e do Adolescente e sua respectiva base principiol\u00f3gica \u2013 prioridade absoluta e prote\u00e7\u00e3o integral, o NEDDIJ tem o objetivo de desenvolver a\u00e7\u00f5es de promo\u00e7\u00e3o e defesa do direito fundamental \u00e0 conviv\u00eancia familiar e comunit\u00e1ria de crian\u00e7as e adolescentes da Comarca de Guarapuava, a partir da atua\u00e7\u00e3o de equipe multidisciplinar e em articula\u00e7\u00e3o com os demais atores do Sistema de Garantia de Direitos da Crian\u00e7a e do Adolescente (SGDCA).<\/p>\n<p>S\u00e3o objetivos espec\u00edficos do projeto:<\/p>\n<ul>\n<li>\n<p align=\"justify\">Contribuir para amplia\u00e7\u00e3o da prote\u00e7\u00e3o integral e prioridade absoluta de crian\u00e7as e adolescentes a partir do fortalecimento do direito \u00e0 conviv\u00eancia familiar e comunit\u00e1ria;<\/p>\n<\/li>\n<li>\n<p align=\"justify\">Possibilitar processos ampliados de acesso \u00e0 justi\u00e7a, por meio de atendimentos e orienta\u00e7\u00f5es de natureza jur\u00eddica, psicol\u00f3gica e social \u00e0s crian\u00e7as, adolescentes e suas fam\u00edlias;<\/p>\n<\/li>\n<li>\n<p align=\"justify\">Desenvolver pesquisas e aprendizados profissionais interdisciplinares na \u00e1rea da crian\u00e7a e do adolescente;<\/p>\n<\/li>\n<li>\n<p align=\"justify\">Fortalecer o SGDCA atrav\u00e9s de a\u00e7\u00f5es de promo\u00e7\u00e3o, defesa e controle social democr\u00e1tico;<\/p>\n<\/li>\n<li>\n<p align=\"justify\">Fortalecer pr\u00e1ticas extrajudiciais de resolu\u00e7\u00e3o de conflitos;<\/p>\n<\/li>\n<li>\n<p align=\"justify\">Contribuir para o cumprimento da fun\u00e7\u00e3o social da universidade p\u00fablica a partir da extens\u00e3o comunicativa.<\/p>\n<\/li>\n<\/ul>\n","protected":false},"excerpt":{"rendered":"<p>O N\u00facleo de Estudos e Defesa dos Direitos da Inf\u00e2ncia e Juventude &#8211; NEDDIJ \u00e9 um projeto de extens\u00e3o, financiado pela Unidade Executora do Fundo Paran\u00e1 (UEF), o qual atende a Comarca de Guarapuava. A fim de ampliar e fortalecer a proposta de trabalho intersetorial e em rede, nos termos da responsabilidade compartilhada que \u00e9 [&hellip;]<\/p>\n","protected":false},"author":224,"featured_media":0,"parent":0,"menu_order":0,"comment_status":"closed","ping_status":"closed","template":"","meta":{"_exactmetrics_skip_tracking":false,"_exactmetrics_sitenote_active":false,"_exactmetrics_sitenote_note":"","_exactmetrics_sitenote_category":0,"footnotes":"","_links_to":"","_links_to_target":""},"class_list":["post-1920","page","type-page","status-publish","hentry"],"publishpress_future_action":{"enabled":false,"date":"2026-04-16 03:59:44","action":"change-status","newStatus":"draft","terms":[],"taxonomy":"","extraData":[]},"publishpress_future_workflow_manual_trigger":{"enabledWorkflows":[]},"_links":{"self":[{"href":"https:\/\/www3.unicentro.br\/proec\/wp-json\/wp\/v2\/pages\/1920","targetHints":{"allow":["GET"]}}],"collection":[{"href":"https:\/\/www3.unicentro.br\/proec\/wp-json\/wp\/v2\/pages"}],"about":[{"href":"https:\/\/www3.unicentro.br\/proec\/wp-json\/wp\/v2\/types\/page"}],"author":[{"embeddable":true,"href":"https:\/\/www3.unicentro.br\/proec\/wp-json\/wp\/v2\/users\/224"}],"replies":[{"embeddable":true,"href":"https:\/\/www3.unicentro.br\/proec\/wp-json\/wp\/v2\/comments?post=1920"}],"version-history":[{"count":1,"href":"https:\/\/www3.unicentro.br\/proec\/wp-json\/wp\/v2\/pages\/1920\/revisions"}],"predecessor-version":[{"id":9441,"href":"https:\/\/www3.unicentro.br\/proec\/wp-json\/wp\/v2\/pages\/1920\/revisions\/9441"}],"wp:attachment":[{"href":"https:\/\/www3.unicentro.br\/proec\/wp-json\/wp\/v2\/media?parent=1920"}],"curies":[{"name":"wp","href":"https:\/\/api.w.org\/{rel}","templated":true}]}}