{"id":1863,"date":"2020-03-12T10:49:43","date_gmt":"2020-03-12T13:49:43","guid":{"rendered":"https:\/\/www3.unicentro.br\/proec\/?page_id=1863"},"modified":"2024-09-04T11:50:02","modified_gmt":"2024-09-04T14:50:02","slug":"comoparticipar","status":"publish","type":"page","link":"https:\/\/www3.unicentro.br\/proec\/prevestibular\/comoparticipar\/","title":{"rendered":"Pr\u00e9-Vestibular &#8211; Como participar"},"content":{"rendered":"<p><img loading=\"lazy\" decoding=\"async\" class=\"alignnone wp-image-1823 \" src=\"https:\/\/www3.unicentro.br\/proec\/wp-content\/uploads\/sites\/73\/2020\/03\/Banner-Site-Pr\u00e9-Vestibular-768x109-1.png\" alt=\"\" width=\"845\" height=\"120\" srcset=\"https:\/\/www3.unicentro.br\/proec\/wp-content\/uploads\/sites\/73\/2020\/03\/Banner-Site-Pr\u00e9-Vestibular-768x109-1.png 768w, https:\/\/www3.unicentro.br\/proec\/wp-content\/uploads\/sites\/73\/2020\/03\/Banner-Site-Pr\u00e9-Vestibular-768x109-1-300x43.png 300w, https:\/\/www3.unicentro.br\/proec\/wp-content\/uploads\/sites\/73\/2020\/03\/Banner-Site-Pr\u00e9-Vestibular-768x109-1-255x36.png 255w\" sizes=\"auto, (max-width: 845px) 100vw, 845px\" \/><\/p>\n<p align=\"justify\">Para participar do curso, o interessado(a) deve se inscrever no per\u00edodo designado no edital de abertura de inscri\u00e7\u00f5es, disponibilizado em <a href=\"https:\/\/www3.unicentro.br\/proec\/editais\/\"><span style=\"text-decoration: underline\">https:\/\/www3.unicentro.br\/proec\/editais\/<\/span><\/a>, pois o curso \u00e9 ofertado anualmente e disponibiliza 50 vagas. Ap\u00f3s a inscri\u00e7\u00e3o, o candidato (a) passar\u00e1 por um processo seletivo que \u00e9 composto por prova de conhecimentos gerais e reda\u00e7\u00e3o. Os candidatos selecionados formar\u00e3o a turma de 50 estudantes do Curso Pr\u00e9-Vestibular.<\/p>\n<p align=\"justify\">O Curso Pr\u00e9-Vestibular n\u00e3o possui mensalidades, apenas um custo da taxa de inscri\u00e7\u00e3o, que \u00e9 revertido para uma camiseta do projeto entregue aos alunos.<\/p>\n<p><b>Quem pode participar?<\/b><\/p>\n<p align=\"justify\">Podem se inscrever para o processo seletivo estudantes dos 3\u00ba e 4\u00ba anos (regular e t\u00e9cnico, respectivamente), bem como egressos do ensino m\u00e9dio da Rede P\u00fablica de Guarapuava e Regi\u00e3o. Os estudantes oriundos de institui\u00e7\u00f5es de ensino privadas, na condi\u00e7\u00e3o de bolsistas integrais, tamb\u00e9m podem participar do processo seletivo, desde que seja comprovada a condi\u00e7\u00e3o de bolsista.<\/p>\n","protected":false},"excerpt":{"rendered":"<p>Para participar do curso, o interessado(a) deve se inscrever no per\u00edodo designado no edital de abertura de inscri\u00e7\u00f5es, disponibilizado em https:\/\/www3.unicentro.br\/proec\/editais\/, pois o curso \u00e9 ofertado anualmente e disponibiliza 50 vagas. Ap\u00f3s a inscri\u00e7\u00e3o, o candidato (a) passar\u00e1 por um processo seletivo que \u00e9 composto por prova de conhecimentos gerais e reda\u00e7\u00e3o. Os candidatos selecionados [&hellip;]<\/p>\n","protected":false},"author":224,"featured_media":0,"parent":1743,"menu_order":0,"comment_status":"closed","ping_status":"closed","template":"","meta":{"_exactmetrics_skip_tracking":false,"_exactmetrics_sitenote_active":false,"_exactmetrics_sitenote_note":"","_exactmetrics_sitenote_category":0,"footnotes":"","_links_to":"","_links_to_target":""},"class_list":["post-1863","page","type-page","status-publish","hentry"],"publishpress_future_action":{"enabled":false,"date":"2026-04-16 01:07:33","action":"change-status","newStatus":"draft","terms":[],"taxonomy":"","extraData":[]},"publishpress_future_workflow_manual_trigger":{"enabledWorkflows":[]},"_links":{"self":[{"href":"https:\/\/www3.unicentro.br\/proec\/wp-json\/wp\/v2\/pages\/1863","targetHints":{"allow":["GET"]}}],"collection":[{"href":"https:\/\/www3.unicentro.br\/proec\/wp-json\/wp\/v2\/pages"}],"about":[{"href":"https:\/\/www3.unicentro.br\/proec\/wp-json\/wp\/v2\/types\/page"}],"author":[{"embeddable":true,"href":"https:\/\/www3.unicentro.br\/proec\/wp-json\/wp\/v2\/users\/224"}],"replies":[{"embeddable":true,"href":"https:\/\/www3.unicentro.br\/proec\/wp-json\/wp\/v2\/comments?post=1863"}],"version-history":[{"count":1,"href":"https:\/\/www3.unicentro.br\/proec\/wp-json\/wp\/v2\/pages\/1863\/revisions"}],"predecessor-version":[{"id":9472,"href":"https:\/\/www3.unicentro.br\/proec\/wp-json\/wp\/v2\/pages\/1863\/revisions\/9472"}],"up":[{"embeddable":true,"href":"https:\/\/www3.unicentro.br\/proec\/wp-json\/wp\/v2\/pages\/1743"}],"wp:attachment":[{"href":"https:\/\/www3.unicentro.br\/proec\/wp-json\/wp\/v2\/media?parent=1863"}],"curies":[{"name":"wp","href":"https:\/\/api.w.org\/{rel}","templated":true}]}}