{"id":1532,"date":"2020-02-07T09:53:01","date_gmt":"2020-02-07T12:53:01","guid":{"rendered":"https:\/\/www3.unicentro.br\/proec\/?page_id=1532"},"modified":"2025-09-01T14:44:19","modified_gmt":"2025-09-01T17:44:19","slug":"eventos-de-extensao","status":"publish","type":"page","link":"https:\/\/www3.unicentro.br\/proec\/eventos-de-extensao\/","title":{"rendered":"Eventos de Extens\u00e3o"},"content":{"rendered":"<p><span style=\"font-size: 10pt\"><b>Congresso Brasileiro de Extens\u00e3o Universit\u00e1ria &#8211; CBEU<\/b><\/span><\/p>\n<p><span style=\"font-size: 10pt\">O CBEU \u00e9 um encontro cient\u00edfico que congrega nacionalmente todos os que trabalham na \u00e1rea da extens\u00e3o universit\u00e1ria. O evento, proposto pelo F\u00f3rum de Pr\u00f3-Reitores de Extens\u00e3o das Universidades P\u00fablicas Brasileiras, FORPROEX, acontece de 2 em 2 anos, e \u00e9 o maior evento nacional de extens\u00e3o universit\u00e1ria.<\/span><\/p>\n<p><span style=\"font-size: 10pt\">Acesse: <span style=\"color: #0000ff\"><u><a style=\"color: #0000ff\" href=\"https:\/\/www.ufmg.br\/proex\/renex\/index.php\/eventos\/congresso-brasileiro-de-extensao-universitaria\">https:\/\/www.ufmg.br\/proex\/renex\/index.php\/eventos\/congresso-brasileiro-de-extensao-universitaria<\/a><\/u><\/span><\/span><\/p>\n<p>&nbsp;<\/p>\n<p><span style=\"font-size: 10pt\"><b>Semin\u00e1rio de Extens\u00e3o Universit\u00e1ria da Regi\u00e3o Sul &#8211; SEURS<\/b><\/span><\/p>\n<p align=\"justify\"><span style=\"font-size: 10pt\">O SEURS \u00e9 um evento anual que promove o interc\u00e2mbio entre as Universidades da Regi\u00e3o Sul, possibilitando discuss\u00f5es e trocas de experi\u00eancias extensionistas.<\/span><\/p>\n<p align=\"justify\"><span style=\"font-size: 10pt\">Acesse o edital de sele\u00e7\u00e3o interna de trabalhos para o\u00a0 SEURS: <span style=\"text-decoration: underline\"><span style=\"color: #0000ff;text-decoration: underline\"><a style=\"color: #0000ff;text-decoration: underline\" href=\"https:\/\/www3.unicentro.br\/proec\/editais\/\">https:\/\/www3.unicentro.br\/proec\/editais\/<\/a><\/span><\/span>\u00a0<\/span><\/p>\n<p>&nbsp;<\/p>\n<p align=\"justify\"><span style=\"font-size: 10pt\"><b>Congresso de Extens\u00e3o da Associa\u00e7\u00e3o de Universidades Grupo Montevideo &#8211; AUGM <\/b><\/span><\/p>\n<p align=\"justify\"><span style=\"font-size: 10pt\">O Brasil sediar\u00e1 o 8\u00ba Congresso de Extens\u00e3o da Associa\u00e7\u00e3o de Universidades Grupo Montevideo &#8211; AUGM, que ser\u00e1 realizado nos dias 26, 27 e 28 de novembro de 2025 com o t\u00edtulo \u201cRedes para a internacionaliza\u00e7\u00e3o da extens\u00e3o universit\u00e1ria\u201d.\u00a0<\/span><\/p>\n<p align=\"justify\"><span style=\"font-size: 10pt\">Acesse: <span style=\"text-decoration: underline;color: #0000ff\">https:\/\/grupomontevideo.org\/site\/<\/span> e <span style=\"text-decoration: underline\"><span style=\"color: #0000ff;text-decoration: underline\">https:\/\/www.ufmg.br\/augm2025\/extensao\/<\/span><\/span><\/span><\/p>\n<p>&nbsp;<\/p>\n<p><span style=\"font-size: 10pt\"><b>Congresso Latino-Americano e Caribenho de Extens\u00e3o Universit\u00e1ria<\/b><\/span><\/p>\n<p align=\"justify\"><span style=\"font-size: 10pt\">O evento \u00e9 organizado pela Uni\u00e3o Latino-Americana de Extens\u00e3o Universit\u00e1ria &#8211; ULEU em parceira com as universidades-sede do evento.<\/span><\/p>\n<p align=\"justify\"><span style=\"font-size: 10pt\">O congresso tem como objetivo e fun\u00e7\u00e3o promover o interc\u00e2mbio cient\u00edfico e discuss\u00e3o sobre temas de interesse para a atividade de extens\u00e3o, proporcionar novas experi\u00eancias e propostas de solu\u00e7\u00f5es para os problemas relacionados com o ambiente sociocultural universit\u00e1rio e seu impacto social, al\u00e9m de otimizar a coopera\u00e7\u00e3o internacional entre universidades, institui\u00e7\u00f5es de pesquisa e outras entidades, cujo trabalho de extens\u00e3o \u00e9 realizada sob o desenvolvimento humano e social em ambientes educacionais, produtores e comunit\u00e1rios.<\/span><\/p>\n<p>&nbsp;<\/p>\n<p><span style=\"font-size: 10pt\"><b>Semana de Integra\u00e7\u00e3o Ensino, Pesquisa e Extens\u00e3o \u2013 SIEPE da UNICENTRO<\/b><\/span><\/p>\n<p align=\"justify\"><span style=\"font-size: 10pt\">O principal objetivo da SIEPE \u00e9 propiciar a cria\u00e7\u00e3o de um espa\u00e7o para a discuss\u00e3o de temas importantes da vida acad\u00eamica e a divulga\u00e7\u00e3o de pesquisas e de a\u00e7\u00f5es extensionistas realizadas por profissionais e acad\u00eamicos da UNICENTRO e de outras Institui\u00e7\u00f5es de Ensino Superior, buscando desta forma um maior interc\u00e2mbio entre a comunidade acad\u00eamica nas suas diferentes abordagens.<\/span><\/p>\n<p>&nbsp;<\/p>\n<p align=\"justify\"><span style=\"font-size: 10pt\"><b>Encontro Anual de Extens\u00e3o Universit\u00e1ria \u2013 EAEX da UNICENTRO<\/b><\/span><\/p>\n<p align=\"justify\"><span style=\"font-size: 10pt\">O EAEX tem por objetivo promover a discuss\u00e3o e reflex\u00e3o sobre o papel da extens\u00e3o universit\u00e1ria e da cultura, principalmente na forma\u00e7\u00e3o dos estudantes. Al\u00e9m de ser um espa\u00e7o de dissemina\u00e7\u00e3o das produ\u00e7\u00f5es extensionistas, o EAEX oportuniza a troca de experi\u00eancias e saberes potencializando a rela\u00e7\u00e3o universidade-comunidade.<\/span><\/p>\n<p align=\"justify\"><span style=\"font-size: 10pt\">Acesse: <span style=\"text-decoration: underline\"><span style=\"color: #0000ff\"><a style=\"color: #0000ff;text-decoration: underline\" href=\"https:\/\/evento.unicentro.br\/site\/eaex\/2025\/1\">https:\/\/evento.unicentro.br\/site\/eaex\/2025\/1<\/a><\/span><\/span><\/span><\/p>\n<p>&nbsp;<\/p>\n","protected":false},"excerpt":{"rendered":"<p>Congresso Brasileiro de Extens\u00e3o Universit\u00e1ria &#8211; CBEU O CBEU \u00e9 um encontro cient\u00edfico que congrega nacionalmente todos os que trabalham na \u00e1rea da extens\u00e3o universit\u00e1ria. O evento, proposto pelo F\u00f3rum de Pr\u00f3-Reitores de Extens\u00e3o das Universidades P\u00fablicas Brasileiras, FORPROEX, acontece de 2 em 2 anos, e \u00e9 o maior evento nacional de extens\u00e3o universit\u00e1ria. Acesse: [&hellip;]<\/p>\n","protected":false},"author":224,"featured_media":0,"parent":0,"menu_order":0,"comment_status":"closed","ping_status":"closed","template":"","meta":{"_exactmetrics_skip_tracking":false,"_exactmetrics_sitenote_active":false,"_exactmetrics_sitenote_note":"","_exactmetrics_sitenote_category":0,"footnotes":"","_links_to":"","_links_to_target":""},"class_list":["post-1532","page","type-page","status-publish","hentry"],"publishpress_future_action":{"enabled":false,"date":"2026-05-06 19:47:54","action":"change-status","newStatus":"draft","terms":[],"taxonomy":"","extraData":[]},"publishpress_future_workflow_manual_trigger":{"enabledWorkflows":[]},"_links":{"self":[{"href":"https:\/\/www3.unicentro.br\/proec\/wp-json\/wp\/v2\/pages\/1532","targetHints":{"allow":["GET"]}}],"collection":[{"href":"https:\/\/www3.unicentro.br\/proec\/wp-json\/wp\/v2\/pages"}],"about":[{"href":"https:\/\/www3.unicentro.br\/proec\/wp-json\/wp\/v2\/types\/page"}],"author":[{"embeddable":true,"href":"https:\/\/www3.unicentro.br\/proec\/wp-json\/wp\/v2\/users\/224"}],"replies":[{"embeddable":true,"href":"https:\/\/www3.unicentro.br\/proec\/wp-json\/wp\/v2\/comments?post=1532"}],"version-history":[{"count":2,"href":"https:\/\/www3.unicentro.br\/proec\/wp-json\/wp\/v2\/pages\/1532\/revisions"}],"predecessor-version":[{"id":12836,"href":"https:\/\/www3.unicentro.br\/proec\/wp-json\/wp\/v2\/pages\/1532\/revisions\/12836"}],"wp:attachment":[{"href":"https:\/\/www3.unicentro.br\/proec\/wp-json\/wp\/v2\/media?parent=1532"}],"curies":[{"name":"wp","href":"https:\/\/api.w.org\/{rel}","templated":true}]}}

Eventos de Extensão

<p><span style="font-size: 10pt"><b>Congresso Brasileiro de Extensão Universitária &#8211; CBEU</b></span></p>
<p><span style="font-size: 10pt">O CBEU é um encontro científico que congrega nacionalmente todos os que trabalham na área da extensão universitária. O evento, proposto pelo Fórum de Pró-Reitores de Extensão das Universidades Públicas Brasileiras, FORPROEX, acontece de 2 em 2 anos, e é o maior evento nacional de extensão universitária.</span></p>
<p><span style="font-size: 10pt">Acesse: <span style="color: #0000ff"><u><a style="color: #0000ff" href="https://www.ufmg.br/proex/renex/index.php/eventos/congresso-brasileiro-de-extensao-universitaria">https://www.ufmg.br/proex/renex/index.php/eventos/congresso-brasileiro-de-extensao-universitaria</a></u></span></span></p>
<p>&nbsp;</p>
<p><span style="font-size: 10pt"><b>Seminário de Extensão Universitária da Região Sul &#8211; SEURS</b></span></p>
<p align="justify"><span style="font-size: 10pt">O SEURS é um evento anual que promove o intercâmbio entre as Universidades da Região Sul, possibilitando discussões e trocas de experiências extensionistas.</span></p>
<p align="justify"><span style="font-size: 10pt">Acesse o edital de seleção interna de trabalhos para o  SEURS: <span style="text-decoration: underline"><span style="color: #0000ff;text-decoration: underline"><a style="color: #0000ff;text-decoration: underline" href="https://www3.unicentro.br/proec/editais/">https://www3.unicentro.br/proec/editais/</a></span></span> </span></p>
<p>&nbsp;</p>
<p align="justify"><span style="font-size: 10pt"><b>Congresso de Extensão da Associação de Universidades Grupo Montevideo &#8211; AUGM </b></span></p>
<p align="justify"><span style="font-size: 10pt">O Brasil sediará o 8º Congresso de Extensão da Associação de Universidades Grupo Montevideo &#8211; AUGM, que será realizado nos dias 26, 27 e 28 de novembro de 2025 com o título “Redes para a internacionalização da extensão universitária”. </span></p>
<p align="justify"><span style="font-size: 10pt">Acesse: <span style="text-decoration: underline;color: #0000ff">https://grupomontevideo.org/site/</span> e <span style="text-decoration: underline"><span style="color: #0000ff;text-decoration: underline">https://www.ufmg.br/augm2025/extensao/</span></span></span></p>
<p>&nbsp;</p>
<p><span style="font-size: 10pt"><b>Congresso Latino-Americano e Caribenho de Extensão Universitária</b></span></p>
<p align="justify"><span style="font-size: 10pt">O evento é organizado pela União Latino-Americana de Extensão Universitária &#8211; ULEU em parceira com as universidades-sede do evento.</span></p>
<p align="justify"><span style="font-size: 10pt">O congresso tem como objetivo e função promover o intercâmbio científico e discussão sobre temas de interesse para a atividade de extensão, proporcionar novas experiências e propostas de soluções para os problemas relacionados com o ambiente sociocultural universitário e seu impacto social, além de otimizar a cooperação internacional entre universidades, instituições de pesquisa e outras entidades, cujo trabalho de extensão é realizada sob o desenvolvimento humano e social em ambientes educacionais, produtores e comunitários.</span></p>
<p>&nbsp;</p>
<p><span style="font-size: 10pt"><b>Semana de Integração Ensino, Pesquisa e Extensão – SIEPE da UNICENTRO</b></span></p>
<p align="justify"><span style="font-size: 10pt">O principal objetivo da SIEPE é propiciar a criação de um espaço para a discussão de temas importantes da vida acadêmica e a divulgação de pesquisas e de ações extensionistas realizadas por profissionais e acadêmicos da UNICENTRO e de outras Instituições de Ensino Superior, buscando desta forma um maior intercâmbio entre a comunidade acadêmica nas suas diferentes abordagens.</span></p>
<p>&nbsp;</p>
<p align="justify"><span style="font-size: 10pt"><b>Encontro Anual de Extensão Universitária – EAEX da UNICENTRO</b></span></p>
<p align="justify"><span style="font-size: 10pt">O EAEX tem por objetivo promover a discussão e reflexão sobre o papel da extensão universitária e da cultura, principalmente na formação dos estudantes. Além de ser um espaço de disseminação das produções extensionistas, o EAEX oportuniza a troca de experiências e saberes potencializando a relação universidade-comunidade.</span></p>
<p align="justify"><span style="font-size: 10pt">Acesse: <span style="text-decoration: underline"><span style="color: #0000ff"><a style="color: #0000ff;text-decoration: underline" href="https://evento.unicentro.br/site/eaex/2025/1">https://evento.unicentro.br/site/eaex/2025/1</a></span></span></span></p>
<p>&nbsp;</p>

<p>Congresso Brasileiro de Extensão Universitária &#8211; CBEU O CBEU é um encontro científico que congrega nacionalmente todos os que trabalham na área da extensão universitária. O evento, proposto pelo Fórum de Pró-Reitores de Extensão das Universidades Públicas Brasileiras, FORPROEX, acontece de 2 em 2 anos, e é o maior evento nacional de extensão universitária. Acesse: [&hellip;]</p>
