{"id":1473,"date":"2020-02-07T09:38:49","date_gmt":"2020-02-07T12:38:49","guid":{"rendered":"https:\/\/www3.unicentro.br\/proec\/?page_id=1473"},"modified":"2020-02-17T13:46:46","modified_gmt":"2020-02-17T16:46:46","slug":"numeros-da-extensao-e-relacao-de-projetos","status":"publish","type":"page","link":"https:\/\/www3.unicentro.br\/proec\/numeros-da-extensao-e-relacao-de-projetos\/","title":{"rendered":"N\u00fameros da extens\u00e3o e rela\u00e7\u00e3o de projetos"},"content":{"rendered":"<p align=\"justify\"><span style=\"font-size: 10pt\">Consulte o Painel UNICENTRO e tenha acesso aos n\u00fameros da extens\u00e3o: <span style=\"color: #0000ff\"><u><a href=\"http:\/\/painel.unicentro.br\/programasprojetos\/Extensao\">http:\/\/painel.UNICENTRO.br\/programasprojetos\/Extensao<\/a><\/u><\/span><\/span><\/p>\n","protected":false},"excerpt":{"rendered":"<p>Consulte o Painel UNICENTRO e tenha acesso aos n\u00fameros da extens\u00e3o: http:\/\/painel.UNICENTRO.br\/programasprojetos\/Extensao<\/p>\n","protected":false},"author":224,"featured_media":0,"parent":0,"menu_order":0,"comment_status":"closed","ping_status":"closed","template":"","meta":{"_exactmetrics_skip_tracking":false,"_exactmetrics_sitenote_active":false,"_exactmetrics_sitenote_note":"","_exactmetrics_sitenote_category":0,"footnotes":"","_links_to":"","_links_to_target":""},"class_list":["post-1473","page","type-page","status-publish","hentry"],"publishpress_future_action":{"enabled":false,"date":"2026-04-29 16:23:13","action":"change-status","newStatus":"draft","terms":[],"taxonomy":"","extraData":[]},"publishpress_future_workflow_manual_trigger":{"enabledWorkflows":[]},"_links":{"self":[{"href":"https:\/\/www3.unicentro.br\/proec\/wp-json\/wp\/v2\/pages\/1473","targetHints":{"allow":["GET"]}}],"collection":[{"href":"https:\/\/www3.unicentro.br\/proec\/wp-json\/wp\/v2\/pages"}],"about":[{"href":"https:\/\/www3.unicentro.br\/proec\/wp-json\/wp\/v2\/types\/page"}],"author":[{"embeddable":true,"href":"https:\/\/www3.unicentro.br\/proec\/wp-json\/wp\/v2\/users\/224"}],"replies":[{"embeddable":true,"href":"https:\/\/www3.unicentro.br\/proec\/wp-json\/wp\/v2\/comments?post=1473"}],"version-history":[{"count":0,"href":"https:\/\/www3.unicentro.br\/proec\/wp-json\/wp\/v2\/pages\/1473\/revisions"}],"wp:attachment":[{"href":"https:\/\/www3.unicentro.br\/proec\/wp-json\/wp\/v2\/media?parent=1473"}],"curies":[{"name":"wp","href":"https:\/\/api.w.org\/{rel}","templated":true}]}}