{"id":7,"date":"2016-09-15T16:13:27","date_gmt":"2016-09-15T19:13:27","guid":{"rendered":"http:\/\/www3.unicentro.br\/apoioaoestudante\/?page_id=7"},"modified":"2025-04-03T14:42:37","modified_gmt":"2025-04-03T17:42:37","slug":"legislacao-2","status":"publish","type":"page","link":"https:\/\/www3.unicentro.br\/proae\/legislacao-2\/","title":{"rendered":"Legisla\u00e7\u00e3o"},"content":{"rendered":"<div class=\"wpb-content-wrapper\"><p>[vc_row][vc_column css_animation=&#8221;zoomIn&#8221;][vc_column_text css_animation=&#8221;zoomIn&#8221; css=&#8221;&#8221;]<\/p>\n<p style=\"text-align: center\"><strong><span style=\"font-size: 18px\">CLIQUE PARA CONFERIR<\/span><\/strong><\/p>\n<p>&nbsp;<\/p>\n<p><a href=\"https:\/\/sgu.unicentro.br\/pcatooficiais\/imprimir\/0EF9D498\">Regulamento das Normas Acad\u00eamicas para os Cursos de Gradua\u00e7\u00e3o Presenciais da UNICENTRO. RESOLU\u00c7\u00c3O N\u00ba 26-CEPE\/UNICENTRO, DE 28 DE SETEMBRO DE 2018.<\/a><\/p>\n<p>&nbsp;<\/p>\n<p><a href=\"https:\/\/sgu.unicentro.br\/pcatooficiais\/imprimir\/0E8CBFB1\">Regulamento das Normas Acad\u00eamicas para os Cursos de Gradua\u00e7\u00e3o, na modalidade de Educa\u00e7\u00e3o a Dist\u00e2ncia da UNICENTRO. RESOLU\u00c7\u00c3O N\u00ba 20-CEPE\/UNICENTRO, DE 18 DE NOVEMBRO DE 2019.<\/a><\/p>\n<p>&nbsp;<\/p>\n<p><a href=\"https:\/\/sgu.unicentro.br\/pcatooficiais\/imprimir\/1755E6DB\">Regulamento do Regime disciplinar aplic\u00e1vel ao corpo discente da UNICENTRO. RESOLU\u00c7\u00c3O N\u00ba 023\/2004-COU\/UNICENTRO.<\/a><\/p>\n<p>&nbsp;<\/p>\n<p><a href=\"https:\/\/sgu.unicentro.br\/pcatooficiais\/imprimir\/6D27BB60\">Regulamenta a utiliza\u00e7\u00e3o do nome social de travestis e transexuais nos documentos e registros acad\u00eamicos da UNICENTRO. RESOLU\u00c7\u00c3O N\u00ba 25-CEPE\/UNICENTRO, DE 17 DE JULHO DE 2015.<\/a><\/p>\n<p>&nbsp;<\/p>\n<p><a href=\"https:\/\/sgu.unicentro.br\/pcatooficiais\/imprimir\/A6FE4BA6\">Regulamento do Programa de Bolsa Perman\u00eancia da Universidade Estadual do Centro-Oeste, UNICENTRO. RESOLU\u00c7\u00c3O N\u00ba 21-CEPE\/UNICENTRO, DE 24 DE MAIO DE 2023.<\/a><\/p>\n<p>&nbsp;<\/p>\n<p><a href=\"https:\/\/sgu.unicentro.br\/pcatooficiais\/imprimir\/5B0CBFD1\">Regulamento do Programa de Moradia Estudantil da Universidade Estadual do Centro-Oeste, UNICENTRO.RESOLU\u00c7\u00c3O N\u00ba 32-CEPE\/UNICENTRO, DE 28 DE OUTUBRO DE 2022.<\/a><\/p>\n<p>&nbsp;<\/p>\n<p><a href=\"https:\/\/sgu.unicentro.br\/pcatooficiais\/imprimir\/575E7F60\">Taxa de condom\u00ednio dos estudantes residentes na Moradia Estudantil, MORE. RESOLU\u00c7\u00c3O N\u00ba 35-CAD\/UNICENTRO, DE 13 DE DEZEMBRO DE 2022.<\/a>[\/vc_column_text][\/vc_column][\/vc_row]<\/p>\n<\/div>","protected":false},"excerpt":{"rendered":"<p>[vc_row][vc_column css_animation=&#8221;zoomIn&#8221;][vc_column_text css_animation=&#8221;zoomIn&#8221; css=&#8221;&#8221;] CLIQUE PARA CONFERIR &nbsp; Regulamento das Normas Acad\u00eamicas para os Cursos de Gradua\u00e7\u00e3o Presenciais da UNICENTRO. RESOLU\u00c7\u00c3O N\u00ba 26-CEPE\/UNICENTRO, DE 28 DE SETEMBRO DE 2018. &nbsp; Regulamento das Normas Acad\u00eamicas para os Cursos de Gradua\u00e7\u00e3o, na modalidade de Educa\u00e7\u00e3o a Dist\u00e2ncia da UNICENTRO. RESOLU\u00c7\u00c3O N\u00ba 20-CEPE\/UNICENTRO, DE 18 DE NOVEMBRO DE [&hellip;]<\/p>\n","protected":false},"author":3,"featured_media":0,"parent":0,"menu_order":0,"comment_status":"closed","ping_status":"closed","template":"","meta":{"_exactmetrics_skip_tracking":false,"_exactmetrics_sitenote_active":false,"_exactmetrics_sitenote_note":"","_exactmetrics_sitenote_category":0,"footnotes":"","_links_to":"","_links_to_target":""},"class_list":["post-7","page","type-page","status-publish","hentry"],"publishpress_future_action":{"enabled":false,"date":"2026-04-12 19:15:48","action":"change-status","newStatus":"draft","terms":[],"taxonomy":"","extraData":[]},"publishpress_future_workflow_manual_trigger":{"enabledWorkflows":[]},"_links":{"self":[{"href":"https:\/\/www3.unicentro.br\/proae\/wp-json\/wp\/v2\/pages\/7","targetHints":{"allow":["GET"]}}],"collection":[{"href":"https:\/\/www3.unicentro.br\/proae\/wp-json\/wp\/v2\/pages"}],"about":[{"href":"https:\/\/www3.unicentro.br\/proae\/wp-json\/wp\/v2\/types\/page"}],"author":[{"embeddable":true,"href":"https:\/\/www3.unicentro.br\/proae\/wp-json\/wp\/v2\/users\/3"}],"replies":[{"embeddable":true,"href":"https:\/\/www3.unicentro.br\/proae\/wp-json\/wp\/v2\/comments?post=7"}],"version-history":[{"count":4,"href":"https:\/\/www3.unicentro.br\/proae\/wp-json\/wp\/v2\/pages\/7\/revisions"}],"predecessor-version":[{"id":3844,"href":"https:\/\/www3.unicentro.br\/proae\/wp-json\/wp\/v2\/pages\/7\/revisions\/3844"}],"wp:attachment":[{"href":"https:\/\/www3.unicentro.br\/proae\/wp-json\/wp\/v2\/media?parent=7"}],"curies":[{"name":"wp","href":"https:\/\/api.w.org\/{rel}","templated":true}]}}