{"id":310,"date":"2017-06-07T08:40:02","date_gmt":"2017-06-07T11:40:02","guid":{"rendered":"http:\/\/www3.unicentro.br\/apoioaoestudante\/?page_id=310"},"modified":"2025-11-25T18:35:27","modified_gmt":"2025-11-25T21:35:27","slug":"projetos","status":"publish","type":"page","link":"https:\/\/www3.unicentro.br\/proae\/projetos\/","title":{"rendered":"Benef\u00edcios"},"content":{"rendered":"<div class=\"wpb-content-wrapper\"><p>[vc_row][vc_column][vc_column_text css=&#8221;&#8221;]A Proae oferece benef\u00edcios aos estudantes da Unicentro, com o objetivo de garantir a perman\u00eancia dos alunos na universidade. Esses visam proporcionar seguran\u00e7a alimentar, habitacional,\u00a0 apoio financeiro e condi\u00e7\u00f5es adequadas para o desenvolvimento acad\u00eamico e pessoal, especialmente para aqueles em situa\u00e7\u00e3o de vulnerabilidade socioecon\u00f4micas. Confira quais s\u00e3o:[\/vc_column_text][\/vc_column][\/vc_row][vc_row][vc_column][vc_tta_accordion color=&#8221;orange&#8221; active_section=&#8221;0&#8243; collapsible_all=&#8221;true&#8221;][vc_tta_section title=&#8221;MORADIA ESTUDANTIL&#8221; tab_id=&#8221;1743169029672-cb2fd55d-a1f8&#8243;][vc_column_text css=&#8221;&#8221;]A Moradia Estudantil da Unicentro disponibiliza acomoda\u00e7\u00f5es compartilhadas para estudantes que necessitam de um local seguro e acess\u00edvel durante o per\u00edodo acad\u00eamico, nos C\u00e2mpus Santa Cruz, Cedeteg e Irati. Os alunos interessados devem realizar a inscri\u00e7\u00e3o e, caso atendam aos crit\u00e9rios estabelecidos no edital, ser\u00e3o convocados para uma entrevista. A sele\u00e7\u00e3o leva em considera\u00e7\u00e3o crit\u00e9rios socioecon\u00f4micos e de necessidade, com prioridade para aqueles em situa\u00e7\u00e3o de maior vulnerabilidade. As vagas s\u00e3o limitadas e a sele\u00e7\u00e3o \u00e9 feita conforme a avalia\u00e7\u00e3o dos Assistentes Sociais da Proae.[\/vc_column_text][\/vc_tta_section][vc_tta_section title=&#8221;BOLSA PERMAN\u00caNCIA&#8221; tab_id=&#8221;1743169029679-3e8c05a3-69c1&#8243;][vc_column_text css=&#8221;&#8221;]Tem como principal objetivo oferecer apoio financeiro a estudantes em situa\u00e7\u00e3o de vulnerabilidade econ\u00f4mica, com o intuito de garantir sua perman\u00eancia no ambiente universit\u00e1rio e a continuidade de seus estudos. Com um valor mensal de R$ 700,00, a bolsa \u00e9 concedida a 10 alunos, que s\u00e3o selecionados conforme os crit\u00e9rios especificados no edital. Para participar do processo seletivo, os alunos interessados devem realizar a inscri\u00e7\u00e3o e, caso atendam aos requisitos exigidos, passar\u00e3o por uma an\u00e1lise que leva em considera\u00e7\u00e3o sua situa\u00e7\u00e3o socioecon\u00f4mica e acad\u00eamica. A sele\u00e7\u00e3o \u00e9 conduzida pelos Assistentes Sociais da Proae, garantindo que os recursos sejam distribu\u00eddos de forma equitativa, priorizando os estudantes que se encontram em maior condi\u00e7\u00e3o de vulnerabilidade e necessidade.[\/vc_column_text][\/vc_tta_section][vc_tta_section title=&#8221;AUX\u00cdLIO ALIMENTA\u00c7\u00c3O&#8221; tab_id=&#8221;1743169059091-61e2fabd-33f3&#8243;][vc_column_text css=&#8221;&#8221;]O Aux\u00edlio Alimenta\u00e7\u00e3o da Universidade visa proporcionar aos estudantes acesso \u00e0 alimenta\u00e7\u00e3o durante sua rotina acad\u00eamica. S\u00e3o oferecidas cerca de 20 vagas por c\u00e2mpus, permitindo que os alunos selecionados tenham direito a refei\u00e7\u00f5es (almo\u00e7o ou jantar) no restaurante universit\u00e1rio. Para concorrer a essa vaga, o aluno precisa se inscrever e ser selecionado conforme os crit\u00e9rios descritos no edital. Nesta, a sele\u00e7\u00e3o tamb\u00e9m \u00e9 realizada pelos Assistentes Sociais da Proae.[\/vc_column_text][\/vc_tta_section][vc_tta_section title=&#8221;PROGRAMA DE FORMA\u00c7\u00c3O DE ESTUDANTE EMPREENDEDOR (PFEE)&#8221; tab_id=&#8221;1763575114658-833db5cc-f91b&#8221;][vc_column_text css=&#8221;&#8221;]O Programa de Forma\u00e7\u00e3o de Estudante Empreendedor, o PFEE, \u00e9 uma iniciativa do Governo do Paran\u00e1 que busca apoiar a forma\u00e7\u00e3o dos acad\u00eamicos de ensino superior, especialmente aqueles com perfil de pesquisador empreendedor. Al\u00e9m disso, a proposta oferece um suporte para a forma\u00e7\u00e3o acad\u00eamica dos participantes, enfatizando o desenvolvimento de habilidades empreendedoras e de pesquisa. Na Unicentro, atualmente, o programa est\u00e1 sob coordena\u00e7\u00e3o geral do professor M\u00e1rcio Martins, do departamento de Matem\u00e1tica.<\/p>\n<p>Para participar do programa \u00e9 necess\u00e1rio estar matriculado em um dos cursos de gradua\u00e7\u00e3o da Unicentro e atender aos crit\u00e9rios estabelecidos pelo edital de abertura de vagas. A participa\u00e7\u00e3o no programa \u00e9 gratuita e, como forma de incentivo, tamb\u00e9m s\u00e3o ofertadas bolsas de estudos no valor de R$ 640,00[\/vc_column_text][\/vc_tta_section][vc_tta_section title=&#8221;BOLSAS DE INICIA\u00c7\u00c3O CIENT\u00cdFICA&#8221; tab_id=&#8221;1763575326988-d74629dc-75c5&#8243;][vc_column_text css=&#8221;&#8221;]A Unicentro, em colabora\u00e7\u00e3o com o CNPq e a Funda\u00e7\u00e3o Arauc\u00e1ria, oferece <strong>nove programas de bolsas e um programa volunt\u00e1rio de Inicia\u00e7\u00e3o Cient\u00edfica<\/strong> para alunos de gradua\u00e7\u00e3o e do ensino m\u00e9dio e fundamental.\u00a0Anualmente, s\u00e3o disponibilizadas cerca de 334 bolsas.\u00a0Os programas incluem:<\/p>\n<p>&#8211; <strong>Programa Institucional de Bolsas de Inicia\u00e7\u00e3o Cient\u00edfica (PibicC CNPq):<\/strong> Oferece bolsas para acad\u00eamicos em projetos de pesquisa sob orienta\u00e7\u00e3o de um professor, com dura\u00e7\u00e3o de doze meses, visando o contato com a metodologia cient\u00edfica.<\/p>\n<p>&#8211; <strong>Programa Institucional de Bolsas de Inicia\u00e7\u00e3o em Desenvolvimento Tecnol\u00f3gico e Inova\u00e7\u00e3o (Pibiti CNPq):<\/strong> Tamb\u00e9m concede bolsas para acad\u00eamicos envolvidos em projetos de pesquisa, com o objetivo de promover inova\u00e7\u00e3o e desenvolvimento tecnol\u00f3gico, com a mesma dura\u00e7\u00e3o de doze meses.<\/p>\n<p>&#8211; <strong>Programa Institucional de Bolsas de Inicia\u00e7\u00e3o Cient\u00edfica \u2013 A\u00e7\u00f5es Afirmativas (Pibic-AF CNPq)<\/strong>: Criado para oferecer bolsas a alunos do ensino superior que ingressaram por meio de a\u00e7\u00f5es afirmativas, buscando ampliar suas oportunidades de forma\u00e7\u00e3o.<\/p>\n<p>&#8211; <strong>Programa de Apoio \u00e0 Inicia\u00e7\u00e3o Cient\u00edfica (Paic Funda\u00e7\u00e3o Arauc\u00e1ria):<\/strong> Apoia alunos de gradua\u00e7\u00e3o em projetos de pesquisa, despertando interesse pela pesquisa cient\u00edfica e tecnol\u00f3gica, com bolsas concedidas conforme a demanda estadual, tamb\u00e9m com dura\u00e7\u00e3o de doze meses.<\/p>\n<p>&#8211; <strong>Programa Institucional de Bolsas de Inicia\u00e7\u00e3o Cient\u00edfica \u2013 A\u00e7\u00f5es Afirmativas (Paic AF):<\/strong> Este programa visa promover inclus\u00e3o social entre estudantes oriundos de escolas p\u00fablicas e afrodescendentes em institui\u00e7\u00f5es de ensino superior.<\/p>\n<p>&#8211; <strong>Programa de Bolsa de Inicia\u00e7\u00e3o Cient\u00edfica da Unicentro (BIC):<\/strong> Financieado pela Unicentro, oferece condi\u00e7\u00f5es para que estudantes possam desenvolver atividades de pesquisa, com dura\u00e7\u00e3o de doze meses.<\/p>\n<p>&#8211; <strong>Programa Institucional de Bolsas de Inicia\u00e7\u00e3o em Desenvolvimento Tecnol\u00f3gico e Inova\u00e7\u00e3o (Biti Unicentro):<\/strong> Oferece bolsas para acad\u00eamicos em pesquisa, promovendo inova\u00e7\u00e3o, com dura\u00e7\u00e3o de doze meses.<\/p>\n<p>&#8211;<strong> Programa Ci\u00eancia sem Fronteiras \u2013 Gradua\u00e7\u00e3o Sandu\u00edche no Exterior (CNPq\/Capes):<\/strong> Visa promover a forma\u00e7\u00e3o de estudantes em universidades e institui\u00e7\u00f5es estrangeiras, incentivando a internacionaliza\u00e7\u00e3o da ci\u00eancia e tecnologia no Brasil.<\/p>\n<p>&#8211;<strong> Programa de Inicia\u00e7\u00e3o Cient\u00edfica Volunt\u00e1ria (IC<\/strong>Programa Institucional de Bolsas de Inicia\u00e7\u00e3o Cient\u00edfica para o Ensino M\u00e9dio (Pibic-EM CNPq): Oferece bolsas a estudantes do ensino m\u00e9dio e t\u00e9cnico para desenvolver voca\u00e7\u00e3o cient\u00edfica e cidadania, com dura\u00e7\u00e3o de doze meses.<\/p>\n<p>&#8211; <strong>Programa Institucional de Bolsas de Inicia\u00e7\u00e3o Cient\u00edfica (Pibic-JR Funda\u00e7\u00e3o Arauc\u00e1ria):<\/strong> Destinado a alunos da 6\u00aa a 8\u00aa s\u00e9rie do Ensino Fundamental II e do Ensino M\u00e9dio, com foco na inicia\u00e7\u00e3o cient\u00edfica, promovendo a articula\u00e7\u00e3o entre os n\u00edveis de ensino.[\/vc_column_text][\/vc_tta_section][vc_tta_section title=&#8221;BOLSAS DE EXTENS\u00c3O&#8221; tab_id=&#8221;1763575730723-96315fca-1d9a&#8221;][vc_column_text css=&#8221;&#8221;]https:\/\/www3.unicentro.br\/proec\/bolsas-de-extensao\/[\/vc_column_text][\/vc_tta_section][vc_tta_section title=&#8221;BOLSAS DE INCLUS\u00c3O SOCIAL&#8221; tab_id=&#8221;1764105965463-53f2cad7-4daa&#8221;][vc_column_text css=&#8221;&#8221;]O Programa Institucional de Apoio \u00e0 Inclus\u00e3o Social Pesquisa e Extens\u00e3o Universit\u00e1ria (PIBIS) tem como objetivos principais incentivar a forma\u00e7\u00e3o de recursos humanos na pesquisa e extens\u00e3o universit\u00e1ria, facilitar a integra\u00e7\u00e3o de novos estudantes ao ensino superior por meio de cotas sociais e promover a participa\u00e7\u00e3o dos alunos em atividades de ci\u00eancia, tecnologia e inova\u00e7\u00e3o que se alinhem com os Objetivos de Desenvolvimento Sustent\u00e1vel (ODS).\u00a0As \u00e1reas priorit\u00e1rias definidas pelo Conselho Paranaense de Ci\u00eancia e Tecnologia incluem Agricultura e Agroneg\u00f3cio, Biotecnologia e Sa\u00fade, Energias Inteligentes, Cidades Inteligentes, e Educa\u00e7\u00e3o, Sociedade e Economia, al\u00e9m de \u00e1reas transversais como Desenvolvimento Sustent\u00e1vel e Transforma\u00e7\u00e3o Digital.<\/p>\n<p>O Programa tamb\u00e9m oferece bolsas de R$ 700,00 por m\u00eas por at\u00e9 12 meses, com uma carga hor\u00e1ria de 20 horas semanais.\u00a0A participa\u00e7\u00e3o no processo de sele\u00e7\u00e3o requer que o orientador seja docente da UNICENTRO, com algumas qualifica\u00e7\u00f5es, incluindo ter um projeto de extens\u00e3o ativo e n\u00e3o estar em d\u00edvida com a institui\u00e7\u00e3o.\u00a0O orientador pode selecionar at\u00e9 dois bolsistas de extens\u00e3o.[\/vc_column_text][\/vc_tta_section][vc_tta_section title=&#8221;MONITORIA DISCENTE&#8221; tab_id=&#8221;1764106257447-87b8ce64-f148&#8243;][vc_column_text css=&#8221;&#8221;]Destinado aos acad\u00eamicos regularmente matriculados em cursos de gradua\u00e7\u00e3o, com oferta de vagas na modalidade volunt\u00e1ria. Caracteriza-se por oportunizar aos acad\u00eamicos monitores o desenvolvimento de a\u00e7\u00f5es did\u00e1tico-pedag\u00f3gicas no \u00e2mbito das disciplinas regularmente ofertadas, tendo como objetivos: cultivar o interesse pelo magist\u00e9rio superior; oportunizar ao acad\u00eamico monitor uma maior amplitude de conhecimentos com rela\u00e7\u00e3o ao processo de ensino-aprendizagem; auxiliar na execu\u00e7\u00e3o do programa da disciplina, tendo em vista a melhoria da qualidade do ensino de gradua\u00e7\u00e3o; aprofundar conhecimentos te\u00f3ricos e pr\u00e1ticos, proporcionando complementa\u00e7\u00e3o de estudos e contribuindo para a diminui\u00e7\u00e3o da evas\u00e3o e da reprova\u00e7\u00e3o; auxiliar na forma\u00e7\u00e3o de docentes para o ensino superior por meio do desenvolvimento de metodologias de ensino. O acad\u00eamico monitor deve elaborar o Plano de Atividades juntamente com o Professor Orientador e dedicar doze horas semanais \u00e0s atividades durante todo o per\u00edodo da monitoria, que tem dura\u00e7\u00e3o de, no m\u00e1ximo, 9 meses.<\/p>\n<p>[\/vc_column_text][\/vc_tta_section][vc_tta_section title=&#8221;EST\u00c1GIO REMUNERADO&#8221; tab_id=&#8221;1764106356955-e1243d9f-a65a&#8221;][vc_column_text css=&#8221;&#8221;]Todas as vagas de est\u00e1gio na Unicentro est\u00e3o dispon\u00edveis no site da Central de Est\u00e1gios do Governo do Paran\u00e1. Para se candidatar \u00e0s vagas, primeiramente deve ser realizado o seu\u00a0cadastro no site. Ap\u00f3s a realiza\u00e7\u00e3o do cadastro, inscreva-se nas vagas de seu interesse, utilizando o seu CPF e a senha criada no momento do cadastro. Para tanto, acesse o link pelo bot\u00e3o abaixo:<\/p>\n<p><a href=\"https:\/\/www4.pr.gov.br\/gee\/jsp\/frm_busca_vagas.jsp?ord=curso&amp;NivelEnsino=&amp;CodCategoria=&amp;CodCurso=&amp;CodOrgao=84&amp;CodCidade=&amp;Portador\">https:\/\/www4.pr.gov.br\/gee\/jsp\/frm_busca_vagas.jsp?ord=curso&amp;NivelEnsino=&amp;CodCategoria=&amp;CodCurso=&amp;CodOrgao=84&amp;CodCidade=&amp;Portador<\/a>[\/vc_column_text][\/vc_tta_section][\/vc_tta_accordion][\/vc_column][\/vc_row]<\/p>\n<\/div>","protected":false},"excerpt":{"rendered":"<p>[vc_row][vc_column][vc_column_text css=&#8221;&#8221;]A Proae oferece benef\u00edcios aos estudantes da Unicentro, com o objetivo de garantir a perman\u00eancia dos alunos na universidade. Esses visam proporcionar seguran\u00e7a alimentar, habitacional,\u00a0 apoio financeiro e condi\u00e7\u00f5es adequadas para o desenvolvimento acad\u00eamico e pessoal, especialmente para aqueles em situa\u00e7\u00e3o de vulnerabilidade socioecon\u00f4micas. Confira quais s\u00e3o:[\/vc_column_text][\/vc_column][\/vc_row][vc_row][vc_column][vc_tta_accordion color=&#8221;orange&#8221; active_section=&#8221;0&#8243; collapsible_all=&#8221;true&#8221;][vc_tta_section title=&#8221;MORADIA ESTUDANTIL&#8221; tab_id=&#8221;1743169029672-cb2fd55d-a1f8&#8243;][vc_column_text css=&#8221;&#8221;]A [&hellip;]<\/p>\n","protected":false},"author":3,"featured_media":0,"parent":0,"menu_order":0,"comment_status":"closed","ping_status":"closed","template":"","meta":{"_exactmetrics_skip_tracking":false,"_exactmetrics_sitenote_active":false,"_exactmetrics_sitenote_note":"","_exactmetrics_sitenote_category":0,"footnotes":"","_links_to":"","_links_to_target":""},"class_list":["post-310","page","type-page","status-publish","hentry"],"publishpress_future_action":{"enabled":false,"date":"2026-04-12 19:40:32","action":"change-status","newStatus":"draft","terms":[],"taxonomy":"","extraData":[]},"publishpress_future_workflow_manual_trigger":{"enabledWorkflows":[]},"_links":{"self":[{"href":"https:\/\/www3.unicentro.br\/proae\/wp-json\/wp\/v2\/pages\/310","targetHints":{"allow":["GET"]}}],"collection":[{"href":"https:\/\/www3.unicentro.br\/proae\/wp-json\/wp\/v2\/pages"}],"about":[{"href":"https:\/\/www3.unicentro.br\/proae\/wp-json\/wp\/v2\/types\/page"}],"author":[{"embeddable":true,"href":"https:\/\/www3.unicentro.br\/proae\/wp-json\/wp\/v2\/users\/3"}],"replies":[{"embeddable":true,"href":"https:\/\/www3.unicentro.br\/proae\/wp-json\/wp\/v2\/comments?post=310"}],"version-history":[{"count":2,"href":"https:\/\/www3.unicentro.br\/proae\/wp-json\/wp\/v2\/pages\/310\/revisions"}],"predecessor-version":[{"id":4511,"href":"https:\/\/www3.unicentro.br\/proae\/wp-json\/wp\/v2\/pages\/310\/revisions\/4511"}],"wp:attachment":[{"href":"https:\/\/www3.unicentro.br\/proae\/wp-json\/wp\/v2\/media?parent=310"}],"curies":[{"name":"wp","href":"https:\/\/api.w.org\/{rel}","templated":true}]}}