{"id":1720,"date":"2024-09-19T18:29:50","date_gmt":"2024-09-19T21:29:50","guid":{"rendered":"https:\/\/www3.unicentro.br\/proae\/?page_id=1720"},"modified":"2026-03-25T19:57:14","modified_gmt":"2026-03-25T22:57:14","slug":"pae","status":"publish","type":"page","link":"https:\/\/www3.unicentro.br\/proae\/pae\/","title":{"rendered":"Estrutura"},"content":{"rendered":"<div class=\"wpb-content-wrapper\"><p>[vc_row][vc_column][vc_tta_tabs][vc_tta_section title=&#8221;COOAPSA&#8221; tab_id=&#8221;1743078815226-da536573-4bd2&#8243;][vc_empty_space][vc_column_text css=&#8221;&#8221;]<strong>Coordenadoria de Aten\u00e7\u00e3o e Promo\u00e7\u00e3o \u00e0 Sa\u00fade (COOAPSA)<br \/>\n<\/strong>A COOAPSA \u00e9 respons\u00e1vel pela promo\u00e7\u00e3o \u00e0 sa\u00fade da comunidade universit\u00e1ria em geral, realizando desde atendimentos m\u00e9dicos e de enfermagem a servi\u00e7os de psicologia.<\/p>\n<p>&nbsp;<\/p>\n<p><strong>Programa de Aten\u00e7\u00e3o \u00e0 Sa\u00fade (PAS)<\/strong><br \/>\nO programa disponibiliza atendimentos de sa\u00fade de baixa complexidade \u00e0 comunidade universit\u00e1ria, com servi\u00e7os m\u00e9dicos e de enfermagem voltados \u00e0 promo\u00e7\u00e3o do cuidado e do bem-estar. Em situa\u00e7\u00f5es que demandam maior gravidade, os usu\u00e1rios s\u00e3o prontamente encaminhados aos servi\u00e7os de urg\u00eancia do munic\u00edpio. O atendimento m\u00e9dico \u00e9 realizado diariamente, sendo necess\u00e1rio agendamento pr\u00e9vio para organiza\u00e7\u00e3o e acolhimento adequado das demandas.<\/p>\n<p><strong>A\u00e7\u00f5es desenvolvidas:<\/strong><br \/>\nAcolhimento e Escuta Ativa;<br \/>\nAferi\u00e7\u00e3o de sinais vitais;<br \/>\nAdministra\u00e7\u00e3o de f\u00e1rmacos (com prescri\u00e7\u00e3o m\u00e9dica);<br \/>\nOrienta\u00e7\u00f5es;<br \/>\nRegistro de dados de sa\u00fade;<br \/>\nAcompanhamento de \u00edndices press\u00f3ricos e glic\u00eamicos;<br \/>\nPrimeiros socorros;<br \/>\nAgendamento de consultas;<br \/>\nCurativos.<\/p>\n<p>&nbsp;<\/p>\n<p><strong>Servi\u00e7os de Psicologia<\/strong><br \/>\nA COAPSA oferece servi\u00e7os de psicologia voltados \u00e0 comunidade universit\u00e1ria, com foco no acolhimento emocional e na orienta\u00e7\u00e3o frente a dificuldades vivenciadas na Universidade. Os atendimentos s\u00e3o de car\u00e1ter institucional, com escuta pontual e breve, e n\u00e3o substituem o acompanhamento psicoterap\u00eautico cl\u00ednico. O objetivo \u00e9 apoiar os estudantes e profissionais, promovendo o bem-estar e a adapta\u00e7\u00e3o ao ambiente institucional, contribuindo para uma experi\u00eancia mais equilibrada e saud\u00e1vel.<br \/>\nPara acessar os servi\u00e7os de psicologia, \u00e9 necess\u00e1rio passar por uma triagem psicossocial realizada por um assistente social e um psic\u00f3logo em conjunto. Essa etapa visa compreender as necessidades do estudante e assim, destin\u00e1-lo\u00a0 ao atendimento adequado para seu caso.<\/p>\n<p><strong>Modalidades de atendimento:<\/strong><br \/>\nAcolhimento psicol\u00f3gico;<br \/>\nTriagem psicossocial;<br \/>\nRodas de conversa;<br \/>\nGrupos psicoeducacionais;<br \/>\nOficinas de promo\u00e7\u00e3o \u00e0 sa\u00fade mental;<br \/>\nTerapia comunit\u00e1ria.<\/p>\n<p>Casos com demandas particulares s\u00e3o encaminhados \u00e0 rede p\u00fablica ou aos psic\u00f3logos credenciados que realizam atendimento na condi\u00e7\u00e3o de valor social.<\/p>\n<p>&nbsp;<\/p>\n<p>As\u00a0a\u00e7\u00f5es individuais e em grupo tem sempre car\u00e1ter <strong>sigiloso e preservado<\/strong>, sendo compartilhadas apenas dentro da pr\u00f3pria equipe multiprofissional envolvida nos atendimentos.<\/p>\n<p>&nbsp;<\/p>\n<table style=\"width: 100%;border-collapse: collapse;border-style: ridge\">\n<tbody>\n<tr style=\"border-style: dotted\">\n<td style=\"width: 50%;border-style: dotted\">\n<p style=\"text-align: center\"><strong>Locais e hor\u00e1rios de atendimento do PAS<\/strong><\/p>\n<p style=\"text-align: center\"><span style=\"font-size: 14px\">C\u00e2mpus Santa Cruz \u2013 Bloco G (pr\u00f3ximo \u00e0 biblioteca)<\/span><br \/>\n<span style=\"font-size: 14px\">Segunda a sexta, das 08h \u00e0s 22h<\/span><br \/>\n<span style=\"font-size: 14px\">WhatsApp: (42) 99117-5330<\/span><br \/>\n<span style=\"font-size: 14px\">Ramal: 1306<\/span><\/p>\n<p style=\"text-align: center\"><span style=\"font-size: 14px\">C\u00e2mpus Cedeteg \u2013 Pr\u00e9dio da Dire\u00e7\u00e3o de Campus<\/span><br \/>\n<span style=\"font-size: 14px\">Segunda a sexta, das 08h \u00e0s 22h<\/span><br \/>\n<span style=\"font-size: 14px\">WhatsApp: (42) 99850-8756<\/span><br \/>\n<span style=\"font-size: 14px\">Ramal: 8150 ou 8159<\/span><\/p>\n<p style=\"text-align: center\"><span style=\"font-size: 14px\">C\u00e2mpus Irati \u2013 : Hall de entrada do Pr\u00e9dio Principal (t\u00e9rreo)<\/span><br \/>\n<span style=\"font-size: 14px\">Segunda a sexta, das 13h \u00e0s 22h<\/span><br \/>\n<span style=\"font-size: 14px\">WhatsApp: (42) 3421-3018<\/span><br \/>\n<span style=\"font-size: 14px\">Ramal: 3018<\/span><\/p>\n<\/td>\n<td style=\"width: 50%;border-style: dotted\">\n<p style=\"text-align: center\"><strong>Locais e hor\u00e1rios de atendimento de Psicologia<\/strong><\/p>\n<p style=\"text-align: center\"><span style=\"font-size: 14px\">C\u00e2mpus Santa Cruz \u2013 Bloco D, sala 138<\/span><br \/>\n<span style=\"font-size: 14px\">Segunda a sexta, das 08h \u00e0s 22h<\/span><br \/>\n<span style=\"font-size: 14px\">WhatsApp: (42) 3621-1387\u00a0<\/span><br \/>\n<span style=\"font-size: 14px\">Ramal: 1387<\/span><\/p>\n<p style=\"text-align: center\"><span style=\"font-size: 14px\">C\u00e2mpus Cedeteg \u2013 Bloco PDE, sala da Proae<\/span><br \/>\n<span style=\"font-size: 14px\">Segunda a sexta, das 08h \u00e0s 17h<\/span><br \/>\n<span style=\"font-size: 14px\">WhatsApp: (42) 98824-0655<\/span><br \/>\n<span style=\"font-size: 14px\">Ramal: 8159 ou 8153<\/span><\/p>\n<p style=\"text-align: center\"><span style=\"font-size: 14px\">C\u00e2mpus Irati \u2013 2\u00ba piso &#8211; Ala D do Pr\u00e9dio Principal &#8211; Salas 243, 244 e 249<\/span><br \/>\n<span style=\"font-size: 14px\">Segunda a sexta, das 08h \u00e0s 22h<\/span><br \/>\n<span style=\"font-size: 14px\">WhatsApp: (42) 3421-<span class=\"a_GcMg font-feature-liga-off font-feature-clig-off font-feature-calt-off text-decoration-none text-strikethrough-none\">3074<\/span><\/span><br \/>\n<span style=\"font-size: 14px\">Ramal: 3080<\/span><\/p>\n<\/td>\n<\/tr>\n<\/tbody>\n<\/table>\n<p>[\/vc_column_text][\/vc_tta_section][vc_tta_section title=&#8221;DIREI&#8221; tab_id=&#8221;1746571413150-8212e03b-4616&#8243;][vc_empty_space][vc_column_text css=&#8221;&#8221;]<strong>Diretoria de Educa\u00e7\u00e3o Inclusiva (DIREI)<\/strong><br \/>\nA DIREI \u00e9 respons\u00e1vel por promover pol\u00edticas institucionais de inclus\u00e3o, assegurando condi\u00e7\u00f5es de acessibilidade e apoio \u00e0 comunidade acad\u00eamica com necessidades educacionais especiais. Seu trabalho busca eliminar barreiras f\u00edsicas, comunicacionais e informacionais, garantindo a participa\u00e7\u00e3o plena e equitativa na vida acad\u00eamica e profissional, fazendo-o por meio de Atendimentos Educacionais Especializados (AEE) e Interpreta\u00e7\u00e3o e tradu\u00e7\u00e3o na L\u00edngua Brasileira de Sinais (LIBRAS).<\/p>\n<p>&nbsp;<\/p>\n<p><strong>Atendimento Educacional Especializado (AEE)<\/strong><br \/>\nO Atendimento Educacional Especializado (AEE) consiste em um conjunto de recursos, estrat\u00e9gias e atividades planejadas com o objetivo de garantir a acessibilidade ao curr\u00edculo educacional, promovendo a inclus\u00e3o plena dos estudantes com defici\u00eancia ou outras necessidades espec\u00edficas. As atividades desenvolvidas no \u00e2mbito do AEE n\u00e3o substituem os conte\u00fados program\u00e1ticos das disciplinas regulares, tampouco se configuram como refor\u00e7o escolar. Pelo contr\u00e1rio, t\u00eam car\u00e1ter complementar e\/ou suplementar, visando ampliar as possibilidades de aprendizagem, favorecer o desenvolvimento da autonomia e contribuir de forma significativa para a forma\u00e7\u00e3o acad\u00eamica dos estudantes.<\/p>\n<p><strong>Estrat\u00e9gias de adapta\u00e7\u00e3o<\/strong><br \/>\nAumento de prazos para atividades;<br \/>\nProva em separado, com tempo diferenciado ou diminui\u00e7\u00e3o do n\u00famero de quest\u00f5es;<br \/>\nOrienta\u00e7\u00e3o clara e objetiva com rela\u00e7\u00e3o aos trabalhos;<br \/>\nLeitor e Transcritor (em casos espec\u00edficos);<br \/>\nAdapta\u00e7\u00e3o com rela\u00e7\u00e3o aos m\u00e9todos de avalia\u00e7\u00e3o;<br \/>\nUso de Tecnologias Assistivas;<br \/>\nOBS.: Todas as adapta\u00e7\u00f5es s\u00e3o realizadas de acordo com as necessidades de cada estudante, ap\u00f3s an\u00e1lise da equipe da DIREI e do professor da disciplina.<\/p>\n<p>&nbsp;<\/p>\n<p><strong>Interpreta\u00e7\u00e3o e Tradu\u00e7\u00e3o na L\u00edngua Brasileira de Sinais (LIBRAS)<\/strong><br \/>\nA\u00a0 interpreta\u00e7\u00e3o em LIBRAS constitui um recurso fundamental para garantir o acesso da comunidade surda no contexto Universit\u00e1rio. A atua\u00e7\u00e3o dos int\u00e9rpretes da L\u00edngua Brasileira de Sinais, n\u00e3o substitui o ensino dos conte\u00fados curriculares, tampouco se configura como adapta\u00e7\u00e3o did\u00e1tica. Trata-se de uma media\u00e7\u00e3o lingu\u00edstica que assegura a participa\u00e7\u00e3o plena e aut\u00f4noma dos surdos nas atividades as quais est\u00e1 inserido, promovendo a equidade no processo de ensino\/aprendizagem e contribuindo para sua inclus\u00e3o e perman\u00eancia no ambiente universit\u00e1rio.<\/p>\n<p><strong>Atividades desenvolvidas<\/strong><br \/>\nInterpreta\u00e7\u00e3o e tradu\u00e7\u00e3o em sala de aula para alunos e professores;<br \/>\nAcompanhamento em atividades acad\u00eamicas e departamentais;<br \/>\nInterpreta\u00e7\u00e3o em eventos institucionais;<br \/>\nAtendimentos individuais;<br \/>\nParticipa\u00e7\u00e3o em bancas e defesas;<br \/>\nSuporte em est\u00e1gios e visitas t\u00e9cnicas.<\/p>\n<p>&nbsp;<\/p>\n<p><strong>P\u00fablico atendido<\/strong><br \/>\nO suporte \u00e9 direcionado a pessoas com defici\u00eancia intelectual, sensorial, f\u00edsica ou m\u00faltipla, transtornos mentais (de acordo com o DSM-IV), transtornos do desenvolvimento, altas habilidades ou condi\u00e7\u00f5es de sa\u00fade que causem limita\u00e7\u00f5es tempor\u00e1rias ou permanentes.<\/p>\n<p>&nbsp;<\/p>\n<p><strong>Os atendimentos s\u00e3o realizados com hor\u00e1rio previamente agendado.<\/strong><br \/>\nAs a\u00e7\u00f5es individuais e em grupo tem sempre car\u00e1ter <strong>sigiloso e preservado<\/strong>, sendo compartilhadas apenas dentro da pr\u00f3pria equipe multiprofissional envolvida nos atendimentos.<\/p>\n<p>&nbsp;<\/p>\n<table class=\" aligncenter\" style=\"width: 60%;border-collapse: collapse;border-style: dotted\">\n<tbody>\n<tr>\n<td style=\"width: 100%\"><strong><strong>Locais e hor\u00e1rios de atendimento para AEE:<\/strong><\/strong><\/p>\n<p><span style=\"font-size: 14px\">C\u00e2mpus Santa Cruz \u2013 Bloco D, sala 138<\/span><br \/>\n<span style=\"font-size: 14px\">Segunda a sexta, das 08h \u00e0s 22h<\/span><br \/>\n<span style=\"font-size: 14px\">WhatsApp: (42) 3621-1319<\/span><\/p>\n<p><span style=\"font-size: 14px\">C\u00e2mpus Cedeteg \u2013 Bloco PDE, sala da Proae<\/span><br \/>\n<span style=\"font-size: 14px\">Segunda a sexta, das 08h \u00e0s 17h<\/span><br \/>\n<span style=\"font-size: 14px\">WhatsApp: (42) 3629-8153\u00a0<\/span><br \/>\n<span style=\"font-size: 14px\">Ramal: 8159 ou 8153<\/span><\/p>\n<p><span style=\"font-size: 14px\">C\u00e2mpus Irati \u2013 Sala 123 (t\u00e9rreo &#8211; Ala A do Pr\u00e9dio Principal)<\/span><br \/>\n<span style=\"font-size: 14px\">Segunda a sexta, das 08h \u00e0s 22h<\/span><br \/>\n<span style=\"font-size: 14px\">Ramal: 3107<\/span><\/td>\n<\/tr>\n<\/tbody>\n<\/table>\n<p>[\/vc_column_text][\/vc_tta_section][vc_tta_section title=&#8221;DIRAE&#8221; tab_id=&#8221;1746571414133-b1c2f183-02bf&#8221;][vc_empty_space][vc_column_text css=&#8221;&#8221;]<strong>Diretoria de Assist\u00eancia Estudantil (DIRAE)<br \/>\n<\/strong>A DIRAE realiza a\u00e7\u00f5es direcionadas \u00e0 promo\u00e7\u00e3o da perman\u00eancia estudantil, com aten\u00e7\u00e3o especial \u00e0 equidade e \u00e0 inclus\u00e3o social. Sua atua\u00e7\u00e3o \u00e9 centrada no Servi\u00e7o Social, com o objetivo de responder \u00e0s diversas demandas que possam interferir no percurso acad\u00eamico dos estudantes.<\/p>\n<p>&nbsp;<\/p>\n<p><strong>Atendimentos em Servi\u00e7o Social<\/strong><br \/>\nEste servi\u00e7o tem como principal objetivo contribuir para a redu\u00e7\u00e3o da evas\u00e3o acad\u00eamica provocada por desigualdades e exclus\u00e3o social, por meio do acolhimento e do apoio a diversas demandas psicossociais dos estudantes. As a\u00e7\u00f5es s\u00e3o desenvolvidas com foco no trabalho do Servi\u00e7o Social, que atua na promo\u00e7\u00e3o do bem-estar, na perman\u00eancia estudantil e no fortalecimento do percurso acad\u00eamico, contribuindo para uma universidade mais inclusiva e comprometida com a equidade.<\/p>\n<p><strong>A\u00e7\u00f5es desenvolvidas:<\/strong><br \/>\nTriagem psicossocial;<br \/>\nVisitas domiciliares ou institucionais;<br \/>\nA\u00e7\u00f5es coletivas;<br \/>\nAtendimento a v\u00edtimas de ass\u00e9dio;<br \/>\nProgramas institucionais de assist\u00eancia estudantil;<br \/>\nGest\u00e3o de programas sociais e benef\u00edcios.<\/p>\n<p>&nbsp;<\/p>\n<p><strong>Os atendimentos s\u00e3o realizados com hor\u00e1rio previamente agendado.<\/strong><br \/>\nAs\u00a0a\u00e7\u00f5es individuais e em grupo tem sempre car\u00e1ter <strong>sigiloso e preservado<\/strong>, sendo compartilhadas apenas dentro da pr\u00f3pria equipe multiprofissional envolvida nos atendimentos.<strong><br \/>\n<\/strong><\/p>\n<p>&nbsp;<\/p>\n<table class=\" aligncenter\" style=\"width: 60%;border-collapse: collapse;border-style: dotted\">\n<tbody>\n<tr>\n<td style=\"width: 100%\">\n<p style=\"text-align: center\"><strong>Locais e hor\u00e1rios de atendimento para Servi\u00e7o Social:<\/strong><\/p>\n<p style=\"text-align: center\"><span style=\"font-size: 14px\">C\u00e2mpus Santa Cruz \u2013 Bloco D, sala 138<\/span><br \/>\n<span style=\"font-size: 14px\">Segunda a sexta, das 08h \u00e0s 22h<\/span><br \/>\n<span style=\"font-size: 14px\">WhatsApp: (42)\u00a03621-1387<\/span><br \/>\n<span style=\"font-size: 14px\">Ramal: 1387<\/span><\/p>\n<p style=\"text-align: center\"><span style=\"font-size: 14px\">C\u00e2mpus Cedeteg \u2013 Bloco PDE, sala da Proae<\/span><br \/>\n<span style=\"font-size: 14px\">Segunda a sexta, das 08h \u00e0s 17h<\/span><br \/>\n<span style=\"font-size: 14px\">WhatsApp: (42) 98824-0655<\/span><br \/>\n<span style=\"font-size: 14px\">Ramal: 8159 ou 8153<\/span><\/p>\n<p style=\"text-align: center\"><span style=\"font-size: 14px\">C\u00e2mpus Irati \u2013 Sala 249 (2\u00ba piso &#8211; Ala D do Pr\u00e9dio Principal)<\/span><br \/>\n<span style=\"font-size: 14px\">Segunda a sexta, a tarde e a noite<\/span><br \/>\n<span style=\"font-size: 14px\">WhatsApp: (42) 3421-3074<\/span><\/p>\n<\/td>\n<\/tr>\n<\/tbody>\n<\/table>\n<p>[\/vc_column_text][\/vc_tta_section][\/vc_tta_tabs][\/vc_column][\/vc_row]<\/p>\n<\/div>","protected":false},"excerpt":{"rendered":"<p>[vc_row][vc_column][vc_tta_tabs][vc_tta_section title=&#8221;COOAPSA&#8221; tab_id=&#8221;1743078815226-da536573-4bd2&#8243;][vc_empty_space][vc_column_text css=&#8221;&#8221;]Coordenadoria de Aten\u00e7\u00e3o e Promo\u00e7\u00e3o \u00e0 Sa\u00fade (COOAPSA) A COOAPSA \u00e9 respons\u00e1vel pela promo\u00e7\u00e3o \u00e0 sa\u00fade da comunidade universit\u00e1ria em geral, realizando desde atendimentos m\u00e9dicos e de enfermagem a servi\u00e7os de psicologia. &nbsp; Programa de Aten\u00e7\u00e3o \u00e0 Sa\u00fade (PAS) O programa disponibiliza atendimentos de sa\u00fade de baixa complexidade \u00e0 comunidade universit\u00e1ria, com [&hellip;]<\/p>\n","protected":false},"author":766,"featured_media":0,"parent":0,"menu_order":0,"comment_status":"closed","ping_status":"closed","template":"","meta":{"_exactmetrics_skip_tracking":false,"_exactmetrics_sitenote_active":false,"_exactmetrics_sitenote_note":"","_exactmetrics_sitenote_category":0,"footnotes":"","_links_to":"","_links_to_target":""},"class_list":["post-1720","page","type-page","status-publish","hentry"],"publishpress_future_action":{"enabled":false,"date":"2026-04-17 11:41:23","action":"change-status","newStatus":"draft","terms":[],"taxonomy":"","extraData":[]},"publishpress_future_workflow_manual_trigger":{"enabledWorkflows":[]},"_links":{"self":[{"href":"https:\/\/www3.unicentro.br\/proae\/wp-json\/wp\/v2\/pages\/1720","targetHints":{"allow":["GET"]}}],"collection":[{"href":"https:\/\/www3.unicentro.br\/proae\/wp-json\/wp\/v2\/pages"}],"about":[{"href":"https:\/\/www3.unicentro.br\/proae\/wp-json\/wp\/v2\/types\/page"}],"author":[{"embeddable":true,"href":"https:\/\/www3.unicentro.br\/proae\/wp-json\/wp\/v2\/users\/766"}],"replies":[{"embeddable":true,"href":"https:\/\/www3.unicentro.br\/proae\/wp-json\/wp\/v2\/comments?post=1720"}],"version-history":[{"count":5,"href":"https:\/\/www3.unicentro.br\/proae\/wp-json\/wp\/v2\/pages\/1720\/revisions"}],"predecessor-version":[{"id":4668,"href":"https:\/\/www3.unicentro.br\/proae\/wp-json\/wp\/v2\/pages\/1720\/revisions\/4668"}],"wp:attachment":[{"href":"https:\/\/www3.unicentro.br\/proae\/wp-json\/wp\/v2\/media?parent=1720"}],"curies":[{"name":"wp","href":"https:\/\/api.w.org\/{rel}","templated":true}]}}