{"id":388,"date":"2023-02-28T11:18:17","date_gmt":"2023-02-28T14:18:17","guid":{"rendered":"https:\/\/www3.unicentro.br\/ppgqa\/?page_id=388"},"modified":"2026-03-02T10:21:23","modified_gmt":"2026-03-02T13:21:23","slug":"formularios","status":"publish","type":"page","link":"https:\/\/www3.unicentro.br\/ppgqa\/documentos\/formularios\/","title":{"rendered":"Formul\u00e1rios"},"content":{"rendered":"<div class=\"wpb-content-wrapper\"><p>[vc_row][vc_column][vc_tta_tour][vc_tta_section title=&#8221;Bancas&#8221; tab_id=&#8221;1664308329181-366ad809-1d8f&#8221;][vc_btn title=&#8221;Formul\u00e1rio de Banca de Defesa&#8221; align=&#8221;center&#8221; link=&#8221;url:https%3A%2F%2Fwww3.unicentro.br%2Fppgqa%2Fwp-content%2Fuploads%2Fsites%2F144%2F2022%2F09%2FFormulario-Banca-de-Defesa.docx&#8221;][vc_btn title=&#8221;Formul\u00e1rio de Banca de Qualifica\u00e7\u00e3o&#8221; align=&#8221;center&#8221; link=&#8221;url:https%3A%2F%2Fwww3.unicentro.br%2Fppgqa%2Fwp-content%2Fuploads%2Fsites%2F144%2F2022%2F09%2FFormulario-Banca-de-Qualificacao.docx&#8221;][\/vc_tta_section][vc_tta_section title=&#8221;Bolsas&#8221; tab_id=&#8221;1664308539058-fe687f9b-844d&#8221;][vc_btn title=&#8221;Termo de compromisso DS-CAPES&#8221; align=&#8221;center&#8221; link=&#8221;url:https%3A%2F%2Fwww3.unicentro.br%2Fppgqa%2Fwp-content%2Fuploads%2Fsites%2F144%2F2022%2F09%2FTermo-de-Compromisso-DS-CAPES.docx&#8221;][\/vc_tta_section][vc_tta_section title=&#8221;Projetos&#8221; tab_id=&#8221;1664308406003-25dd009d-0eb7&#8243;][vc_btn title=&#8221;Modelo de projeto Mestrado e Doutorado PPGQA&#8221; align=&#8221;center&#8221; link=&#8221;url:https%3A%2F%2Fwww3.unicentro.br%2Fppgqa%2Fwp-content%2Fuploads%2Fsites%2F144%2F2022%2F09%2FModelo-Projeto-M_D-PPGQA.docx&#8221;][\/vc_tta_section][vc_tta_section title=&#8221;Relat\u00f3rios&#8221; tab_id=&#8221;1664308329181-3b58e468-1369&#8243;][vc_btn title=&#8221;Modelo de Relat\u00f3rio de Qualifica\u00e7\u00e3o II &#8211; Mestrado e Doutorado&#8221; align=&#8221;center&#8221; link=&#8221;url:https%3A%2F%2Fwww3.unicentro.br%2Fppgqa%2Fwp-content%2Fuploads%2Fsites%2F144%2F2022%2F09%2FModelo-Relatorio-Qualificacao-II-M_D-PPGQA.docx&#8221;][vc_btn title=&#8221;Relat\u00f3rio de Avalia\u00e7\u00e3o de Desempenho Discente &#8211; Mestrado&#8221; align=&#8221;center&#8221; css=&#8221;&#8221; link=&#8221;url:https%3A%2F%2Fwww3.unicentro.br%2Fppgqa%2Fwp-content%2Fuploads%2Fsites%2F144%2F2024%2F07%2FAvaliacao-de-Desempenho-Discente-Mestrado-2024.doc&#8221;][vc_btn title=&#8221;Relat\u00f3rio de Avalia\u00e7\u00e3o de Desempenho Discente &#8211; Doutorado&#8221; align=&#8221;center&#8221; css=&#8221;&#8221; link=&#8221;url:https%3A%2F%2Fwww3.unicentro.br%2Fppgqa%2Fwp-content%2Fuploads%2Fsites%2F144%2F2024%2F07%2FAvaliacao-de-Desempenho-Discente-Doutorado-2024.doc&#8221;][vc_btn title=&#8221;2025 &#8211; Relat\u00f3rio de Avalia\u00e7\u00e3o de Desempenho Discente &#8211; Mestrado&#8221; align=&#8221;center&#8221; css=&#8221;&#8221; link=&#8221;url:https%3A%2F%2Fwww3.unicentro.br%2Fppgqa%2Fwp-content%2Fuploads%2Fsites%2F144%2F2025%2F02%2FAvaliacao-de-Desempenho-Discente-Mestrado-2025.doc&#8221;][vc_btn title=&#8221;2025 &#8211; Relat\u00f3rio de Avalia\u00e7\u00e3o de Desempenho Discente &#8211; Doutorado&#8221; align=&#8221;center&#8221; css=&#8221;&#8221; link=&#8221;url:https%3A%2F%2Fwww3.unicentro.br%2Fppgqa%2Fwp-content%2Fuploads%2Fsites%2F144%2F2025%2F02%2FAvaliacao-de-Desempenho-Discente-Doutorado-2025.doc&#8221;][vc_btn title=&#8221;2026 &#8211; Relat\u00f3rio de Avalia\u00e7\u00e3o de Desempenho Discente &#8211; Mestrado&#8221; align=&#8221;center&#8221; css=&#8221;&#8221; link=&#8221;url:https%3A%2F%2Fwww3.unicentro.br%2Fppgqa%2Fwp-content%2Fuploads%2Fsites%2F144%2F2026%2F03%2FAvaliacao-de-Desempenho-Discente-Mestrado-2026.doc&#8221;][vc_btn title=&#8221;2026 &#8211; Relat\u00f3rio de Avalia\u00e7\u00e3o de Desempenho Discente &#8211; Doutorado&#8221; align=&#8221;center&#8221; css=&#8221;&#8221; link=&#8221;url:https%3A%2F%2Fwww3.unicentro.br%2Fppgqa%2Fwp-content%2Fuploads%2Fsites%2F144%2F2026%2F03%2FAvaliacao-de-Desempenho-Discente-DOUTORADO-2026.doc&#8221;][\/vc_tta_section][vc_tta_section title=&#8221;Requerimentos&#8221; tab_id=&#8221;1664308458313-1d544bea-d091&#8243;][vc_btn title=&#8221;Formulario de requerimento ao PPGQA&#8221; align=&#8221;center&#8221; link=&#8221;url:https%3A%2F%2Fwww3.unicentro.br%2Fppgqa%2Fwp-content%2Fuploads%2Fsites%2F144%2F2022%2F09%2FRequerimento-PPGQA.odt&#8221;][vc_btn title=&#8221;Requerimento de Matr\u00edcula&#8221; align=&#8221;center&#8221; link=&#8221;url:https%3A%2F%2Fwww3.unicentro.br%2Fppgqa%2Fwp-content%2Fuploads%2Fsites%2F144%2F2023%2F02%2FRequerimento-de-Matricula-PPGQA-2023.odt&#8221;][vc_btn title=&#8221;Requerimento de Pr\u00e9-Matr\u00edcula&#8221; align=&#8221;center&#8221; link=&#8221;url:https%3A%2F%2Fwww3.unicentro.br%2Fppgqa%2Fwp-content%2Fuploads%2Fsites%2F144%2F2023%2F02%2FRequerimento-de-PRE-Matricula-PPGQA-2023.odt&#8221;][vc_btn title=&#8221;Requerimento de Rematr\u00edcula&#8221; align=&#8221;center&#8221; link=&#8221;url:https%3A%2F%2Fwww3.unicentro.br%2Fppgqa%2Fwp-content%2Fuploads%2Fsites%2F144%2F2023%2F02%2FRequerimento-de-Rematricula-PPGQA-2023.odt&#8221;][vc_btn title=&#8221;Requerimento de Matr\u00edcula 2023&#8243; align=&#8221;center&#8221; link=&#8221;url:https%3A%2F%2Fwww3.unicentro.br%2Fppgqa%2Fwp-content%2Fuploads%2Fsites%2F144%2F2023%2F04%2FRequerimento-de-Matricula-PPGQA-2023.doc|title:Matricula%202023%20M%20e%20D&#8221;][vc_btn title=&#8221;Requerimento de Matr\u00edcula 2024&#8243; align=&#8221;center&#8221; link=&#8221;url:https%3A%2F%2Fwww3.unicentro.br%2Fppgqa%2Fwp-content%2Fuploads%2Fsites%2F144%2F2024%2F02%2FRequerimento-de-Matricula-PPGQA-2024.doc|title:Matricula%202024%20M&#8221;][vc_btn title=&#8221;Requerimento de Matr\u00edcula 2024&#8243; align=&#8221;center&#8221; link=&#8221;url:https%3A%2F%2Fwww3.unicentro.br%2Fppgqa%2Fwp-content%2Fuploads%2Fsites%2F144%2F2024%2F02%2FRequerimento-de-Matricula-PPGQA-2024.doc|title:Matricula%202024%20M&#8221;][\/vc_tta_section][\/vc_tta_tour][\/vc_column][\/vc_row]<\/p>\n<\/div>","protected":false},"excerpt":{"rendered":"<p>[vc_row][vc_column][vc_tta_tour][vc_tta_section title=&#8221;Bancas&#8221; tab_id=&#8221;1664308329181-366ad809-1d8f&#8221;][vc_btn title=&#8221;Formul\u00e1rio de Banca de Defesa&#8221; align=&#8221;center&#8221; link=&#8221;url:https%3A%2F%2Fwww3.unicentro.br%2Fppgqa%2Fwp-content%2Fuploads%2Fsites%2F144%2F2022%2F09%2FFormulario-Banca-de-Defesa.docx&#8221;][vc_btn title=&#8221;Formul\u00e1rio de Banca de Qualifica\u00e7\u00e3o&#8221; align=&#8221;center&#8221; link=&#8221;url:https%3A%2F%2Fwww3.unicentro.br%2Fppgqa%2Fwp-content%2Fuploads%2Fsites%2F144%2F2022%2F09%2FFormulario-Banca-de-Qualificacao.docx&#8221;][\/vc_tta_section][vc_tta_section title=&#8221;Bolsas&#8221; tab_id=&#8221;1664308539058-fe687f9b-844d&#8221;][vc_btn title=&#8221;Termo de compromisso DS-CAPES&#8221; align=&#8221;center&#8221; link=&#8221;url:https%3A%2F%2Fwww3.unicentro.br%2Fppgqa%2Fwp-content%2Fuploads%2Fsites%2F144%2F2022%2F09%2FTermo-de-Compromisso-DS-CAPES.docx&#8221;][\/vc_tta_section][vc_tta_section title=&#8221;Projetos&#8221; tab_id=&#8221;1664308406003-25dd009d-0eb7&#8243;][vc_btn title=&#8221;Modelo de projeto Mestrado e Doutorado PPGQA&#8221; align=&#8221;center&#8221; link=&#8221;url:https%3A%2F%2Fwww3.unicentro.br%2Fppgqa%2Fwp-content%2Fuploads%2Fsites%2F144%2F2022%2F09%2FModelo-Projeto-M_D-PPGQA.docx&#8221;][\/vc_tta_section][vc_tta_section title=&#8221;Relat\u00f3rios&#8221; tab_id=&#8221;1664308329181-3b58e468-1369&#8243;][vc_btn title=&#8221;Modelo de Relat\u00f3rio de Qualifica\u00e7\u00e3o II &#8211; Mestrado e Doutorado&#8221; align=&#8221;center&#8221; link=&#8221;url:https%3A%2F%2Fwww3.unicentro.br%2Fppgqa%2Fwp-content%2Fuploads%2Fsites%2F144%2F2022%2F09%2FModelo-Relatorio-Qualificacao-II-M_D-PPGQA.docx&#8221;][vc_btn title=&#8221;Relat\u00f3rio de Avalia\u00e7\u00e3o de Desempenho [&hellip;]<\/p>\n","protected":false},"author":260,"featured_media":0,"parent":32,"menu_order":0,"comment_status":"closed","ping_status":"closed","template":"","meta":{"_exactmetrics_skip_tracking":false,"_exactmetrics_sitenote_active":false,"_exactmetrics_sitenote_note":"","_exactmetrics_sitenote_category":0,"footnotes":"","_links_to":"","_links_to_target":""},"class_list":["post-388","page","type-page","status-publish","hentry"],"_links":{"self":[{"href":"https:\/\/www3.unicentro.br\/ppgqa\/wp-json\/wp\/v2\/pages\/388","targetHints":{"allow":["GET"]}}],"collection":[{"href":"https:\/\/www3.unicentro.br\/ppgqa\/wp-json\/wp\/v2\/pages"}],"about":[{"href":"https:\/\/www3.unicentro.br\/ppgqa\/wp-json\/wp\/v2\/types\/page"}],"author":[{"embeddable":true,"href":"https:\/\/www3.unicentro.br\/ppgqa\/wp-json\/wp\/v2\/users\/260"}],"replies":[{"embeddable":true,"href":"https:\/\/www3.unicentro.br\/ppgqa\/wp-json\/wp\/v2\/comments?post=388"}],"version-history":[{"count":2,"href":"https:\/\/www3.unicentro.br\/ppgqa\/wp-json\/wp\/v2\/pages\/388\/revisions"}],"predecessor-version":[{"id":828,"href":"https:\/\/www3.unicentro.br\/ppgqa\/wp-json\/wp\/v2\/pages\/388\/revisions\/828"}],"up":[{"embeddable":true,"href":"https:\/\/www3.unicentro.br\/ppgqa\/wp-json\/wp\/v2\/pages\/32"}],"wp:attachment":[{"href":"https:\/\/www3.unicentro.br\/ppgqa\/wp-json\/wp\/v2\/media?parent=388"}],"curies":[{"name":"wp","href":"https:\/\/api.w.org\/{rel}","templated":true}]}}