{"id":32,"date":"2022-08-25T16:58:12","date_gmt":"2022-08-25T19:58:12","guid":{"rendered":"https:\/\/www3.unicentro.br\/ppgqa\/?page_id=32"},"modified":"2023-02-28T10:36:15","modified_gmt":"2023-02-28T13:36:15","slug":"documentos","status":"publish","type":"page","link":"https:\/\/www3.unicentro.br\/ppgqa\/documentos\/","title":{"rendered":"Documentos"},"content":{"rendered":"<div class=\"wpb-content-wrapper\"><p>[vc_row][vc_column][vc_column_text]<span style=\"font-size: 24pt\">Instru\u00e7\u00f5es Normativas<\/span>[\/vc_column_text][vc_tta_tour][vc_tta_section title=&#8221;01\/2022&#8243; tab_id=&#8221;1664998836422-21d90e9f-d09e&#8221;][vc_column_text]Estabelece os crit\u00e9rios para a concess\u00e3o, manuten\u00e7\u00e3o, cancelamento de bolsas e de desempenho discente do Programa de P\u00f3s-Gradua\u00e7\u00e3o em Qu\u00edmica Aplicada (PPGQA), cursos de Mestrado e Doutorado da UNICENTRO.[\/vc_column_text][vc_btn title=&#8221;Instru\u00e7\u00e3o Normativa&#8221; align=&#8221;center&#8221; link=&#8221;url:https%3A%2F%2Fwww3.unicentro.br%2Fppgqa%2Fwp-content%2Fuploads%2Fsites%2F144%2F2022%2F10%2FInstrucao-Normativa-01-2022-PPGQA.pdf&#8221;][vc_btn title=&#8221;Anexos&#8221; align=&#8221;center&#8221; link=&#8221;url:https%3A%2F%2Fwww3.unicentro.br%2Fppgqa%2Fwp-content%2Fuploads%2Fsites%2F144%2F2022%2F10%2FInstrucao-Normativa-01-2022-PPGQA.docx&#8221;][\/vc_tta_section][vc_tta_section tab_id=&#8221;1664998836423-e5dfe55c-813f&#8221;][\/vc_tta_section][\/vc_tta_tour][\/vc_column][\/vc_row][vc_row][vc_column][vc_column_text]<span style=\"font-size: 24pt\">Formul\u00e1rios<\/span>[\/vc_column_text][vc_tta_tour][vc_tta_section title=&#8221;Bancas&#8221; tab_id=&#8221;1664308329181-366ad809-1d8f&#8221;][vc_btn title=&#8221;Formul\u00e1rio de Banca de Defesa&#8221; align=&#8221;center&#8221; link=&#8221;url:https%3A%2F%2Fwww3.unicentro.br%2Fppgqa%2Fwp-content%2Fuploads%2Fsites%2F144%2F2022%2F09%2FFormulario-Banca-de-Defesa.docx&#8221;][vc_btn title=&#8221;Formul\u00e1rio de Banca de Qualifica\u00e7\u00e3o&#8221; align=&#8221;center&#8221; link=&#8221;url:https%3A%2F%2Fwww3.unicentro.br%2Fppgqa%2Fwp-content%2Fuploads%2Fsites%2F144%2F2022%2F09%2FFormulario-Banca-de-Qualificacao.docx&#8221;][\/vc_tta_section][vc_tta_section title=&#8221;Bolsas&#8221; tab_id=&#8221;1664308539058-fe687f9b-844d&#8221;][vc_btn title=&#8221;Termo de compromisso DS-CAPES&#8221; align=&#8221;center&#8221; link=&#8221;url:https%3A%2F%2Fwww3.unicentro.br%2Fppgqa%2Fwp-content%2Fuploads%2Fsites%2F144%2F2022%2F09%2FTermo-de-Compromisso-DS-CAPES.docx&#8221;][\/vc_tta_section][vc_tta_section title=&#8221;Projetos&#8221; tab_id=&#8221;1664308406003-25dd009d-0eb7&#8243;][vc_btn title=&#8221;Modelo de projeto Mestrado e Doutorado PPGQA&#8221; align=&#8221;center&#8221; link=&#8221;url:https%3A%2F%2Fwww3.unicentro.br%2Fppgqa%2Fwp-content%2Fuploads%2Fsites%2F144%2F2022%2F09%2FModelo-Projeto-M_D-PPGQA.docx&#8221;][\/vc_tta_section][vc_tta_section title=&#8221;Relat\u00f3rios&#8221; tab_id=&#8221;1664308329181-3b58e468-1369&#8243;][vc_btn title=&#8221;Modelo de Relat\u00f3rio de Qualifica\u00e7\u00e3o II &#8211; Mestrado e Doutorado&#8221; align=&#8221;center&#8221; link=&#8221;url:https%3A%2F%2Fwww3.unicentro.br%2Fppgqa%2Fwp-content%2Fuploads%2Fsites%2F144%2F2022%2F09%2FModelo-Relatorio-Qualificacao-II-M_D-PPGQA.docx&#8221;][\/vc_tta_section][vc_tta_section title=&#8221;Requerimentos&#8221; tab_id=&#8221;1664308458313-1d544bea-d091&#8243;][vc_btn title=&#8221;Formulario de requerimento ao PPGQA&#8221; align=&#8221;center&#8221; link=&#8221;url:https%3A%2F%2Fwww3.unicentro.br%2Fppgqa%2Fwp-content%2Fuploads%2Fsites%2F144%2F2022%2F09%2FRequerimento-PPGQA.odt&#8221;][vc_btn title=&#8221;Requerimento de Matr\u00edcula&#8221; align=&#8221;center&#8221; link=&#8221;url:https%3A%2F%2Fwww3.unicentro.br%2Fppgqa%2Fwp-content%2Fuploads%2Fsites%2F144%2F2023%2F02%2FRequerimento-de-Matricula-PPGQA-2023.odt&#8221;][vc_btn title=&#8221;Requerimento de Pr\u00e9-Matr\u00edcula&#8221; align=&#8221;center&#8221; link=&#8221;url:https%3A%2F%2Fwww3.unicentro.br%2Fppgqa%2Fwp-content%2Fuploads%2Fsites%2F144%2F2023%2F02%2FRequerimento-de-PRE-Matricula-PPGQA-2023.odt&#8221;][vc_btn title=&#8221;Requerimento de Rematr\u00edcula&#8221; align=&#8221;center&#8221; link=&#8221;url:https%3A%2F%2Fwww3.unicentro.br%2Fppgqa%2Fwp-content%2Fuploads%2Fsites%2F144%2F2023%2F02%2FRequerimento-de-Rematricula-PPGQA-2023.odt&#8221;][\/vc_tta_section][\/vc_tta_tour][\/vc_column][\/vc_row][vc_row][vc_column][vc_column_text]<span style=\"font-size: 24pt;\">PROAP<\/span>[\/vc_column_text][vc_tta_tour][vc_tta_section title=&#8221;2022&#8243; tab_id=&#8221;1665156242222-9c2f1c81-14c1&#8243;][vc_btn title=&#8221;PROAP 2022&#8243; align=&#8221;center&#8221; link=&#8221;url:https%3A%2F%2Fwww3.unicentro.br%2Fppgqa%2Fwp-content%2Fuploads%2Fsites%2F144%2F2022%2F10%2FCotas-PROAP-Discentes-Mestrado-2022.pdf&#8221;][\/vc_tta_section][vc_tta_section title=&#8221;2021&#8243; tab_id=&#8221;1665156242223-4bc21e77-9ecf&#8221;][\/vc_tta_section][\/vc_tta_tour][\/vc_column][\/vc_row]<\/p>\n<\/div>","protected":false},"excerpt":{"rendered":"<p>[vc_row][vc_column][vc_column_text]Instru\u00e7\u00f5es Normativas[\/vc_column_text][vc_tta_tour][vc_tta_section title=&#8221;01\/2022&#8243; tab_id=&#8221;1664998836422-21d90e9f-d09e&#8221;][vc_column_text]Estabelece os crit\u00e9rios para a concess\u00e3o, manuten\u00e7\u00e3o, cancelamento de bolsas e de desempenho discente do Programa de P\u00f3s-Gradua\u00e7\u00e3o em Qu\u00edmica Aplicada (PPGQA), cursos de Mestrado e Doutorado da UNICENTRO.[\/vc_column_text][vc_btn title=&#8221;Instru\u00e7\u00e3o Normativa&#8221; align=&#8221;center&#8221; link=&#8221;url:https%3A%2F%2Fwww3.unicentro.br%2Fppgqa%2Fwp-content%2Fuploads%2Fsites%2F144%2F2022%2F10%2FInstrucao-Normativa-01-2022-PPGQA.pdf&#8221;][vc_btn title=&#8221;Anexos&#8221; align=&#8221;center&#8221; link=&#8221;url:https%3A%2F%2Fwww3.unicentro.br%2Fppgqa%2Fwp-content%2Fuploads%2Fsites%2F144%2F2022%2F10%2FInstrucao-Normativa-01-2022-PPGQA.docx&#8221;][\/vc_tta_section][vc_tta_section tab_id=&#8221;1664998836423-e5dfe55c-813f&#8221;][\/vc_tta_section][\/vc_tta_tour][\/vc_column][\/vc_row][vc_row][vc_column][vc_column_text]Formul\u00e1rios[\/vc_column_text][vc_tta_tour][vc_tta_section title=&#8221;Bancas&#8221; tab_id=&#8221;1664308329181-366ad809-1d8f&#8221;][vc_btn title=&#8221;Formul\u00e1rio de Banca de Defesa&#8221; align=&#8221;center&#8221; link=&#8221;url:https%3A%2F%2Fwww3.unicentro.br%2Fppgqa%2Fwp-content%2Fuploads%2Fsites%2F144%2F2022%2F09%2FFormulario-Banca-de-Defesa.docx&#8221;][vc_btn title=&#8221;Formul\u00e1rio de Banca de Qualifica\u00e7\u00e3o&#8221; align=&#8221;center&#8221; [&hellip;]<\/p>\n","protected":false},"author":3,"featured_media":0,"parent":0,"menu_order":0,"comment_status":"closed","ping_status":"closed","template":"","meta":{"_exactmetrics_skip_tracking":false,"_exactmetrics_sitenote_active":false,"_exactmetrics_sitenote_note":"","_exactmetrics_sitenote_category":0,"footnotes":"","_links_to":"","_links_to_target":""},"class_list":["post-32","page","type-page","status-publish","hentry"],"_links":{"self":[{"href":"https:\/\/www3.unicentro.br\/ppgqa\/wp-json\/wp\/v2\/pages\/32","targetHints":{"allow":["GET"]}}],"collection":[{"href":"https:\/\/www3.unicentro.br\/ppgqa\/wp-json\/wp\/v2\/pages"}],"about":[{"href":"https:\/\/www3.unicentro.br\/ppgqa\/wp-json\/wp\/v2\/types\/page"}],"author":[{"embeddable":true,"href":"https:\/\/www3.unicentro.br\/ppgqa\/wp-json\/wp\/v2\/users\/3"}],"replies":[{"embeddable":true,"href":"https:\/\/www3.unicentro.br\/ppgqa\/wp-json\/wp\/v2\/comments?post=32"}],"version-history":[{"count":0,"href":"https:\/\/www3.unicentro.br\/ppgqa\/wp-json\/wp\/v2\/pages\/32\/revisions"}],"wp:attachment":[{"href":"https:\/\/www3.unicentro.br\/ppgqa\/wp-json\/wp\/v2\/media?parent=32"}],"curies":[{"name":"wp","href":"https:\/\/api.w.org\/{rel}","templated":true}]}}