{"id":49,"date":"2018-12-19T15:49:45","date_gmt":"2018-12-19T17:49:45","guid":{"rendered":"https:\/\/www3.unicentro.br\/ppgnb\/?page_id=49"},"modified":"2026-02-20T10:22:59","modified_gmt":"2026-02-20T13:22:59","slug":"calendario-e-matricula","status":"publish","type":"page","link":"https:\/\/www3.unicentro.br\/ppgnb\/calendario-e-matricula\/","title":{"rendered":"Calend\u00e1rio e Matr\u00edcula"},"content":{"rendered":"<div class=\"wpb-content-wrapper\"><p>[vc_row disable_element=&#8221;yes&#8221; u_row_style=&#8221;0&#8243; u_row_paralax=&#8221;0&#8243; u_row_scheme=&#8221;0&#8243;][vc_column][vc_message color=&#8221;info&#8221;]<strong>COMUNICADO DE AJUSTE DE CRONOGRAMA<\/strong><\/p>\n<p>As atividades referentes \u00e0 disciplina &#8220;Introdu\u00e7\u00e3o \u00e0 nanoci\u00eancia&#8221;, ministrada pelo Prof. Valdirlei F. Freitas iniciar\u00e3o em 22\/06\/2021.<\/p>\n<p>As atividades referentes \u00e0 disciplina &#8220;Sistemas nanoestruturados aplicados \u00e0 medicina&#8221; ministrada pela Prof.\u00aa Rubiana Mainardes iniciar\u00e3o em 30\/06\/2021.<\/p>\n<p>Mantenham contato com os professores atrav\u00e9s do Sistema MOODLE.[\/vc_message][\/vc_column][\/vc_row][vc_row u_row_style=&#8221;0&#8243; u_row_paralax=&#8221;0&#8243; u_row_scheme=&#8221;0&#8243;][vc_column][vc_message message_box_color=&#8221;blue&#8221; css=&#8221;&#8221;]<span style=\"font-size: 14pt\"><strong><a href=\"https:\/\/www3.unicentro.br\/ppgnb\/wp-content\/uploads\/sites\/63\/2026\/02\/Calendario_2026_PPGNB_Sem1_13022026_69977baabcfa2.pdf\" target=\"_blank\" rel=\"noopener\">Calend\u00e1rio de Aulas do PPGNB &#8211; 1\u00ba semestre de 2026 [.pdf]<\/a><\/strong><\/span>[\/vc_message][vc_separator][vc_message message_box_color=&#8221;orange&#8221; css=&#8221;&#8221;]<span style=\"font-size: 14pt\"><strong><a href=\"https:\/\/www3.unicentro.br\/ppgnb\/wp-content\/uploads\/sites\/63\/2026\/02\/RequerimentoMatriculaSem1_2026_PPGNB_69977ba189607.pdf\" target=\"_blank\" rel=\"noopener\">REQUERIMENTO DE MATR\u00cdCULA DE ALUNO REGULAR Semestre 1\/2026 [.pdf]<\/a><\/strong><\/span>[\/vc_message][vc_message message_box_color=&#8221;purple&#8221; css=&#8221;&#8221;]<span style=\"font-size: 14pt\"><strong><a href=\"https:\/\/www3.unicentro.br\/ppgnb\/wp-content\/uploads\/sites\/63\/2026\/02\/RequerimentoMatriculaSem1_2026_PPGNB_69977ba61ed85.docx\" target=\"_blank\" rel=\"noopener\">REQUERIMENTO DE MATR\u00cdCULA DE ALUNO REGULAR Semestre 1\/2026 [.doc]<\/a><\/strong><\/span>[\/vc_message][\/vc_column][\/vc_row][vc_row][vc_column][\/vc_column][\/vc_row]<\/p>\n<\/div>","protected":false},"excerpt":{"rendered":"<p>[vc_row disable_element=&#8221;yes&#8221; u_row_style=&#8221;0&#8243; u_row_paralax=&#8221;0&#8243; u_row_scheme=&#8221;0&#8243;][vc_column][vc_message color=&#8221;info&#8221;]COMUNICADO DE AJUSTE DE CRONOGRAMA As atividades referentes \u00e0 disciplina &#8220;Introdu\u00e7\u00e3o \u00e0 nanoci\u00eancia&#8221;, ministrada pelo Prof. Valdirlei F. Freitas iniciar\u00e3o em 22\/06\/2021. As atividades referentes \u00e0 disciplina &#8220;Sistemas nanoestruturados aplicados \u00e0 medicina&#8221; ministrada pela Prof.\u00aa Rubiana Mainardes iniciar\u00e3o em 30\/06\/2021. Mantenham contato com os professores atrav\u00e9s do Sistema MOODLE.[\/vc_message][\/vc_column][\/vc_row][vc_row u_row_style=&#8221;0&#8243; [&hellip;]<\/p>\n","protected":false},"author":3,"featured_media":0,"parent":0,"menu_order":0,"comment_status":"closed","ping_status":"closed","template":"","meta":{"_exactmetrics_skip_tracking":false,"_exactmetrics_sitenote_active":false,"_exactmetrics_sitenote_note":"","_exactmetrics_sitenote_category":0,"footnotes":"","_links_to":"","_links_to_target":""},"class_list":["post-49","page","type-page","status-publish","hentry"],"_links":{"self":[{"href":"https:\/\/www3.unicentro.br\/ppgnb\/wp-json\/wp\/v2\/pages\/49","targetHints":{"allow":["GET"]}}],"collection":[{"href":"https:\/\/www3.unicentro.br\/ppgnb\/wp-json\/wp\/v2\/pages"}],"about":[{"href":"https:\/\/www3.unicentro.br\/ppgnb\/wp-json\/wp\/v2\/types\/page"}],"author":[{"embeddable":true,"href":"https:\/\/www3.unicentro.br\/ppgnb\/wp-json\/wp\/v2\/users\/3"}],"replies":[{"embeddable":true,"href":"https:\/\/www3.unicentro.br\/ppgnb\/wp-json\/wp\/v2\/comments?post=49"}],"version-history":[{"count":2,"href":"https:\/\/www3.unicentro.br\/ppgnb\/wp-json\/wp\/v2\/pages\/49\/revisions"}],"predecessor-version":[{"id":997,"href":"https:\/\/www3.unicentro.br\/ppgnb\/wp-json\/wp\/v2\/pages\/49\/revisions\/997"}],"wp:attachment":[{"href":"https:\/\/www3.unicentro.br\/ppgnb\/wp-json\/wp\/v2\/media?parent=49"}],"curies":[{"name":"wp","href":"https:\/\/api.w.org\/{rel}","templated":true}]}}