{"id":28,"date":"2018-12-19T15:11:52","date_gmt":"2018-12-19T17:11:52","guid":{"rendered":"https:\/\/www3.unicentro.br\/ppgnb\/?page_id=28"},"modified":"2018-12-19T15:11:52","modified_gmt":"2018-12-19T17:11:52","slug":"area-de-concentracao","status":"publish","type":"page","link":"https:\/\/www3.unicentro.br\/ppgnb\/area-de-concentracao\/","title":{"rendered":"\u00c1rea de Concentra\u00e7\u00e3o"},"content":{"rendered":"<p><strong>Nome:<br \/>\n<\/strong>Nanoci\u00eancias e Bioci\u00eancias<\/p>\n<p><strong>Descri\u00e7\u00e3o:<br \/>\n<\/strong>A \u00e1rea de concentra\u00e7\u00e3o reflete a perspectiva de forma\u00e7\u00e3o do egresso e o hist\u00f3rico de forma\u00e7\u00e3o e coopera\u00e7\u00e3o dos docentes. Assim, a proposta tem por objetivo o desenvolvimento de pesquisas e produtos\/processos para a forma\u00e7\u00e3o de recursos humanos, no \u00e2mbito b\u00e1sico e aplicado, visando \u00e0 solu\u00e7\u00e3o de problemas em Nanoci\u00eancias e Bioci\u00eancias, focando diferentes \u00e1reas do conhecimento com uma ampla discuss\u00e3o e intera\u00e7\u00e3o entre docentes e discentes. Neste contexto, a forma\u00e7\u00e3o de excel\u00eancia nessas \u00e1reas ser\u00e1 alcan\u00e7ada quando o conhecimento absorvido nas diferentes disciplinas interdisciplinares ofertadas for empregado no desenvolvimento conjunto de projetos de pesquisas na \u00e1rea de Nanoci\u00eancias e Bioci\u00eancias.<\/p>\n","protected":false},"excerpt":{"rendered":"<p>Nome: Nanoci\u00eancias e Bioci\u00eancias Descri\u00e7\u00e3o: A \u00e1rea de concentra\u00e7\u00e3o reflete a perspectiva de forma\u00e7\u00e3o do egresso e o hist\u00f3rico de forma\u00e7\u00e3o e coopera\u00e7\u00e3o dos docentes. Assim, a proposta tem por objetivo o desenvolvimento de pesquisas e produtos\/processos para a forma\u00e7\u00e3o de recursos humanos, no \u00e2mbito b\u00e1sico e aplicado, visando \u00e0 solu\u00e7\u00e3o de problemas em Nanoci\u00eancias [&hellip;]<\/p>\n","protected":false},"author":3,"featured_media":0,"parent":0,"menu_order":0,"comment_status":"closed","ping_status":"closed","template":"","meta":{"_exactmetrics_skip_tracking":false,"_exactmetrics_sitenote_active":false,"_exactmetrics_sitenote_note":"","_exactmetrics_sitenote_category":0,"footnotes":"","_links_to":"","_links_to_target":""},"class_list":["post-28","page","type-page","status-publish","hentry"],"_links":{"self":[{"href":"https:\/\/www3.unicentro.br\/ppgnb\/wp-json\/wp\/v2\/pages\/28","targetHints":{"allow":["GET"]}}],"collection":[{"href":"https:\/\/www3.unicentro.br\/ppgnb\/wp-json\/wp\/v2\/pages"}],"about":[{"href":"https:\/\/www3.unicentro.br\/ppgnb\/wp-json\/wp\/v2\/types\/page"}],"author":[{"embeddable":true,"href":"https:\/\/www3.unicentro.br\/ppgnb\/wp-json\/wp\/v2\/users\/3"}],"replies":[{"embeddable":true,"href":"https:\/\/www3.unicentro.br\/ppgnb\/wp-json\/wp\/v2\/comments?post=28"}],"version-history":[{"count":0,"href":"https:\/\/www3.unicentro.br\/ppgnb\/wp-json\/wp\/v2\/pages\/28\/revisions"}],"wp:attachment":[{"href":"https:\/\/www3.unicentro.br\/ppgnb\/wp-json\/wp\/v2\/media?parent=28"}],"curies":[{"name":"wp","href":"https:\/\/api.w.org\/{rel}","templated":true}]}}