{"id":66,"date":"2017-04-05T00:00:00","date_gmt":"2017-04-05T03:00:00","guid":{"rendered":"https:\/\/www3.unicentro.br\/ppgl\/infraestrutura\/"},"modified":"2018-04-20T17:12:58","modified_gmt":"2018-04-20T20:12:58","slug":"infraestrutura","status":"publish","type":"page","link":"https:\/\/www3.unicentro.br\/ppgl\/infraestrutura\/","title":{"rendered":"Infraestrutura"},"content":{"rendered":"<p>Os espa\u00e7os f\u00edsicos do Programa de P\u00f3s-Gradua\u00e7\u00e3o em Letras est\u00e3o assim distribu\u00eddos:<\/p>\n<ul>\n<li>Salas de aula, com Multim\u00eddia, ventilador, quadros brancos<\/li>\n<li>10 salas de orienta\u00e7\u00e3o<\/li>\n<li>Quatro salas grandes que abrigam os quatro (4) Laborat\u00f3rios de Inform\u00e1tica, compartilhado com a gradua\u00e7\u00e3o<\/li>\n<li>Sala que abriga o Laborat\u00f3rio de L\u00ednguas<\/li>\n<li>Sala que abriga o Laborat\u00f3rio de Estudos Lingu\u00edsticos e Liter\u00e1rios Labell<\/li>\n<li>Sala do no Laborat\u00f3rio de Linguagem, Varia\u00e7\u00e3o e Ensino \u2013 Live<\/li>\n<li>Sala do Laborat\u00f3rio de Estudos Culturais, Identidades e Representa\u00e7\u00f5es &#8211; Labecir<\/li>\n<li>Miniaudit\u00f3rio que abriga o Laborat\u00f3rio de Web confer\u00eancia multiusu\u00e1rio<\/li>\n<li>Sala do Laborat\u00f3rio de Varia\u00e7\u00e3o e Sociolingu\u00edstica, no campus de Irati<\/li>\n<li>Biblioteca Central do Campus Santa Cruz, sede do Programa de P\u00f3s-gradua\u00e7\u00e3o em Letras possui um acervo de 45.000 obras, e deste acervo, 25 mil s\u00e3o obras espec\u00edficas da \u00e1rea de Letras, Literatura, Lingu\u00edstica, Ensino da L\u00edngua e de Literatura, L\u00edngua Portuguesa, al\u00e9m de teses e disserta\u00e7\u00f5es da \u00c1rea de Letras e afins<\/li>\n<li>Hemeroteca ,agregada a Biblioteca Central, possui cerca de 2500 exemplares de peri\u00f3dicos dispon\u00edveis na \u00e1rea de Letras.<\/li>\n<\/ul>\n","protected":false},"excerpt":{"rendered":"<p>Os espa\u00e7os f\u00edsicos do Programa de P\u00f3s-Gradua\u00e7\u00e3o em Letras est\u00e3o assim distribu\u00eddos: Salas de aula, com Multim\u00eddia, ventilador, quadros brancos 10 salas de orienta\u00e7\u00e3o Quatro salas grandes que abrigam os quatro (4) Laborat\u00f3rios de Inform\u00e1tica, compartilhado com a gradua\u00e7\u00e3o Sala que abriga o Laborat\u00f3rio de L\u00ednguas Sala que abriga o Laborat\u00f3rio de Estudos Lingu\u00edsticos e [&hellip;]<\/p>\n","protected":false},"author":3,"featured_media":0,"parent":0,"menu_order":0,"comment_status":"open","ping_status":"open","template":"","meta":{"_exactmetrics_skip_tracking":false,"_exactmetrics_sitenote_active":false,"_exactmetrics_sitenote_note":"","_exactmetrics_sitenote_category":0,"footnotes":"","_links_to":"","_links_to_target":""},"class_list":["post-66","page","type-page","status-publish","hentry"],"_links":{"self":[{"href":"https:\/\/www3.unicentro.br\/ppgl\/wp-json\/wp\/v2\/pages\/66","targetHints":{"allow":["GET"]}}],"collection":[{"href":"https:\/\/www3.unicentro.br\/ppgl\/wp-json\/wp\/v2\/pages"}],"about":[{"href":"https:\/\/www3.unicentro.br\/ppgl\/wp-json\/wp\/v2\/types\/page"}],"author":[{"embeddable":true,"href":"https:\/\/www3.unicentro.br\/ppgl\/wp-json\/wp\/v2\/users\/3"}],"replies":[{"embeddable":true,"href":"https:\/\/www3.unicentro.br\/ppgl\/wp-json\/wp\/v2\/comments?post=66"}],"version-history":[{"count":0,"href":"https:\/\/www3.unicentro.br\/ppgl\/wp-json\/wp\/v2\/pages\/66\/revisions"}],"wp:attachment":[{"href":"https:\/\/www3.unicentro.br\/ppgl\/wp-json\/wp\/v2\/media?parent=66"}],"curies":[{"name":"wp","href":"https:\/\/api.w.org\/{rel}","templated":true}]}}