{"id":64,"date":"2017-04-03T00:00:00","date_gmt":"2017-04-03T03:00:00","guid":{"rendered":"https:\/\/www3.unicentro.br\/ppgl\/laboratorios-2\/"},"modified":"2018-04-23T10:24:49","modified_gmt":"2018-04-23T13:24:49","slug":"laboratorios","status":"publish","type":"page","link":"https:\/\/www3.unicentro.br\/ppgl\/laboratorios\/","title":{"rendered":"Laborat\u00f3rios"},"content":{"rendered":"<p><strong>Laborat\u00f3rio de Estudos Lingu\u00edsticos e Liter\u00e1rios (LABELL)<\/strong><\/p>\n<p>O Laborat\u00f3rio de Estudos Lingu\u00edsticos e Liter\u00e1rios ( LABELL) da Universidade Estadual do Centro-Oeste- UNICENTRO visa ao fortalecimento do programa e das pesquisas desenvolvidas em \u00e2mbito de p\u00f3s-gradua\u00e7\u00e3o e por bolsistas de Inicia\u00e7\u00e3o Cient\u00edfica. Dentre as demandas destaca-se a necessidade de congregar e de unificar os grupos de pesquisa do Programa de P\u00f3s-Gradua\u00e7\u00e3o em Letras, considerando a interface entre os Estudos Lingu\u00edsticos e Liter\u00e1rios que s\u00f3 acontece por meio de um trabalho conjunto ligado a objetivos comuns e relevantes em torno das linhas de pesquisa do programa e consolida\u00e7\u00e3o. Possui um site, sob os cuidados de bolsistas de extens\u00e3o PIBIS. A principal parceria \u00e9 com a Universidade Federal do Paran\u00e1 ( Gesualda dos Santos Rasia), com a UFSM (Amanda Scherer e Verli Petri da Silveira) e UNICRUZ ( Ant\u00f4nio Escandiel de Souza e Elizabeth Dorneles ).<\/p>\n<p>&nbsp;<\/p>\n<p><strong>Laborat\u00f3rio de Linguagem, Varia\u00e7\u00e3o e Ensino &#8211; LIVE<\/strong><\/p>\n<p>O Laborat\u00f3rio de Linguagem, Varia\u00e7\u00e3o e Ensino \u2013 LiVE \u00e9 um espa\u00e7o para estudos integrados entre as linhas de pesquisa Texto, mem\u00f3ria e cultura e Linguagens, leitura e interpreta\u00e7\u00e3o do Mestrado em Letras da Unicentro, visando ao fortalecimento das pesquisas de professores, mestrandos e de Inicia\u00e7\u00e3o Cient\u00edfica relacionadas a essas duas linhas e ofertar periodicamente Exames de Profici\u00eancia em L\u00ednguas (portuguesa e estrangeiras) \u00e0 comunidade em geral, sistematizar as pesquisas realizadas, agrupando e estruturando arquivos com estudos te\u00f3rico-pr\u00e1ticos, de cunho experimental, intervencionista e de forma\u00e7\u00e3o de banco de dados; promover eventos para discuss\u00f5es te\u00f3ricas e de divulga\u00e7\u00e3o de pesquisas dos docentes e alunos do Mestrado em Letras e dos cursos de Letras de Guarapuava e Irati; promover encontros de estudos entre docentes, mestrandos e acad\u00eamicos de Inicia\u00e7\u00e3o Cient\u00edfica, vinculados aos cursos de Letras de Guarapuava e Irati; construir um corpus de textos aut\u00eanticos para an\u00e1lise de textos com base nas opera\u00e7\u00f5es discursivas em g\u00eaneros textuais diversos.<\/p>\n<p>&nbsp;<\/p>\n<p><strong>Laborat\u00f3rio de Estudos Culturais, Identidade e Representa\u00e7\u00e3o- LABECIR<\/strong><\/p>\n<p>No Laborat\u00f3rio de Estudos Culturais, Identidade e Representa\u00e7\u00e3o- LABECIR as pesquisas recaem sobre manifesta\u00e7\u00f5es culturais art\u00edsticas e midi\u00e1ticas, nos estudos realizados buscam-se analisar processos identit\u00e1rios referentes \u00e0 condi\u00e7\u00e3o de g\u00eanero, entendendo este como uma categoria de an\u00e1lise e como categoria emp\u00edrica que define a organiza\u00e7\u00e3o social da diferen\u00e7a sexual. O Laborat\u00f3rio tem car\u00e1ter multiusu\u00e1rio destinado \u00e0s pesquisas relacionadas aos Estudos Culturais, G\u00eanero e M\u00eddia, incluindo pesquisas emp\u00edricas e te\u00f3ricas. Desenvolvem-se pesquisas coletivas e individuais, realizam-se palestras, confer\u00eancias, organizam-se eventos. Orientam-se Trabalhos de Conclus\u00e3o de Curso, Pesquisas de Inicia\u00e7\u00e3o Cient\u00edfica e Disserta\u00e7\u00e3o de Mestrado. Escrevemos livros, artigos, cap\u00edtulos de livros. Ministram-se aulas e oficinas que focalizam rela\u00e7\u00f5es culturais de g\u00eanero e m\u00eddia.<\/p>\n<p><strong>Laborat\u00f3rio de Varia\u00e7\u00e3o e Sociolingu\u00edstica (Campus Irati)\u00a0<\/strong><\/p>\n<p>No laborat\u00f3rio \u00e9 abordado estudos em torno da varia\u00e7\u00e3o e mudan\u00e7a lingu\u00edstica.<\/p>\n","protected":false},"excerpt":{"rendered":"<p>Laborat\u00f3rio de Estudos Lingu\u00edsticos e Liter\u00e1rios (LABELL) O Laborat\u00f3rio de Estudos Lingu\u00edsticos e Liter\u00e1rios ( LABELL) da Universidade Estadual do Centro-Oeste- UNICENTRO visa ao fortalecimento do programa e das pesquisas desenvolvidas em \u00e2mbito de p\u00f3s-gradua\u00e7\u00e3o e por bolsistas de Inicia\u00e7\u00e3o Cient\u00edfica. Dentre as demandas destaca-se a necessidade de congregar e de unificar os grupos de [&hellip;]<\/p>\n","protected":false},"author":3,"featured_media":0,"parent":0,"menu_order":0,"comment_status":"open","ping_status":"closed","template":"","meta":{"_exactmetrics_skip_tracking":false,"_exactmetrics_sitenote_active":false,"_exactmetrics_sitenote_note":"","_exactmetrics_sitenote_category":0,"footnotes":"","_links_to":"","_links_to_target":""},"class_list":["post-64","page","type-page","status-publish","hentry"],"_links":{"self":[{"href":"https:\/\/www3.unicentro.br\/ppgl\/wp-json\/wp\/v2\/pages\/64","targetHints":{"allow":["GET"]}}],"collection":[{"href":"https:\/\/www3.unicentro.br\/ppgl\/wp-json\/wp\/v2\/pages"}],"about":[{"href":"https:\/\/www3.unicentro.br\/ppgl\/wp-json\/wp\/v2\/types\/page"}],"author":[{"embeddable":true,"href":"https:\/\/www3.unicentro.br\/ppgl\/wp-json\/wp\/v2\/users\/3"}],"replies":[{"embeddable":true,"href":"https:\/\/www3.unicentro.br\/ppgl\/wp-json\/wp\/v2\/comments?post=64"}],"version-history":[{"count":0,"href":"https:\/\/www3.unicentro.br\/ppgl\/wp-json\/wp\/v2\/pages\/64\/revisions"}],"wp:attachment":[{"href":"https:\/\/www3.unicentro.br\/ppgl\/wp-json\/wp\/v2\/media?parent=64"}],"curies":[{"name":"wp","href":"https:\/\/api.w.org\/{rel}","templated":true}]}}