{"id":47,"date":"2015-09-01T00:00:00","date_gmt":"2015-09-01T03:00:00","guid":{"rendered":"https:\/\/www3.unicentro.br\/ppgl\/forma-de-ingresso-aos-docentes\/"},"modified":"2023-11-14T14:35:17","modified_gmt":"2023-11-14T17:35:17","slug":"forma-de-ingresso-aos-docentes","status":"publish","type":"page","link":"https:\/\/www3.unicentro.br\/ppgl\/forma-de-ingresso-aos-docentes\/","title":{"rendered":"Forma de Ingresso aos Docentes"},"content":{"rendered":"<p class=\"western\" align=\"JUSTIFY\">Cada Quadri\u00eanio acontece o credenciamento, recredenciamento e o descredenciamento de docentes, assim, o\u00a0pedido de credenciamento ou recredenciamento deve atender a edital, de acordo com a demanda do Programa de P\u00f3s-Gradua\u00e7\u00e3o em Letras (PPGL) Stricto Sensu, da Universidade Estadual do Centro-Oeste e ser submetido \u00e0 aprova\u00e7\u00e3o do Colegiado. \u00c9 poss\u00edvel verificar os\u00a0 par\u00e2metros para o credenciamento, recredenciamento na <a href=\"https:\/\/www3.unicentro.br\/ppgl\/wp-content\/uploads\/sites\/36\/2021\/11\/Normativa-08.pdf\">Instru\u00e7\u00e3o Normativa n\u00ba 008\/2021 \u2013 PPGL\/Unicentro<\/a>.<\/p>\n<p>&nbsp;<\/p>\n","protected":false},"excerpt":{"rendered":"<p>Cada Quadri\u00eanio acontece o credenciamento, recredenciamento e o descredenciamento de docentes, assim, o\u00a0pedido de credenciamento ou recredenciamento deve atender a edital, de acordo com a demanda do Programa de P\u00f3s-Gradua\u00e7\u00e3o em Letras (PPGL) Stricto Sensu, da Universidade Estadual do Centro-Oeste e ser submetido \u00e0 aprova\u00e7\u00e3o do Colegiado. \u00c9 poss\u00edvel verificar os\u00a0 par\u00e2metros para o credenciamento, [&hellip;]<\/p>\n","protected":false},"author":3,"featured_media":0,"parent":0,"menu_order":0,"comment_status":"open","ping_status":"closed","template":"","meta":{"_exactmetrics_skip_tracking":false,"_exactmetrics_sitenote_active":false,"_exactmetrics_sitenote_note":"","_exactmetrics_sitenote_category":0,"footnotes":"","_links_to":"","_links_to_target":""},"class_list":["post-47","page","type-page","status-publish","hentry"],"_links":{"self":[{"href":"https:\/\/www3.unicentro.br\/ppgl\/wp-json\/wp\/v2\/pages\/47","targetHints":{"allow":["GET"]}}],"collection":[{"href":"https:\/\/www3.unicentro.br\/ppgl\/wp-json\/wp\/v2\/pages"}],"about":[{"href":"https:\/\/www3.unicentro.br\/ppgl\/wp-json\/wp\/v2\/types\/page"}],"author":[{"embeddable":true,"href":"https:\/\/www3.unicentro.br\/ppgl\/wp-json\/wp\/v2\/users\/3"}],"replies":[{"embeddable":true,"href":"https:\/\/www3.unicentro.br\/ppgl\/wp-json\/wp\/v2\/comments?post=47"}],"version-history":[{"count":1,"href":"https:\/\/www3.unicentro.br\/ppgl\/wp-json\/wp\/v2\/pages\/47\/revisions"}],"predecessor-version":[{"id":3795,"href":"https:\/\/www3.unicentro.br\/ppgl\/wp-json\/wp\/v2\/pages\/47\/revisions\/3795"}],"wp:attachment":[{"href":"https:\/\/www3.unicentro.br\/ppgl\/wp-json\/wp\/v2\/media?parent=47"}],"curies":[{"name":"wp","href":"https:\/\/api.w.org\/{rel}","templated":true}]}}