{"id":1822,"date":"2021-02-04T11:27:18","date_gmt":"2021-02-04T14:27:18","guid":{"rendered":"https:\/\/www3.unicentro.br\/ppgl\/?page_id=1822"},"modified":"2026-03-23T15:21:13","modified_gmt":"2026-03-23T18:21:13","slug":"projetos","status":"publish","type":"page","link":"https:\/\/www3.unicentro.br\/ppgl\/projetos\/","title":{"rendered":"Projetos"},"content":{"rendered":"<div class=\"wpb-content-wrapper\"><p>[vc_row][vc_column][vc_column_text css=&#8221;&#8221;]<strong>Projeto Letras em Tr\u00e2nsito\u00a0<\/strong><\/p>\n<p>O programa Letras em Tr\u00e2nsito pretende incentivar e apoiar propostas de coopera\u00e7\u00e3o regional do Programa de P\u00f3s-Gradua\u00e7\u00e3o em Letras da Universidade Federal do Paran\u00e1 com outros Programas da \u00e1rea no Estado do Paran\u00e1 e na Regi\u00e3o Sul. Propostas que envolvam Programas de institui\u00e7\u00f5es do estado do Paran\u00e1 ser\u00e3o consideradas priorit\u00e1rias, sendo admitidas tamb\u00e9m propostas que envolvam Programas nota 3, 4 ou 5 de universidades da Regi\u00e3o Sul.<\/p>\n<p>Edital: <a href=\"http:\/\/www.prppg.ufpr.br\/site\/ppgletras\/wp-content\/uploads\/sites\/65\/2019\/09\/edital-001-2019_letras-em-trnsito.pdf\">001-2019 \u2013<\/a><a href=\"http:\/\/www.prppg.ufpr.br\/site\/ppgletras\/wp-content\/uploads\/sites\/65\/2019\/09\/edital-001-2019_letras-em-trnsito.pdf\"> Projet<\/a><a href=\"http:\/\/www.prppg.ufpr.br\/site\/ppgletras\/wp-content\/uploads\/sites\/65\/2019\/09\/edital-001-2019_letras-em-trnsito.pdf\">o<\/a><a href=\"http:\/\/www.prppg.ufpr.br\/site\/ppgletras\/wp-content\/uploads\/sites\/65\/2019\/09\/edital-001-2019_letras-em-trnsito.pdf\"> Letras em tr\u00e2nsito 2019-2020<\/a><\/p>\n<p>&nbsp;<\/p>\n<p><strong>Semin\u00e1rio de Disserta\u00e7\u00e3o em Andamento (SEDAN)<\/strong><\/p>\n<p><a href=\"https:\/\/evento.unicentro.br\/files\/Arquivos\/car_arquivo\/05_12_2018_documento_1638031778.pdf\">ANAIS &#8211; SEDAN 2016<\/a><\/p>\n<p><a href=\"https:\/\/www3.unicentro.br\/ppgl\/wp-content\/uploads\/sites\/36\/2019\/01\/CADERNO-DE-RESUMOS-PPGL.pdf\">ANAIS &#8211; SEDAN &#8211; SIMLIVE 2018<\/a><\/p>\n<p><a href=\"https:\/\/evento.unicentro.br\/files\/Arquivos\/car_arquivo\/11_12_2019_documento_1108463419.pdf\">ANAIS &#8211; SEDAN &#8211; LABELL, LABECIR e SIMLIVE 2019<\/a><\/p>\n<p><a href=\"https:\/\/evento.unicentro.br\/files\/Arquivos\/car_arquivo\/13_07_2021_documento_100714516.pdf\">ANAIS- SEDAN 2019<\/a><\/p>\n<p><a href=\"https:\/\/evento.unicentro.br\/files\/Arquivos\/car_arquivo\/08_04_2021_documento_0010481685.pdf\">ANAIS &#8211; SEDAN 2020<\/a><\/p>\n<p><a href=\"https:\/\/evento.unicentro.br\/files\/Arquivos\/car_arquivo\/27_03_2023_documento_1123223719.pdf\">ANAIS &#8211; SEDAN 2021<\/a><\/p>\n<p><a href=\"https:\/\/evento.unicentro.br\/files\/Arquivos\/car_arquivo\/27_03_2023_documento_1105135975.pdf\">ANAIS &#8211; SEDAN 2022<\/a><\/p>\n<p><a href=\"https:\/\/www3.unicentro.br\/ppgl\/wp-content\/uploads\/sites\/36\/2024\/04\/anais-versa\u0303o-final.pdf\">ANAIS &#8211; SEDAN 2023<\/a><\/p>\n<p><a href=\"https:\/\/www3.unicentro.br\/ppgl\/wp-content\/uploads\/sites\/36\/2025\/01\/2024-ANAIS-SEDAN-SETAN.pdf\">ANAIS &#8211; SEDAN 2024<\/a><\/p>\n<p><a href=\"https:\/\/www3.unicentro.br\/ppgl\/wp-content\/uploads\/sites\/36\/2026\/03\/ANAIS_SEDAN-2025.pdf\">ANAIS &#8211; SEDAN 2025<\/a><\/p>\n<p>&nbsp;<\/p>\n<p><strong>Primavera de Pesquisas no Sul: L\u00edngua, Discurso e Resist\u00eancia<\/strong><\/p>\n<p><img loading=\"lazy\" decoding=\"async\" class=\"\" src=\"http:\/\/sites.unicentro.br\/wp\/labell\/files\/2021\/02\/Imagem1-1-1024x355.jpg\" width=\"511\" height=\"177\" \/><\/p>\n<p><a href=\"http:\/\/sites.unicentro.br\/wp\/labell\/files\/2021\/02\/Caderno-de-Resumos-Primavera-de-Pesquisas-no-Sul.pdf\">Caderno de Resumos &#8211; 2020<\/a><\/p>\n<p><a href=\"https:\/\/www3.unicentro.br\/ppgl\/wp-content\/uploads\/sites\/36\/2022\/03\/Anais-Primavera.pdf\">Caderno de Resumos &#8211; 2021<\/a><\/p>\n<p><a href=\"https:\/\/www3.unicentro.br\/ppgl\/wp-content\/uploads\/sites\/36\/2024\/01\/Primavera-de-Pesquisas-no-Sul-2023.pdf\">Caderno de Resumos &#8211; 2023<\/a><\/p>\n<p>Saiba <a href=\"https:\/\/sites.unicentro.br\/wp\/labell\/2021\/02\/05\/1328\/\">mais<\/a> sobre o evento&#8230;<\/p>\n<p>&nbsp;<\/p>\n<p><strong>Projeto de Extens\u00e3o Integra\u00e7\u00e3o PPGL\/NRE\/DELET e Comunidade Acad\u00eamica: minicursos, encontros, palestras:<\/strong><\/p>\n<p>Evento 50 anos do Delet\/G e 10 anos do PPGL &#8211; de 28 de julho a 30 de novembro de 2020.<\/p>\n<p><em>Link<\/em> YouTube: <a href=\"https:\/\/www.youtube.com\/watch?v=wRdanzzyIxM&amp;list=PLjo3wP03xGnYB4vHl-apBo992HCCZb_Ub\">https:\/\/www.youtube.com\/watch?v=wRdanzzyIxM&amp;list=PLjo3wP03xGnYB4vHl-apBo992HCCZb_Ub<\/a><\/p>\n<p><img loading=\"lazy\" decoding=\"async\" class=\"\" src=\"https:\/\/evento.unicentro.br\/files\/Arquivos\/car_arquivo\/27_07_2020_documento_1352355098.jpg\" width=\"513\" height=\"513\" \/><\/p>\n<p><strong>Projeto de Extens\u00e3o:<\/strong><\/p>\n<p><img loading=\"lazy\" decoding=\"async\" class=\"\" src=\"https:\/\/evento.unicentro.br\/files\/Arquivos\/car_arquivo\/02_03_2021_documento_1126177661.jpg\" width=\"510\" height=\"510\" \/><\/p>\n<p><strong>Curso: Leitura e Produ\u00e7\u00e3o de G\u00eaneros Discursivos Acad\u00eamicos<\/strong><\/p>\n<p><strong>Inscri\u00e7\u00f5es:<\/strong> de 27\/03 a 03\/04\/2021 (<a href=\"https:\/\/evento.unicentro.br\/site\/ppg_letras\/2021\/2\">https:\/\/evento.unicentro.br\/site\/ppg_letras\/2021\/2<\/a>)<\/p>\n<p><strong>Prazo do curso:<\/strong> de 27\/03 a 31\/07\/2021<\/p>\n<p>&nbsp;<\/p>\n<p><strong>Col\u00f3quio Internacional Museus, Arquivos: Lugares de Mem\u00f3ria e de Hist\u00f3ria<\/strong><\/p>\n<p><a href=\"https:\/\/www3.unicentro.br\/ppgl\/wp-content\/uploads\/sites\/36\/2024\/01\/Anais-II-Coloquio-Internacional-Museus.pdf\">Anais do II Col\u00f3quio<\/a><\/p>\n<p><a href=\"https:\/\/evento.unicentro.br\/files\/Arquivos\/car_arquivo\/16_12_2021_documento_1233165632.pdf\">Anais do III Col\u00f3quio<\/a><\/p>\n<p><a href=\"https:\/\/www3.unicentro.br\/ppgl\/wp-content\/uploads\/sites\/36\/2024\/01\/Anais-IV-Coloquio-Internacional-Museus.pdf\">Anais do IV Col\u00f3quio<\/a><\/p>\n<p><a href=\"https:\/\/www3.unicentro.br\/ppgl\/wp-content\/uploads\/sites\/36\/2024\/01\/Anais-V-Coloquio-Internacional-Museus.pdf\">Anais do V Col\u00f3quio<\/a><\/p>\n<p><a href=\"https:\/\/evento.unicentro.br\/files\/Arquivos\/car_arquivo\/05_12_2024_documento_002408507.pdf\">Anais do VI Col\u00f3quio<\/a><\/p>\n<p><a href=\"https:\/\/evento.unicentro.br\/files\/Arquivos\/car_arquivo\/30_06_2025_documento_1543407070.pdf\">Anais do VII Col\u00f3quio<\/a>[\/vc_column_text][\/vc_column][\/vc_row]<\/p>\n<\/div>","protected":false},"excerpt":{"rendered":"<p>[vc_row][vc_column][vc_column_text css=&#8221;&#8221;]Projeto Letras em Tr\u00e2nsito\u00a0 O programa Letras em Tr\u00e2nsito pretende incentivar e apoiar propostas de coopera\u00e7\u00e3o regional do Programa de P\u00f3s-Gradua\u00e7\u00e3o em Letras da Universidade Federal do Paran\u00e1 com outros Programas da \u00e1rea no Estado do Paran\u00e1 e na Regi\u00e3o Sul. Propostas que envolvam Programas de institui\u00e7\u00f5es do estado do Paran\u00e1 ser\u00e3o consideradas priorit\u00e1rias, [&hellip;]<\/p>\n","protected":false},"author":6,"featured_media":0,"parent":0,"menu_order":0,"comment_status":"closed","ping_status":"closed","template":"","meta":{"_exactmetrics_skip_tracking":false,"_exactmetrics_sitenote_active":false,"_exactmetrics_sitenote_note":"","_exactmetrics_sitenote_category":0,"footnotes":"","_links_to":"","_links_to_target":""},"class_list":["post-1822","page","type-page","status-publish","hentry"],"_links":{"self":[{"href":"https:\/\/www3.unicentro.br\/ppgl\/wp-json\/wp\/v2\/pages\/1822","targetHints":{"allow":["GET"]}}],"collection":[{"href":"https:\/\/www3.unicentro.br\/ppgl\/wp-json\/wp\/v2\/pages"}],"about":[{"href":"https:\/\/www3.unicentro.br\/ppgl\/wp-json\/wp\/v2\/types\/page"}],"author":[{"embeddable":true,"href":"https:\/\/www3.unicentro.br\/ppgl\/wp-json\/wp\/v2\/users\/6"}],"replies":[{"embeddable":true,"href":"https:\/\/www3.unicentro.br\/ppgl\/wp-json\/wp\/v2\/comments?post=1822"}],"version-history":[{"count":4,"href":"https:\/\/www3.unicentro.br\/ppgl\/wp-json\/wp\/v2\/pages\/1822\/revisions"}],"predecessor-version":[{"id":6070,"href":"https:\/\/www3.unicentro.br\/ppgl\/wp-json\/wp\/v2\/pages\/1822\/revisions\/6070"}],"wp:attachment":[{"href":"https:\/\/www3.unicentro.br\/ppgl\/wp-json\/wp\/v2\/media?parent=1822"}],"curies":[{"name":"wp","href":"https:\/\/api.w.org\/{rel}","templated":true}]}}