{"id":70,"date":"2018-06-14T00:00:00","date_gmt":"2018-06-14T03:00:00","guid":{"rendered":"https:\/\/www3.unicentro.br\/ppgh\/estrutura-curricular\/"},"modified":"2023-09-06T15:00:59","modified_gmt":"2023-09-06T18:00:59","slug":"estrutura-curricular","status":"publish","type":"page","link":"https:\/\/www3.unicentro.br\/ppgh\/estrutura-curricular\/","title":{"rendered":"Estrutura curricular"},"content":{"rendered":"<div class=\"wpb-content-wrapper\"><p>[vc_row][vc_column][vc_column_text]<\/p>\n<p style=\"text-align: center\"><span style=\"font-size: 14pt\"><strong>ESTRUTURA CURRICULAR<\/strong><\/span><\/p>\n<p>A estrutura curricular do PPGH est\u00e1 agrupada em disciplinas e outras atividades, com atribui\u00e7\u00e3o de cr\u00e9ditos. Cada cr\u00e9dito corresponde a uma carga hor\u00e1ria de 15 horas, totalizando 32 cr\u00e9ditos (ou 480 horas) a serem cumpridos em 4 semestres (24 meses).<\/p>\n<p>Os cr\u00e9ditos a serem obtidos em atividades programadas s\u00e3o convalidados pelo Colegiado e devem ser comprovados mediante apresenta\u00e7\u00e3o de relat\u00f3rio das atividades desenvolvidas, com a concord\u00e2ncia do orientador.<\/p>\n<p>\u00c9 facultada aos discentes, com anu\u00eancia do orientador e protocolo ao PPGH, a integraliza\u00e7\u00e3o de carga hor\u00e1ria de disciplinas em Programas de P\u00f3s-gradua\u00e7\u00e3o Stricto Sensu recomendados pela CAPES, que tenham afinidade com a respectiva linha de pesquisa, desde que cumpridos os cr\u00e9ditos equivalentes \u00e0s disciplinas de natureza obrigat\u00f3ria do PPGH e sejam respeitados os prazos de conclus\u00e3o previstos no regulamento.<\/p>\n<p>A aprecia\u00e7\u00e3o e o aproveitamento das disciplinas realizadas em outros programas \u00e9 de responsabilidade do Colegiado sendo que o limite m\u00e1ximo regimental para a integraliza\u00e7\u00e3o de disciplinas cursadas \u00e9 de oito cr\u00e9ditos.<\/p>\n<p>[\/vc_column_text][vc_column_text]<\/p>\n<table class=\" aligncenter\" style=\"width: 100%\">\n<tbody>\n<tr>\n<td style=\"background-color: #f0ecc5;text-align: center\" colspan=\"2\"><span style=\"font-size: 14pt\">1\u00ba Semestre<\/span><\/td>\n<\/tr>\n<tr>\n<td style=\"text-align: center\"><strong>ATIVIDADE<\/strong><\/td>\n<td style=\"text-align: center\"><strong>CARGA HOR\u00c1RIA<\/strong><\/td>\n<\/tr>\n<tr>\n<td style=\"text-align: center\">Disciplina obrigat\u00f3ria da Linha de Pesquisa<\/td>\n<td style=\"text-align: center\">60h (4 cr\u00e9ditos)<\/td>\n<\/tr>\n<tr>\n<td style=\"text-align: center\">Disciplina de T\u00f3picos Especiais I, II ou IV<\/td>\n<td style=\"text-align: center\">15, 30 ou 60h<br \/>\n(1, 2 ou 4 cr\u00e9ditos)<\/td>\n<\/tr>\n<tr>\n<td style=\"text-align: center\">Disciplina de T\u00f3picos Especiais I, II ou IV<\/td>\n<td style=\"text-align: center\">15, 30 ou 60h<br \/>\n(1, 2 ou 4 cr\u00e9ditos)<\/td>\n<\/tr>\n<tr>\n<td>Participa\u00e7\u00e3o e publica\u00e7\u00e3o em evento cient\u00edfico da \u00e1rea (nacional ou internacional)<\/td>\n<td style=\"text-align: center\">30h (2 cr\u00e9ditos)<\/td>\n<\/tr>\n<tr>\n<td style=\"background-color: #edebc2;text-align: center\" colspan=\"2\"><span style=\"font-size: 14pt\"><strong>2\u00ba Semestre<\/strong><\/span><\/td>\n<\/tr>\n<tr>\n<td style=\"text-align: center\">Disciplina obrigat\u00f3ria da \u00e1rea: Semin\u00e1rio de Pesquisa<\/td>\n<td style=\"text-align: center\">60h (4 cr\u00e9ditos)<\/td>\n<\/tr>\n<tr>\n<td style=\"text-align: center\">Disciplina de T\u00f3picos Especiais I, II ou IV<\/td>\n<td style=\"text-align: center\">15, 30 ou 60h<br \/>\n(1, 2 ou 4 cr\u00e9ditos)<\/td>\n<\/tr>\n<tr>\n<td style=\"text-align: center\">Disciplina de T\u00f3picos Especiais I, II ou IV<\/td>\n<td style=\"text-align: center\">15, 30 ou 60h<br \/>\n(1, 2 ou 4 cr\u00e9ditos)<\/td>\n<\/tr>\n<tr>\n<td style=\"text-align: center\">Participa\u00e7\u00e3o e publica\u00e7\u00e3o em evento cient\u00edfico da \u00e1rea (nacional ou internacional)<\/td>\n<td style=\"text-align: center\">30h (2 cr\u00e9ditos)<\/td>\n<\/tr>\n<tr>\n<td style=\"text-align: center\">Semin\u00e1rio de Orienta\u00e7\u00e3o I<\/td>\n<td style=\"text-align: center\">60h (4 cr\u00e9ditos)<\/td>\n<\/tr>\n<tr>\n<td style=\"text-align: center\">Est\u00e1gio de Doc\u00eancia no Ensino Superior. Obrigat\u00f3rio para os alunos bolsistas<\/td>\n<td style=\"text-align: center\">60h<\/td>\n<\/tr>\n<tr>\n<td style=\"background-color: #f0eec7;text-align: center\" colspan=\"2\"><span style=\"font-size: 14pt\"><strong>3\u00ba Semestre<\/strong><\/span><\/td>\n<\/tr>\n<tr>\n<td style=\"text-align: center\">Participa\u00e7\u00e3o e publica\u00e7\u00e3o em evento cient\u00edfico da \u00e1rea (nacional ou internacional)<\/td>\n<td style=\"text-align: center\">30h<br \/>\n2 cr\u00e9ditos<\/td>\n<\/tr>\n<tr>\n<td style=\"text-align: center\">Envio de artigo para Revista Cient\u00edfica da \u00c1rea<\/td>\n<td style=\"text-align: center\">Requisito para homologa\u00e7\u00e3o de t\u00edtulo &#8211; 60h<\/td>\n<\/tr>\n<tr>\n<td style=\"text-align: center\">Semin\u00e1rio de Orienta\u00e7\u00e3o II \u2013 Exame de Qualifica\u00e7\u00e3o<\/td>\n<td style=\"text-align: center\">60h (4 cr\u00e9ditos)<\/td>\n<\/tr>\n<tr>\n<td style=\"background-color: #f2eec7;text-align: center\" colspan=\"2\"><span style=\"font-size: 14pt\"><strong>4\u00ba Semestre<\/strong><\/span><\/td>\n<\/tr>\n<tr>\n<td style=\"text-align: center\">Participa\u00e7\u00e3o e publica\u00e7\u00e3o em evento cient\u00edfico da \u00e1rea (nacional ou internacional)<\/td>\n<td style=\"text-align: center\">2 cr\u00e9ditos<\/td>\n<\/tr>\n<tr>\n<td style=\"text-align: center\">Semin\u00e1rio de Orienta\u00e7\u00e3o III \u2013 Defesa da Disserta\u00e7\u00e3o<\/td>\n<td style=\"text-align: center\">60h (4 cr\u00e9ditos)<\/td>\n<\/tr>\n<\/tbody>\n<\/table>\n<p>[\/vc_column_text][vc_column_text]A integraliza\u00e7\u00e3o do curso de mestrado pode ser feita em, no m\u00ednimo 12 meses e no m\u00e1ximo em 24 meses, prazo computado a partir da matr\u00edcula inicial no PPGH, compreendendo a defesa p\u00fablica da disserta\u00e7\u00e3o, excetuando-se o per\u00edodo de trancamento de matr\u00edcula.<\/p>\n<p>Excepcionalmente, por recomenda\u00e7\u00e3o do orientador, o prazo pode ser prorrogado por, no m\u00e1ximo, seis meses, a crit\u00e9rio do Colegiado do PPGH.<\/p>\n<p>\u00c9 facultado ao aluno regular, sempre que houver anu\u00eancia do orientador, o cancelamento de matr\u00edcula em qualquer disciplina, exceto obrigat\u00f3rias. O cancelamento de matr\u00edcula \u00e9 concedido desde que o requerimento seja protocolado na Secretaria antes de decorrido 1\/3 da dura\u00e7\u00e3o prevista para o desenvolvimento da disciplina em quest\u00e3o.[\/vc_column_text][\/vc_column][\/vc_row]<\/p>\n<\/div>","protected":false},"excerpt":{"rendered":"<p>[vc_row][vc_column][vc_column_text] ESTRUTURA CURRICULAR A estrutura curricular do PPGH est\u00e1 agrupada em disciplinas e outras atividades, com atribui\u00e7\u00e3o de cr\u00e9ditos. Cada cr\u00e9dito corresponde a uma carga hor\u00e1ria de 15 horas, totalizando 32 cr\u00e9ditos (ou 480 horas) a serem cumpridos em 4 semestres (24 meses). Os cr\u00e9ditos a serem obtidos em atividades programadas s\u00e3o convalidados pelo Colegiado [&hellip;]<\/p>\n","protected":false},"author":3,"featured_media":0,"parent":0,"menu_order":0,"comment_status":"closed","ping_status":"closed","template":"","meta":{"_exactmetrics_skip_tracking":false,"_exactmetrics_sitenote_active":false,"_exactmetrics_sitenote_note":"","_exactmetrics_sitenote_category":0,"footnotes":"","_links_to":"","_links_to_target":""},"class_list":["post-70","page","type-page","status-publish","hentry"],"_links":{"self":[{"href":"https:\/\/www3.unicentro.br\/ppgh\/wp-json\/wp\/v2\/pages\/70","targetHints":{"allow":["GET"]}}],"collection":[{"href":"https:\/\/www3.unicentro.br\/ppgh\/wp-json\/wp\/v2\/pages"}],"about":[{"href":"https:\/\/www3.unicentro.br\/ppgh\/wp-json\/wp\/v2\/types\/page"}],"author":[{"embeddable":true,"href":"https:\/\/www3.unicentro.br\/ppgh\/wp-json\/wp\/v2\/users\/3"}],"replies":[{"embeddable":true,"href":"https:\/\/www3.unicentro.br\/ppgh\/wp-json\/wp\/v2\/comments?post=70"}],"version-history":[{"count":2,"href":"https:\/\/www3.unicentro.br\/ppgh\/wp-json\/wp\/v2\/pages\/70\/revisions"}],"predecessor-version":[{"id":2396,"href":"https:\/\/www3.unicentro.br\/ppgh\/wp-json\/wp\/v2\/pages\/70\/revisions\/2396"}],"wp:attachment":[{"href":"https:\/\/www3.unicentro.br\/ppgh\/wp-json\/wp\/v2\/media?parent=70"}],"curies":[{"name":"wp","href":"https:\/\/api.w.org\/{rel}","templated":true}]}}