{"id":66,"date":"2017-08-01T00:00:00","date_gmt":"2017-08-01T03:00:00","guid":{"rendered":"https:\/\/www3.unicentro.br\/ppgh\/horario-2\/"},"modified":"2025-12-09T15:54:37","modified_gmt":"2025-12-09T18:54:37","slug":"horario-2","status":"publish","type":"page","link":"https:\/\/www3.unicentro.br\/ppgh\/horario-2\/","title":{"rendered":"Hor\u00e1rio"},"content":{"rendered":"<div class=\"wpb-content-wrapper\"><p>[vc_row][vc_column][vc_column_text][\/vc_column_text][vc_column_text css=&#8221;&#8221;]<\/p>\n<table style=\"border-color: #000000;height: 460px;width: 100.538%\" width=\"901\">\n<thead>\n<tr style=\"border-color: #000000\">\n<th style=\"background-color: #d6d6ce;border-color: #000000;text-align: center;width: 182.424%;height: 24px\" colspan=\"4\"><strong>HOR\u00c1RIO DAS AULAS &#8211; 1\u00ba SEMESTRE\/2026<br \/>\n<\/strong><\/th>\n<\/tr>\n<\/thead>\n<tbody>\n<tr style=\"border-color: #000000\">\n<th style=\"background-color: #ede8c5;border-color: #000000;text-align: center;width: 24.7816%;height: 24px\"><strong>SEGUNDA-FEIRA<\/strong><\/th>\n<th style=\"background-color: #ede8c5;border-color: #000000;text-align: center;width: 25.6672%;height: 24px\">TER\u00c7A-FEIRA<\/th>\n<th style=\"background-color: #ede8c5;border-color: #000000;text-align: center;width: 25.3789%;height: 24px\"><strong>QUARTA-FEIRA<\/strong><\/th>\n<th style=\"background-color: #ede8c5;border-color: #000000;text-align: center;width: 106.596%;height: 24px\">QUINTA-FEIRA<\/th>\n<\/tr>\n<tr style=\"height: 24px\">\n<th style=\"background-color: #ede8c5;border-color: #000000;text-align: center;width: 24.7816%;height: 24px\"><strong>das 8h \u00e0s 12h<\/strong><\/th>\n<th style=\"background-color: #ede8c5;border-color: #000000;text-align: center;width: 25.6672%;height: 24px\"><span style=\"font-weight: 400\"> <strong>das 8h \u00e0s 12h<\/strong><\/span><\/th>\n<th style=\"background-color: #ede8c5;border-color: #000000;text-align: center;width: 25.3789%;height: 24px\"><span style=\"font-weight: 400\"> <strong>das 8h \u00e0s 12h<\/strong><\/span><\/th>\n<th style=\"background-color: #ede8c5;border-color: #000000;text-align: center;width: 106.596%;height: 24px\"><span style=\"font-weight: 400\"> <strong>das 8h \u00e0s 12h<\/strong><\/span><\/th>\n<\/tr>\n<tr style=\"height: 180px\">\n<td style=\"border-color: #000000;text-align: center;width: 24.7816%;height: 180px\">&nbsp;<\/td>\n<td style=\"border-color: #000000;text-align: center;width: 25.6672%;height: 180px\">T\u00f3picos Especiais IV: Hist\u00f3ria e literatura<\/p>\n<p>Docente: Carlos Eduardo Fran\u00e7a de Oliveira<\/p>\n<p><em>Campus<\/em> Irati<br \/>\nCarga hor\u00e1ria: 60h (4 cr\u00e9ditos)<\/td>\n<td style=\"border-color: #000000;text-align: center;width: 25.3789%;height: 180px\">&nbsp;<\/td>\n<td style=\"border-color: #000000;text-align: center;width: 106.596%;height: 180px\">T\u00f3picos Especiais IV: G\u00eanero e pesquisa em hist\u00f3ria<\/p>\n<p>Docente: Alexandra Louren\u00e7o<\/p>\n<p>&nbsp;<\/p>\n<p>Campus Irati<\/p>\n<p>Carga hor\u00e1ria: 60h (4 cr\u00e9ditos)<\/td>\n<\/tr>\n<tr style=\"height: 24px\">\n<th style=\"border-color: #000000;background-color: #f0eec5;text-align: center;width: 24.7816%;height: 24px\"><strong>das 13h 30min \u00e0s 17h 30min<\/strong><\/th>\n<th style=\"border-color: #000000;background-color: #f0eec5;text-align: center;width: 25.6672%;height: 24px\"><strong>das 13h 30min \u00e0s 17h 30min<\/strong><\/th>\n<th style=\"border-color: #000000;background-color: #f0eec5;text-align: center;width: 25.3789%;height: 24px\"><strong>das 13h 30min \u00e0s 17h 30min<\/strong><\/th>\n<th style=\"border-color: #000000;background-color: #f0eec5;text-align: center;width: 106.596%;height: 24px\"><span style=\"font-weight: 400\"><strong>das 13h 30min \u00e0s 17h 30min<\/strong>\u00a0<\/span><\/th>\n<\/tr>\n<tr style=\"height: 184px\">\n<td style=\"border-color: #000000;text-align: center;width: 24.7816%;height: 184px\">&nbsp;<\/td>\n<td style=\"border-color: #000000;text-align: center;width: 25.6672%;height: 184px\">Semin\u00e1rio de Pesquisa<\/p>\n<p>Docentes: M\u00e9ri Frotscher Kramer, Os\u00e9ias de Oliveira e Jorge Kulimayer<\/p>\n<p><em>Campus<\/em> Irati<br \/>\nCarga hor\u00e1ria: 60h (4 cr\u00e9ditos)<\/td>\n<td style=\"border-color: #000000;text-align: center;width: 25.3789%;height: 184px\"><\/td>\n<td style=\"border-color: #000000;text-align: center;width: 106.596%;height: 184px\"><\/td>\n<\/tr>\n<\/tbody>\n<\/table>\n<p>In\u00edcio das aulas: 10 de mar\u00e7o de 2025.[\/vc_column_text][vc_column_text]<\/p>\n<p>[\/vc_column_text][\/vc_column][\/vc_row][vc_row][vc_column][vc_column_text css=&#8221;&#8221;]<\/p>\n<p style=\"text-align: center\"><span style=\"color: #003366\"><strong><span style=\"font-size: 14pt\">DISCIPLINAS MINISTRADAS EM ANOS ANTERIORES<\/span><\/strong><\/span><\/p>\n<p><span style=\"font-size: 14pt\"><strong>2025<\/strong><\/span><br \/>\n<strong>1\u00ba Semestre<\/strong><br \/>\nSemin\u00e1rio de Pesquisa &#8211; Ancelmo Sch\u00f6rner<br \/>\nT\u00f3picos Especiais IV: Hist\u00f3ria e literatura &#8211; Carlos Eduardo Fran\u00e7a de Oliveira<br \/>\nT\u00f3picos Especiais IV: Hist\u00f3ria, modernismo e regionalismo &#8211; Paulo Rodrigo Andrade Haiduke e Odinei Fabiano Ramos<br \/>\nT\u00f3picos Especiais IV: Modernidade e colonialidade no sul global &#8211; Danilo Ferreira da Fonseca e Jos\u00e9 Miguel Arias Neto<\/p>\n<p><strong>2\u00ba Semestre<\/strong><br \/>\nEspa\u00e7os de Pr\u00e1ticas e Rela\u00e7\u00f5es de Poder &#8211; Os\u00e9ias de Oliveira<br \/>\nEspa\u00e7os Simb\u00f3licos, Ambiente e Corporeidades &#8211; Nadia Maria Guariza<br \/>\nT\u00f3pico Especial IV: Hist\u00f3ria, viol\u00eancia e virilidade &#8211; Helio Sochodolak<\/p>\n<p><span style=\"font-size: 14pt\"><strong>2024<\/strong><\/span><br \/>\n<strong>1\u00ba Semestre<\/strong><br \/>\nSemin\u00e1rio de Pesquisa &#8211; Danilo Ferreira da Fonseca<br \/>\nT\u00f3picos Especiais IV: Hist\u00f3ria cultural do crime e da viol\u00eancia &#8211; Lucas Kosinski<\/p>\n<p><strong>2\u00ba Semestre<\/strong><br \/>\nEspa\u00e7os de Pr\u00e1ticas e Rela\u00e7\u00f5es de Poder &#8211; Ancelmo Sch\u00f6rner<br \/>\nEspa\u00e7os Simb\u00f3licos, Ambiente e Corporeidades &#8211; Nadia Maria Guariza<br \/>\nT\u00f3picos Especiais IV: G\u00eanero e pesquisa em hist\u00f3ria &#8211; Alexandra Louren\u00e7o<br \/>\nT\u00f3pico Especial IV: Hist\u00f3ria, viol\u00eancia e processos criminais &#8211; Helio Sochodolak<\/p>\n<p><span style=\"font-size: 14pt\"><strong>2023<\/strong><\/span><br \/>\n<strong>1\u00ba Semestre<\/strong><br \/>\nSemin\u00e1rio de Pesquisa &#8211; Ancelmo Sch\u00f6rner<br \/>\nT\u00f3picos Especiais IV: Hist\u00f3ria, modernismo e regionalismo &#8211; Paulo Haiduke e Vanderlei de Souza<br \/>\nT\u00f3picos Especiais IV: Hist\u00f3ria, literatura e mem\u00f3ria de temas sens\u00edveis &#8211; M\u00e9ri Frotscher Kramer<\/p>\n<p><strong>2\u00ba Semestre<\/strong><br \/>\nEspa\u00e7os de Pr\u00e1ticas e Rela\u00e7\u00f5es de Poder &#8211; Helio Sochodolak<br \/>\nEspa\u00e7os Simb\u00f3licos, Ambiente e Corporeidades &#8211; Alexandra Louren\u00e7o<br \/>\nA cr\u00edtica da modernidade: Escola de Frankfurt, teoria p\u00f3s-colonial e giro decolonial &#8211; Danilo Ferreira da Fonseca<br \/>\nT\u00f3pico Especial IV: Pesquisa em Hist\u00f3ria e Regi\u00f5es &#8211; Os\u00e9ias de Oliveira<\/p>\n<p><span style=\"font-size: 14pt\"><strong>2022<\/strong><\/span><br \/>\n<strong>1\u00ba Semestre<\/strong><br \/>\nT\u00f3picos Especiais IV: G\u00eanero, corpo e decoloniedades: debates te\u00f3ricos e metodol\u00f3gicos &#8211; Rosemeri Moreira<br \/>\nT\u00f3picos Especiais IV: Regi\u00f5es na hist\u00f3ria regional &#8211; Os\u00e9ias de Oliveira<br \/>\nT\u00f3picos Especiais IV: Hist\u00f3ria e literatura &#8211; Carlos Eduardo Fran\u00e7a de Oliveira<br \/>\nSemin\u00e1rio de Pesquisa &#8211; Danilo Ferreira da Fonseca<\/p>\n<p><strong>2\u00ba Semestre<\/strong><br \/>\nEspa\u00e7os de Pr\u00e1ticas e Rela\u00e7\u00f5es de Poder &#8211; Os\u00e9ias de Oliveira<br \/>\nEspa\u00e7os Simb\u00f3licos, Ambiente e Corporeidades &#8211; Nadia Maria Guariza<br \/>\nT\u00f3picos Especiais IV: G\u00eanero e Pesquisa em Hist\u00f3ria &#8211; Alexandra Louren\u00e7o<br \/>\nT\u00f3picos Especiais IV: Hist\u00f3ria e fotografia &#8211; Ancelmo Sch\u00f6rner<\/p>\n<p><span style=\"font-size: 14pt\"><strong>2021<\/strong><\/span><br \/>\n<strong>1\u00ba Semestre<\/strong><br \/>\nT\u00f3picos Especiais IV: Os discursos comunicacionais na constru\u00e7\u00e3o do tempo presente &#8211; Ariane Carla Pereira e Carlos Gonzalez Perez<br \/>\nT\u00f3picos Especiais IV: G\u00eanero e pesquisa em hist\u00f3ria &#8211; Alexandra Louren\u00e7o<br \/>\nSemin\u00e1rio de Pesquisa &#8211; Danilo Ferreira da Fonseca e Geyso Dongley Germinari<\/p>\n<p><strong>2\u00ba Semestre<\/strong><br \/>\nEspa\u00e7os Simb\u00f3licos, Ambiente e Corporeidades &#8211; Nadia Maria Guariza<br \/>\nEspa\u00e7os de Pr\u00e1ticas e Rela\u00e7\u00f5es de Poder &#8211; Ana Maria Rufino Gillies<br \/>\nT\u00f3picos Especiais IV: Hist\u00f3ria e fotografia &#8211; Ancelmo Sch\u00f6rner<br \/>\nT\u00f3picos Especiais IV: O revisionismo hist\u00f3rico: guerras e revolu\u00e7\u00f5es nos s\u00e9culos XIX e XX &#8211; Jos\u00e9 Miguel Arias Neto<br \/>\nT\u00f3picos Especiais IV: Hist\u00f3ria e literatura &#8211; Davi Silva Gon\u00e7alves<br \/>\nT\u00f3picos Especiais I: <em>Aproximaciones al mundo rural. Debates, procesos y din\u00e1micas para la caracterizaci\u00f3n de los actores en contextos regionales<\/em> &#8211; Gabriel Fernando Carini (URNC)<\/p>\n<p>&nbsp;<\/p>\n<p><span style=\"font-size: 14pt\"><strong>2020<\/strong><\/span><br \/>\n<strong>1\u00ba Semestre<\/strong><br \/>\nT\u00f3picos Especiais IV: Hist\u00f3ria e Regi\u00f5es &#8211; Os\u00e9ias de Oliveira<br \/>\nSemin\u00e1rio de Pesquisa &#8211; Ancelmo Sch\u00f6rner<br \/>\nT\u00f3picos Especiais IV: Hist\u00f3ria Oral &#8211; Nadia Maria Guariza<\/p>\n<p><strong>2\u00ba Semestre<\/strong><br \/>\nT\u00f3picos Especiais IV: Biopol\u00edtica: conceitos e problematiza\u00e7\u00f5es contempor\u00e2neas &#8211; Beatriz Anselmo Olinto<br \/>\nEspa\u00e7os Simb\u00f3licos, Ambiente e Corporeidades &#8211; Rosemeri Moreira<br \/>\nEspa\u00e7os de Pr\u00e1ticas e Rela\u00e7\u00f5es de Poder &#8211; Helio Sochodolak<br \/>\nT\u00f3picos Especiais IV: Estrutura, processo e espa\u00e7os praticados &#8211; Jos\u00e9 Adil\u00e7on Campigoto<br \/>\nT\u00f3picos Especiais IV: Espa\u00e7os de Sociabilidades &#8211; Ana Maria Rufino Gillies<\/p>\n<p><span style=\"font-size: 14pt\"><strong>2019<\/strong><\/span><br \/>\n<strong>1\u00ba Semestre<\/strong><br \/>\nSemin\u00e1rio de Pesquisa &#8211; Ancelmo Sch\u00f6rner<br \/>\nT\u00f3picos Especiais IV: hist\u00f3ria do corpo: g\u00eanero e decoloniedades &#8211; Rosemeri Moreira<br \/>\nT\u00f3picos Especiais IV: g\u00eanero e pesquisa em hist\u00f3ria &#8211; Nadia Maria Guariza<\/p>\n<p><strong>2\u00ba Semestre<\/strong><br \/>\nEspa\u00e7os Simb\u00f3licos, Ambiente e Corporeidades &#8211; Ariane Carla Pereira Fernandes<br \/>\nEspa\u00e7os de Pr\u00e1ticas e Rela\u00e7\u00f5es de Poder &#8211; Jos\u00e9 Adil\u00e7on Campigoto<br \/>\nT\u00f3picos Especiais IV: sert\u00e3o e regi\u00e3o na historiografia brasileira &#8211; Oseias de Oliveira<br \/>\nT\u00f3picos Especiais IV: hist\u00f3ria cultural do crime e da viol\u00eancia &#8211; Jos\u00e9 Miguel Arias Neto, Helio Sochodolak e Marcos Bretas (UFRJ)<br \/>\nT\u00f3picos Especiais I: <em>Investigar, ense\u00f1ar y comunicar la Historia. Itinerarios de lo local\/regional en clave te\u00f3rico-metodol\u00f3gica<\/em> &#8211; Gabriel Fernando Carini (UNRC)<\/p>\n<p><span style=\"font-size: 14pt\"><strong>2018<\/strong><\/span><br \/>\n<strong>1\u00ba Semestre<\/strong><br \/>\nSemin\u00e1rio de Pesquisa &#8211; Beatriz Anselmo Olinto<br \/>\nT\u00f3picos Especiais IV: intelectuais, ci\u00eancia e interpreta\u00e7\u00f5es do Brasil &#8211; Vanderlei Sebasti\u00e3o de Souza<br \/>\nT\u00f3picos Especiais IV: hist\u00f3ria oral &#8211; N\u00e1dia Maria Guariza<br \/>\nT\u00f3picos Especiais IV: cultura e forma\u00e7\u00e3o hist\u00f3rica &#8211; Geyso Dongley Germinari<\/p>\n<p><strong>2\u00ba Semestre<\/strong><br \/>\nEspa\u00e7os de Pr\u00e1ticas e Rela\u00e7\u00f5es de Poder &#8211; Oseias de Oliveira<br \/>\nEspa\u00e7os Simb\u00f3licos, Ambiente e Corporeidades &#8211; Vanderlei Sebasti\u00e3o de Souza<br \/>\nT\u00f3picos Especiais IV: espa\u00e7os de sociabilidades &#8211; Ana Maria Rufino Gillies<br \/>\nT\u00f3picos Especiais II: Dimens\u00f5es da Viol\u00eancia no Tempo Presente &#8211; Jos\u00e9 Miguel Arias Neto<br \/>\nT\u00f3picos Especiais II: Pr\u00e1tica Docente no Ensino Superior &#8211; Wanda Terezinha Pacheco dos Santos<br \/>\nT\u00f3picos Especiais I: <em>Consepciones y Usos Culturales del Territorio en el Presente<\/em> &#8211; Jorge Alberto Kulemeyer (Universidade Nacional de Jujuy)<\/p>\n<p><span style=\"font-size: 14pt\"><strong>2017<\/strong><\/span><br \/>\n<strong>1\u00ba Semestre<\/strong><br \/>\nSemin\u00e1rio de Pesquisa &#8211; Vanderlei Sebasti\u00e3o de Souza<br \/>\nT\u00f3picos Especias IV: hist\u00f3ria do corpo no mundo ocidental: g\u00eanero, decoloneidades e a cr\u00edtica feminista &#8211; Rosemeri Moreira<br \/>\nT\u00f3picos Especiais em: g\u00eanero e pesquisa em hist\u00f3ria &#8211; N\u00e1dia Maria Guariza<br \/>\nSemin\u00e1rio de Pesquisa &#8211; Oseias de Oliveira<br \/>\nT\u00f3picos Especiais IV: hist\u00f3ria da viol\u00eancia &#8211; Helio Sochodolak<br \/>\nT\u00f3picos Especiais em: Hist\u00f3ria e Cultura dos Povos e Comunidades Tradicionais &#8211; Ancelmo Sch\u00f6rner<\/p>\n<p><strong>2\u00ba Semestre<\/strong><br \/>\nEspa\u00e7os de Pr\u00e1ticas e Rela\u00e7\u00f5es de Poder &#8211; Oseias de Oliveira e F\u00e1bio Andr\u00e9 Hahn<br \/>\nEspa\u00e7os Simb\u00f3licos, ambiente e corporeidades &#8211; Ariane Carla Pereira Fernandes<br \/>\nT\u00f3picos Especiais IV: hist\u00f3ria e filosofia da hist\u00f3ria em Marx e Hegel &#8211; Jair Antunes<br \/>\nT\u00f3picos Especiais IV: did\u00e1tica da hist\u00f3ria: teoria e pesquisa &#8211; Geyso Dongley Germinari<br \/>\nT\u00f3picos Especiais II: O lugar de Hist\u00f3ria e do historiador em tempos de Crise &#8211; Jos\u00e9 Miguel Arias Neto<br \/>\nT\u00f3picos Especiais I: <em>el estudio de las migraciones: aportes desde perspectivas psicosociales y biogr\u00e1ficas &#8211; <\/em>Paola Valdemarin<em> (Instituto de Educaci\u00f3n y Ciudadan\u00eda; Universidad Nacional de la Patagonia Austral)<\/em><\/p>\n<p><span style=\"font-size: 14pt\"><strong>2016<\/strong><\/span><br \/>\n<strong>1\u00ba Semestre<\/strong><br \/>\nSemin\u00e1rio de Pesquisa &#8211; Cla\u00e9rcio Ivan Schneider &#8211; <em>campus<\/em> Irati<br \/>\nSemin\u00e1rio de Pesquisa &#8211; Luciana Rosar Fornazari Klanovicz &#8211; <em>campus<\/em> Santa Cruz<br \/>\nT\u00f3picos Especiais IV: estudos de ci\u00eancia, tecnologia e sociedade na hist\u00f3ria &#8211; J\u00f3 Klanovicz, Claiton M. da Silva e Jaisson T. Lino<br \/>\nT\u00f3picos Especiais IV: No\u00e7\u00e3o de sert\u00e3o na historiografia brasileira &#8211; Oseias de Oliveira<br \/>\nT\u00f3picos Especiais IV: hist\u00f3ria e fotografia &#8211; Ancelmo Sch\u00f6rner<\/p>\n<p><strong>2\u00ba Semestre<\/strong><br \/>\nEspa\u00e7os de Pr\u00e1ticas e Rela\u00e7\u00f5es de Poder &#8211; Jos\u00e9 Adil\u00e7on Campigoto<br \/>\nEspa\u00e7os Simb\u00f3licos, ambiente e corporeidades &#8211; Rosemeri Moreira<br \/>\nT\u00f3picos Especiais IV: espa\u00e7os urbanos: ordem, desordem, controle &#8211; Valter Martins<br \/>\nT\u00f3picos Especiais IV: hist\u00f3ria da\/na m\u00eddia &#8211; Ariane Pereira e Marcio Fernandes<br \/>\nT\u00f3picos Especiais I: campesinato e seu avesso: aportes te\u00f3ricos e debates pol\u00edticos &#8211; M\u00e1rcia Maria Menendes Motta<br \/>\nT\u00f3picos Especiais I: sobre a hist\u00f3ria: di\u00e1logos entre o Romantismo e o Iluminismo &#8211; Helio Sochodolak e Jos\u00e9 Miguel Arias Neto<\/p>\n<p><strong><span style=\"font-size: 14pt\">2015<\/span><\/strong><br \/>\n<strong>1\u00ba Semestre<\/strong><br \/>\nSemin\u00e1rio de Pesquisa &#8211; Beatriz Anselmo Olinto<br \/>\nT\u00f3picos Especiais IV: fic\u00e7\u00e3o, testemunho, hist\u00f3ria e mem\u00f3ria &#8211; Ricardo Andr\u00e9 Ferreira Martins<br \/>\nT\u00f3picos Especiais em: identidades e representa\u00e7\u00f5es ind\u00edgenas &#8211; Jos\u00e9 Ronaldo Fassheber<br \/>\nT\u00f3picos Especiais em: hist\u00f3ria e cultura dos povos tradicionais &#8211; Ancelmo Sch\u00f6rner<\/p>\n<p><strong>2\u00ba Semestre<\/strong><br \/>\nEspa\u00e7os de Pr\u00e1ticas e Rela\u00e7\u00f5es de Poder &#8211; Ricardo Andr\u00e9 Ferreira Martins<br \/>\nEspa\u00e7os Simb\u00f3licos, ambiente e corporeidades &#8211; J\u00f3 Klanovicz<br \/>\nT\u00f3picos Especiais IV: Hist\u00f3ria, viol\u00eancia e processos criminais &#8211; Helio Sochodolak<br \/>\nT\u00f3picos Especiais IV: Historiografia da Escravid\u00e3o &#8211; Fernando Franco Netto<\/p>\n<p><span style=\"font-size: 14pt\"><strong>2014<\/strong><\/span><br \/>\n<strong>1\u00ba Semestre<\/strong><br \/>\nHist\u00f3ria, Regi\u00f5es e Espa\u00e7os Simb\u00f3licos &#8211; Helio Sochodolak<br \/>\nM\u00e9todos e T\u00e9cnicas de Pesquisa em Hist\u00f3ria &#8211; Cla\u00e9rcio Ivan Schneider<br \/>\nT\u00f3picos Especiais IV: Hist\u00f3ria Ind\u00edgena no Sul do Brasil na primeira metade do Brasil Imp\u00e9rio &#8211; Almir Antonio de Souza<br \/>\nT\u00f3picos Especiais IV: Hist\u00f3ria e cultura dos povos tradicionais &#8211; Ancelmo Sch\u00f6rner<br \/>\nT\u00f3picos Especiais I: a historicidade e a cria\u00e7\u00e3o pol\u00edtica de regi\u00f5es em \u00c1frica &#8211; Augusto Nascimento<\/p>\n<p><strong>2\u00ba Semestre<\/strong><br \/>\nEspa\u00e7os de pr\u00e1ticas e rela\u00e7\u00f5es de poder &#8211; Ancelmo Sch\u00f6rner<br \/>\nEspa\u00e7os simb\u00f3licos, ambiente e corporeidades &#8211; Rosemeri Moreira<br \/>\nT\u00f3picos Especiais IV: Hist\u00f3ria, viol\u00eancia e processos criminais &#8211; Helio Sochodolak<br \/>\nT\u00f3picos Especiais IV: Cotidianos urbanos: lugares, pessoas e pr\u00e1ticas &#8211; Valter Martins<br \/>\nRegi\u00f5es: Pr\u00e1ticas socioculturais e Rela\u00e7\u00f5es de Poder &#8211; Jair Antunes<br \/>\nTeoria da Hist\u00f3ria &#8211; Vanderlei Sebasti\u00e3o de Souza<br \/>\nT\u00f3picos Especiais IV:\u00a0Historiografia da Escravid\u00e3o &#8211; Fernando Franco Netto<br \/>\nT\u00f3picos Especiais IV:\u00a0Hist\u00f3ria e Literatura &#8211; Ricardo Andr\u00e9 Ferreira Martins<br \/>\nT\u00f3picos Especiais II:\u00a0Poder e rela\u00e7\u00f5es sociais: m\u00eddia e hist\u00f3ria &#8211; Jos\u00e9 Miguel Arias Neto<\/p>\n<p><strong><span style=\"font-size: 14pt\">2013<\/span><\/strong><br \/>\n<strong>1\u00ba Semestre<\/strong><br \/>\nM\u00e9todos e T\u00e9cnicas de Pesquisa &#8211; Luciana Rosar Fornazari Klanovicz<br \/>\nHist\u00f3ria, Regi\u00f5es e Espa\u00e7os Simb\u00f3licos &#8211; Liliane da Costa Freitag<br \/>\nT\u00f3picos Especiais IV: Hist\u00f3ria E Fotografia &#8211; Ancelmo Sch\u00f6rner<br \/>\nT\u00f3picos Especiais IV: Hist\u00f3ria Ambiental &#8211; J\u00f3 Klanovicz<\/p>\n<p><strong>2\u00ba Semestre<\/strong><br \/>\nTeoria da Hist\u00f3ria &#8211; Helio Sochodolak<br \/>\nRegi\u00f5es: Pr\u00e1ticas Socioculturais e Rela\u00e7\u00f5es de Poder &#8211; Jos\u00e9 Adil\u00e7on Campigoto<br \/>\nT\u00f3pico Especial IV: a Cidade e os Pobres &#8211; Valter Martins<br \/>\nT\u00f3picos Especiais IV: Hist\u00f3ria, Verdade e \u00c9tica &#8211; Aldo Nelson Bona<\/p>\n<p><span style=\"font-size: 14pt\"><strong>2012<\/strong><\/span><br \/>\n<strong>1\u00ba Semestre<\/strong><br \/>\nTeoria da Hist\u00f3ria &#8211; Beatriz Anselmo Olinto<br \/>\nM\u00e9todos e T\u00e9cnicas de Pesquisa &#8211; Cla\u00e9rcio Ivan Schneider<br \/>\nRegi\u00f5es: Pr\u00e1ticas Socioculturais e Rela\u00e7\u00f5es de Poder &#8211; Jair Antunes<br \/>\nHist\u00f3ria, Regi\u00f5es e Espa\u00e7os Simb\u00f3licos &#8211; M\u00e1rcia Terezinha Tembil<\/p>\n<p><strong>2\u00ba Semestre<\/strong><br \/>\nT\u00f3picos Especiais IV: Historiografia da Escravid\u00e3o &#8211; Fernando Franco Netto<br \/>\nT\u00f3picos Especiais IV: Territorialidades Religiosas &#8211; Flamarion Laba da Costa<br \/>\nT\u00f3picos Especiais IV: Identidades e Representa\u00e7\u00f5es Ind\u00edgenas &#8211; Os\u00e9ias de Oliveira[\/vc_column_text][\/vc_column][\/vc_row][vc_row][vc_column][vc_column_text]<\/p>\n<p>I am text block. Click edit button to change this text. Lorem ipsum dolor sit amet, consectetur adipiscing elit. Ut elit tellus, luctus nec ullamcorper mattis, pulvinar dapibus leo.<\/p>\n<p>[\/vc_column_text][\/vc_column][\/vc_row]<\/p>\n<\/div>","protected":false},"excerpt":{"rendered":"<p>[vc_row][vc_column][vc_column_text][\/vc_column_text][vc_column_text css=&#8221;&#8221;] HOR\u00c1RIO DAS AULAS &#8211; 1\u00ba SEMESTRE\/2026 SEGUNDA-FEIRA TER\u00c7A-FEIRA QUARTA-FEIRA QUINTA-FEIRA das 8h \u00e0s 12h das 8h \u00e0s 12h das 8h \u00e0s 12h das 8h \u00e0s 12h &nbsp; T\u00f3picos Especiais IV: Hist\u00f3ria e literatura Docente: Carlos Eduardo Fran\u00e7a de Oliveira Campus Irati Carga hor\u00e1ria: 60h (4 cr\u00e9ditos) &nbsp; T\u00f3picos Especiais IV: G\u00eanero e pesquisa [&hellip;]<\/p>\n","protected":false},"author":3,"featured_media":0,"parent":0,"menu_order":0,"comment_status":"closed","ping_status":"closed","template":"","meta":{"_exactmetrics_skip_tracking":false,"_exactmetrics_sitenote_active":false,"_exactmetrics_sitenote_note":"","_exactmetrics_sitenote_category":0,"footnotes":"","_links_to":"","_links_to_target":""},"class_list":["post-66","page","type-page","status-publish","hentry"],"_links":{"self":[{"href":"https:\/\/www3.unicentro.br\/ppgh\/wp-json\/wp\/v2\/pages\/66","targetHints":{"allow":["GET"]}}],"collection":[{"href":"https:\/\/www3.unicentro.br\/ppgh\/wp-json\/wp\/v2\/pages"}],"about":[{"href":"https:\/\/www3.unicentro.br\/ppgh\/wp-json\/wp\/v2\/types\/page"}],"author":[{"embeddable":true,"href":"https:\/\/www3.unicentro.br\/ppgh\/wp-json\/wp\/v2\/users\/3"}],"replies":[{"embeddable":true,"href":"https:\/\/www3.unicentro.br\/ppgh\/wp-json\/wp\/v2\/comments?post=66"}],"version-history":[{"count":2,"href":"https:\/\/www3.unicentro.br\/ppgh\/wp-json\/wp\/v2\/pages\/66\/revisions"}],"predecessor-version":[{"id":3764,"href":"https:\/\/www3.unicentro.br\/ppgh\/wp-json\/wp\/v2\/pages\/66\/revisions\/3764"}],"wp:attachment":[{"href":"https:\/\/www3.unicentro.br\/ppgh\/wp-json\/wp\/v2\/media?parent=66"}],"curies":[{"name":"wp","href":"https:\/\/api.w.org\/{rel}","templated":true}]}}