{"id":48,"date":"2014-07-01T00:00:00","date_gmt":"2014-07-01T03:00:00","guid":{"rendered":"https:\/\/www3.unicentro.br\/ppgh\/modelos-e-formularios\/"},"modified":"2025-12-09T14:18:37","modified_gmt":"2025-12-09T17:18:37","slug":"modelos-e-formularios","status":"publish","type":"page","link":"https:\/\/www3.unicentro.br\/ppgh\/modelos-e-formularios\/","title":{"rendered":"Formul\u00e1rios"},"content":{"rendered":"<div class=\"wpb-content-wrapper\"><p>[vc_row][vc_column][vc_column_text css=&#8221;&#8221;]<\/p>\n<p style=\"text-align: left\"><span style=\"font-size: 14pt\">MESTRADO<\/span><\/p>\n<ul>\n<li>Autoriza\u00e7\u00e3o de publica\u00e7\u00e3o da disserta\u00e7\u00e3o_Modelo\u00a0<a href=\"https:\/\/www3.unicentro.br\/ppgh\/wp-content\/uploads\/sites\/47\/2022\/08\/Autorizacao-de-publicacao-da-dissertacao_Modelo.odt\" target=\"_blank\" rel=\"noopener\">[.doc]<\/a>\u00a0<a href=\"https:\/\/www3.unicentro.br\/ppgh\/wp-content\/uploads\/sites\/47\/2022\/08\/Autorizacao-de-publicacao-da-dissertacao_Modelo.pdf\">[.pdf]<\/a><\/li>\n<li>Carta de Aceite\u00a0<a href=\"https:\/\/www3.unicentro.br\/ppgh\/wp-content\/uploads\/sites\/47\/2025\/08\/CARTA-DE-ACEITE.doc\">[.doc]<\/a>\u00a0<a href=\"https:\/\/www3.unicentro.br\/ppgh\/wp-content\/uploads\/sites\/47\/2022\/08\/CARTA-DE-ACEITE.pdf\">[.pdf]<\/a><\/li>\n<li>Carta de Aceite &#8211; Coorienta\u00e7\u00e3o <a href=\"https:\/\/www3.unicentro.br\/ppgh\/wp-content\/uploads\/sites\/47\/2022\/09\/CARTA-DE-ACEITE.doc\" target=\"_blank\" rel=\"noopener\">[.doc] <\/a><a href=\"https:\/\/www3.unicentro.br\/ppgh\/wp-content\/uploads\/sites\/47\/2022\/08\/CARTA-DE-ACEITE-co-orientador.pdf\">[.pdf]<\/a><\/li>\n<li>Composi\u00e7\u00e3o de Banca de Qualifica\u00e7\u00e3o \u2013 Docente\u00a0<a href=\"https:\/\/www3.unicentro.br\/ppgh\/wp-content\/uploads\/sites\/47\/2024\/02\/COMPOSICAO-DE-BANCA-DE-EXAME-DE-QUALIFICACAO-docente.docx\">[.doc]<\/a>\u00a0<a href=\"https:\/\/www3.unicentro.br\/ppgh\/wp-content\/uploads\/sites\/47\/2024\/02\/COMPOSICAO-DE-BANCA-DE-EXAME-DE-QUALIFICACAO-docente.pdf\">[.pdf]<\/a><\/li>\n<li>Composi\u00e7\u00e3o de Banca de Defesa \u2013 Docente\u00a0<a href=\"https:\/\/www3.unicentro.br\/ppgh\/wp-content\/uploads\/sites\/47\/2024\/02\/COMPOSICAO-DE-BANCA-DE-DEFESA-DOCENTE.docx\">[.doc]<\/a>\u00a0<a href=\"https:\/\/www3.unicentro.br\/ppgh\/wp-content\/uploads\/sites\/47\/2024\/02\/COMPOSICAO-DE-BANCA-DE-DEFESA-DOCENTE.pdf\">[.pdf]<\/a><\/li>\n<li>Declara\u00e7\u00e3o de Revis\u00e3o de Texto <a href=\"https:\/\/www3.unicentro.br\/ppgh\/wp-content\/uploads\/sites\/47\/2022\/08\/DECLARACAO-DE-REVISAO-DE-TEXTO-.doc\">[.doc]<\/a> <a href=\"https:\/\/www3.unicentro.br\/ppgh\/wp-content\/uploads\/sites\/47\/2022\/08\/DECLARACAO-DE-REVISAO-DE-TEXTO-1-1.pdf\">[.pdf]<\/a><\/li>\n<li>Plano de Atividades\u00a0<a href=\"https:\/\/www3.unicentro.br\/ppgh\/wp-content\/uploads\/sites\/47\/2022\/08\/PLANO-DE-ATIVIDADES-1.doc\">[.doc]<\/a>\u00a0<a href=\"https:\/\/www3.unicentro.br\/ppgh\/wp-content\/uploads\/sites\/47\/2022\/08\/PLANO-DE-ATIVIDADES-1.pdf\">[.pdf]<\/a><\/li>\n<li>Plano de Est\u00e1gio de Doc\u00eancia\u00a0<a href=\"https:\/\/www3.unicentro.br\/ppgh\/wp-content\/uploads\/sites\/47\/2022\/08\/PLANO-DE-ESTAGIO-DE-DOCENCIA.doc\">[.doc]<\/a>\u00a0<a href=\"https:\/\/www3.unicentro.br\/ppgh\/wp-content\/uploads\/sites\/47\/2022\/08\/PLANO-DE-ESTAGIO-DE-DOCENCIA.pdf\">[.pdf]<\/a><\/li>\n<li>Relat\u00f3rio das Atividades Programadas\u00a0<a href=\"https:\/\/www3.unicentro.br\/ppgh\/wp-content\/uploads\/sites\/47\/2023\/06\/RELATORIO-DAS-ATIVIDADES-PROGRAMADAS.doc\">[.doc]<\/a>\u00a0<a href=\"https:\/\/www3.unicentro.br\/ppgh\/wp-content\/uploads\/sites\/47\/2023\/06\/RELATORIO-DAS-ATIVIDADES-PROGRAMADAS.pdf\">[.pdf]<\/a><\/li>\n<li>Relat\u00f3rio de Viagem \u2013 Estudante\u00a0<a href=\"https:\/\/www3.unicentro.br\/ppgh\/wp-content\/uploads\/sites\/47\/2022\/08\/RELATORIO-DE-VIAGEM-DISCENTE.doc\">[.doc]<\/a>\u00a0<a href=\"https:\/\/www3.unicentro.br\/ppgh\/wp-content\/uploads\/sites\/47\/2022\/08\/RELATORIO-DE-VIAGEM-DISCENTE.pdf\">[.pdf]<\/a><\/li>\n<li>Relat\u00f3rio Final de Est\u00e1gio de Doc\u00eancia\u00a0<a href=\"https:\/\/www3.unicentro.br\/ppgh\/wp-content\/uploads\/sites\/47\/2022\/08\/RELATORIO-FINAL-DE-ESTAGIO-DE-DOCENCIA-1.doc\">[.doc]<\/a>\u00a0<a href=\"https:\/\/www3.unicentro.br\/ppgh\/wp-content\/uploads\/sites\/47\/2022\/08\/RELATORIO-FINAL-DE-ESTAGIO-DE-DOCENCIA-1.pdf\">[.pdf]<\/a><\/li>\n<li>Relat\u00f3rio Semestral de Bolsista\u00a0<a href=\"https:\/\/www3.unicentro.br\/ppgh\/wp-content\/uploads\/sites\/47\/2022\/08\/RELATORIO-SEMESTRAL-DE-BOLSISTA.doc\">[.doc]<\/a>\u00a0<a href=\"https:\/\/www3.unicentro.br\/ppgh\/wp-content\/uploads\/sites\/47\/2022\/08\/RELATORIO-SEMESTRAL-DE-BOLSISTA.pdf\">[.pdf]<\/a><\/li>\n<li>Requerimento de Cancelamento de Matr\u00edcula <a href=\"https:\/\/www3.unicentro.br\/ppgh\/wp-content\/uploads\/sites\/47\/2025\/03\/REQUERIMENTO-DE-CANCELAMENTO-DE-MATRICULA.pdf\">[.doc]<\/a> <a href=\"https:\/\/www3.unicentro.br\/ppgh\/wp-content\/uploads\/sites\/47\/2025\/03\/REQUERIMENTO-DE-CANCELAMENTO-DE-MATRICULA.pdf\">[.pdf]<\/a><\/li>\n<li>Requerimento de Di\u00e1ria Discente <a href=\"https:\/\/www3.unicentro.br\/ppgh\/wp-content\/uploads\/sites\/47\/2023\/05\/REQUERIMENTO-DE-DIARIA-DISCENTE.doc\">[.doc]<\/a> <a href=\"https:\/\/www3.unicentro.br\/ppgh\/wp-content\/uploads\/sites\/47\/2023\/05\/REQUERIMENTO-DE-DIARIA-DISCENTE.pdf\">[.pdf]<\/a><\/li>\n<li>Requerimento de Di\u00e1ria Docente <a href=\"https:\/\/www3.unicentro.br\/ppgh\/wp-content\/uploads\/sites\/47\/2024\/09\/REQUERIMENTO-DE-DIARIA-DOCENTE.doc\">[.doc]<\/a> <a href=\"https:\/\/www3.unicentro.br\/ppgh\/wp-content\/uploads\/sites\/47\/2024\/09\/REQUERIMENTO-DE-DIARIA-DOCENTE.pdf\">[.pdf]<\/a><\/li>\n<li>Requerimento de Matr\u00edcula &#8211; estudante regular &#8211; 1\u00ba Semestre 2026 <a href=\"https:\/\/www3.unicentro.br\/ppgh\/wp-content\/uploads\/sites\/47\/2025\/12\/REQUERIMENTO-DE-matricula-estudante-regular-1o-semestre.odt\">[.doc]<\/a> <a href=\"https:\/\/www3.unicentro.br\/ppgh\/wp-content\/uploads\/sites\/47\/2025\/12\/REQUERIMENTO-DE-matricula-estudante-regular-1o-semestre.pdf\">[.pdf]<\/a><\/li>\n<li>Requerimento de Prorroga\u00e7\u00e3o de Prazo de Qualifica\u00e7\u00e3o ou Defesa <a href=\"https:\/\/www3.unicentro.br\/ppgh\/wp-content\/uploads\/sites\/47\/2022\/08\/REQUERIMENTO-DE-PRORROGACAO-DE-PRAZO-QUALIFICACAO-OU-DEFESA.doc\">[.doc]<\/a>\u00a0<a href=\"https:\/\/www3.unicentro.br\/ppgh\/wp-content\/uploads\/sites\/47\/2022\/08\/REQUERIMENTO-DE-PRORROGACAO-DE-PRAZO-QUALIFICACAO-OU-DEFESA.pdf\">[.pdf]<\/a><\/li>\n<li>Solicita\u00e7\u00e3o de Aproveitamento de Disciplina <a href=\"https:\/\/www3.unicentro.br\/ppgh\/wp-content\/uploads\/sites\/47\/2022\/08\/REQUERIMENTO-DE-APROVEITAMENTO-DE-DISCIPLINA.doc\">[.doc]<\/a>\u00a0<a href=\"https:\/\/www3.unicentro.br\/ppgh\/wp-content\/uploads\/sites\/47\/2022\/08\/REQUERIMENTO-DE-APROVEITAMENTO-DE-DISCIPLINA.pdf\">[.pdf]<\/a><\/li>\n<li>Solicita\u00e7\u00e3o de Coorienta\u00e7\u00e3o\u00a0<a href=\"https:\/\/www3.unicentro.br\/ppgh\/wp-content\/uploads\/sites\/47\/2022\/08\/SOLICITACAO-DE-COORIENTACAO.doc\">[.doc]<\/a>\u00a0<a href=\"https:\/\/www3.unicentro.br\/ppgh\/wp-content\/uploads\/sites\/47\/2022\/08\/SOLICITACAO-DE-COORIENTACAO.pdf\">[.pdf]<\/a><\/li>\n<li>Solicita\u00e7\u00e3o de Convalida\u00e7\u00e3o de Cr\u00e9ditos <a href=\"https:\/\/www3.unicentro.br\/ppgh\/wp-content\/uploads\/sites\/47\/2022\/08\/REQUERIMENTO-DE-CONVALIDACAO-DE-CREDITOS-EM-DISCIPLINA.doc\">[.doc]<\/a> <a href=\"https:\/\/www3.unicentro.br\/ppgh\/wp-content\/uploads\/sites\/47\/2022\/08\/REQUERIMENTO-DE-CONVALIDACAO-DE-CREDITOS-EM-DISCIPLINA.pdf\">[.pdf]<\/a><\/li>\n<li>Solicita\u00e7\u00e3o de Desligamento do Curso <a href=\"https:\/\/www3.unicentro.br\/ppgh\/wp-content\/uploads\/sites\/47\/2022\/08\/REQUERIMENTO-DE-DESLIGAMENTO-DO-CURSO.doc\">[.doc]<\/a> <a href=\"https:\/\/www3.unicentro.br\/ppgh\/wp-content\/uploads\/sites\/47\/2022\/08\/REQUERIMENTO-DE-DESLIGAMENTO-DO-CURSO.pdf\">[.pdf]<\/a><\/li>\n<li>Solicita\u00e7\u00e3o de Exame de Qualifica\u00e7\u00e3o \u2013 Estudante\u00a0<a href=\"https:\/\/www3.unicentro.br\/ppgh\/wp-content\/uploads\/sites\/47\/2022\/08\/SOLICITACAO-DE-EXAME-DE-QUALIFICACAO-estudante.docx\">[.doc]<\/a>\u00a0<a href=\"https:\/\/www3.unicentro.br\/ppgh\/wp-content\/uploads\/sites\/47\/2022\/08\/SOLICITACAO-DE-EXAME-DE-QUALIFICACAO-estudante.pdf\">[.pdf]<\/a><\/li>\n<li>Solicita\u00e7\u00e3o de Exame de Defesa \u2013 Estudante\u00a0<a href=\"https:\/\/www3.unicentro.br\/ppgh\/wp-content\/uploads\/sites\/47\/2022\/08\/SOLICITACAO-DE-EXAME-DE-DEFESA-DE-DISSERTACAO-estudante.doc\">[.doc]<\/a>\u00a0\u00a0<a href=\"https:\/\/www3.unicentro.br\/ppgh\/wp-content\/uploads\/sites\/47\/2022\/08\/SOLICITACAO-DE-EXAME-DE-DEFESA-DE-DISSERTACAO-estudante.pdf\">[.pdf]<\/a><\/li>\n<li>Solicita\u00e7\u00e3o de Trancamento de Matr\u00edcula <a href=\"https:\/\/www3.unicentro.br\/ppgh\/wp-content\/uploads\/sites\/47\/2023\/02\/REQUERIMENTO-DE-TRANCAMENTO-DE-MATRICULA.doc\">[.doc]<\/a> <a href=\"https:\/\/www3.unicentro.br\/ppgh\/wp-content\/uploads\/sites\/47\/2023\/02\/REQUERIMENTO-DE-TRANCAMENTO-DE-MATRICULA.pdf\">[.pdf]<\/a><\/li>\n<li>Solicita\u00e7\u00e3o de Troca de Orienta\u00e7\u00e3o <a href=\"https:\/\/www3.unicentro.br\/ppgh\/wp-content\/uploads\/sites\/47\/2022\/08\/Solicitacao-de-troca-de-orientacao.doc\">[.doc]<\/a> <a href=\"https:\/\/www3.unicentro.br\/ppgh\/wp-content\/uploads\/sites\/47\/2022\/08\/Solicitacao-de-troca-de-orientacao.pdf\">[.pdf]<\/a><\/li>\n<\/ul>\n<p style=\"text-align: left\"><span style=\"font-size: 14pt\">P\u00d3S-DOC\/PRAPG<\/span><\/p>\n<ul>\n<li style=\"list-style-type: none\">\n<ul>\n<li>Formul\u00e1rio de Inscri\u00e7\u00e3o ANEXO I <a href=\"https:\/\/www3.unicentro.br\/ppgh\/wp-content\/uploads\/sites\/47\/2025\/05\/PRAPG-ANEXO-I-Formulario-de-inscricao.doc\">[.doc]<\/a>\u00a0<a href=\"https:\/\/www3.unicentro.br\/ppgh\/wp-content\/uploads\/sites\/47\/2025\/05\/PRAPG-ANEXO-I-Formulario-de-inscricao.pdf\">[.pdf]<\/a><\/li>\n<li>Tabela indicadora produ\u00e7\u00e3o Cient\u00edfica ANEXO II <a href=\"https:\/\/www3.unicentro.br\/ppgh\/wp-content\/uploads\/sites\/47\/2025\/05\/PRAPG-ANEXO-II-Tabela-Indicadora-Producao-Cientifica.doc\">[.doc]<\/a>\u00a0<a href=\"https:\/\/www3.unicentro.br\/ppgh\/wp-content\/uploads\/sites\/47\/2025\/05\/PRAPG-ANEXO-II-Tabela-Indicadora-Producao-Cientifica.pdf\">[.pdf]<\/a><\/li>\n<li>Plano de Trabalho P\u00f3s-Doc ANEXO III <a href=\"https:\/\/www3.unicentro.br\/ppgh\/wp-content\/uploads\/sites\/47\/2022\/08\/PNPD-ANEXO-III-Plano-de-Trabalho-Pos-Doc.doc\">[.doc]<\/a>\u00a0<a href=\"https:\/\/www3.unicentro.br\/ppgh\/wp-content\/uploads\/sites\/47\/2022\/08\/PNPD-ANEXO-III-Plano-de-Trabalho-Pos-Doc.pdf\">[.pdf]<\/a><\/li>\n<li>Projeto de Pesquisa Anexo IV <a href=\"https:\/\/www3.unicentro.br\/ppgh\/wp-content\/uploads\/sites\/47\/2019\/10\/PNPD-ANEXO-IV-Projeto-de-Pesquisa-1.doc\">[.doc]<\/a> <a href=\"https:\/\/www3.unicentro.br\/ppgh\/wp-content\/uploads\/sites\/47\/2019\/10\/PNPD-ANEXO-IV-Projeto-de-Pesquisa.pdf\">[.pdf]<\/a><\/li>\n<\/ul>\n<\/li>\n<\/ul>\n<p><span style=\"font-size: 14pt\">CREDENCIAMENTO DE DOCENTES PERMANENTES NO PPGH\/UNICENTRO<\/span><\/p>\n<ul>\n<li>Formul\u00e1rio Indicador da Produ\u00e7\u00e3o Cient\u00edfica (Quadrienal\/2021-2024) &#8211; ANEXO I\u00a0<a href=\"https:\/\/www3.unicentro.br\/ppgh\/wp-content\/uploads\/sites\/47\/2024\/11\/Formulario-Indicador-da-Producao-Cientifica.docx\">[.doc]<\/a> <a href=\"https:\/\/www3.unicentro.br\/ppgh\/wp-content\/uploads\/sites\/47\/2020\/09\/Anexo-I_Edital-no09-20_Formulario-indicador-Producao-Cientifica.pdf\">[.pdf]<\/a><\/li>\n<li>Formul\u00e1rio do Memorial Descritivo de Atividades Realizadas no Quadri\u00eanio de Avalia\u00e7\u00e3o da CAPES &#8211; ANEXO II <a href=\"https:\/\/www3.unicentro.br\/ppgh\/wp-content\/uploads\/sites\/47\/2024\/11\/Formulario-Indicador-da-Producao-Cientifica.docx\">[.doc]<\/a> <a href=\"https:\/\/www3.unicentro.br\/ppgh\/wp-content\/uploads\/sites\/47\/2024\/11\/Formulario-Indicador-da-Producao-Cientifica.docx\">[.pdf]<\/a><\/li>\n<\/ul>\n<p>[\/vc_column_text][\/vc_column][\/vc_row]<\/p>\n<\/div>","protected":false},"excerpt":{"rendered":"<p>[vc_row][vc_column][vc_column_text css=&#8221;&#8221;] MESTRADO Autoriza\u00e7\u00e3o de publica\u00e7\u00e3o da disserta\u00e7\u00e3o_Modelo\u00a0[.doc]\u00a0[.pdf] Carta de Aceite\u00a0[.doc]\u00a0[.pdf] Carta de Aceite &#8211; Coorienta\u00e7\u00e3o [.doc] [.pdf] Composi\u00e7\u00e3o de Banca de Qualifica\u00e7\u00e3o \u2013 Docente\u00a0[.doc]\u00a0[.pdf] Composi\u00e7\u00e3o de Banca de Defesa \u2013 Docente\u00a0[.doc]\u00a0[.pdf] Declara\u00e7\u00e3o de Revis\u00e3o de Texto [.doc] [.pdf] Plano de Atividades\u00a0[.doc]\u00a0[.pdf] Plano de Est\u00e1gio de Doc\u00eancia\u00a0[.doc]\u00a0[.pdf] Relat\u00f3rio das Atividades Programadas\u00a0[.doc]\u00a0[.pdf] Relat\u00f3rio de Viagem \u2013 [&hellip;]<\/p>\n","protected":false},"author":3,"featured_media":0,"parent":0,"menu_order":0,"comment_status":"closed","ping_status":"closed","template":"","meta":{"_exactmetrics_skip_tracking":false,"_exactmetrics_sitenote_active":false,"_exactmetrics_sitenote_note":"","_exactmetrics_sitenote_category":0,"footnotes":"","_links_to":"","_links_to_target":""},"class_list":["post-48","page","type-page","status-publish","hentry"],"_links":{"self":[{"href":"https:\/\/www3.unicentro.br\/ppgh\/wp-json\/wp\/v2\/pages\/48","targetHints":{"allow":["GET"]}}],"collection":[{"href":"https:\/\/www3.unicentro.br\/ppgh\/wp-json\/wp\/v2\/pages"}],"about":[{"href":"https:\/\/www3.unicentro.br\/ppgh\/wp-json\/wp\/v2\/types\/page"}],"author":[{"embeddable":true,"href":"https:\/\/www3.unicentro.br\/ppgh\/wp-json\/wp\/v2\/users\/3"}],"replies":[{"embeddable":true,"href":"https:\/\/www3.unicentro.br\/ppgh\/wp-json\/wp\/v2\/comments?post=48"}],"version-history":[{"count":2,"href":"https:\/\/www3.unicentro.br\/ppgh\/wp-json\/wp\/v2\/pages\/48\/revisions"}],"predecessor-version":[{"id":3759,"href":"https:\/\/www3.unicentro.br\/ppgh\/wp-json\/wp\/v2\/pages\/48\/revisions\/3759"}],"wp:attachment":[{"href":"https:\/\/www3.unicentro.br\/ppgh\/wp-json\/wp\/v2\/media?parent=48"}],"curies":[{"name":"wp","href":"https:\/\/api.w.org\/{rel}","templated":true}]}}