{"id":59,"date":"2014-05-09T00:00:00","date_gmt":"2014-05-09T03:00:00","guid":{"rendered":"https:\/\/www3.unicentro.br\/ppgg\/grupos-e-nucleos-de-pesquisa\/"},"modified":"2021-05-19T14:34:35","modified_gmt":"2021-05-19T17:34:35","slug":"grupos-e-nucleos-de-pesquisa","status":"publish","type":"page","link":"https:\/\/www3.unicentro.br\/ppgg\/grupos-e-nucleos-de-pesquisa\/","title":{"rendered":"Coopera\u00e7\u00e3o e Interc\u00e2mbio"},"content":{"rendered":"<p><strong>Coopera\u00e7\u00e3o<\/strong><\/p>\n<p><strong>Linha 1: Din\u00e2mica da paisagem, geomorfologia e an\u00e1lise ambiental<\/strong><\/p>\n<p>1. <a href=\"https:\/\/www.mdpi.com\/2071-1050\/12\/18\/7456\">Coopera\u00e7\u00e3o com a Espanha e Gr\u00e9cia<\/a><\/p>\n<p>Nos \u00faltimos anos temos estreitado os la\u00e7os de coopera\u00e7\u00e3o entre a UNICENTRO, via Programa de P\u00f3s Gradua\u00e7\u00e3o em Geografia &#8211; PPGG com a University of Tessally &#8211; Gr\u00e9cia e com a Universidad de Extremadura \u2013 Espanha por meio de pesquisas referentes \u00e0 quest\u00e3o ambiental em Faxinais na regi\u00e3o Centro-Sul do Paran\u00e1, com as Dehesas no Sudeste da Espanha e com as \u00e1reas de pastoreio extensivo no norte da Gr\u00e9cia. Ou seja, o foco da coopera\u00e7\u00e3o \u00e9 investigar quest\u00f5es sociais e ambientais em sistemas agrosilvopastoril tradicionais. Dessa coopera\u00e7\u00e3o, resultou uma visita t\u00e9cnica do Mestrando \u00e0 \u00e9poca Paulo A. Fachin (2014) e do Professor Valdemir Antoneli a Universidad de Extremadura Espanha (2017), e uma visita t\u00e9cnica do Prof. Michail Vrachnakis da University of Tessally aos faxinais da regi\u00e3o Centro Sul do Paran\u00e1 (2019). No m\u00eas de novembro de 2020, ser\u00e1 realizada uma confer\u00eancia entre os pesquisadores das tr\u00eas universidades para programa\u00e7\u00e3o de atividades de colabora\u00e7\u00e3o para os pr\u00f3ximos anos. O objetivo dessa confer\u00eancia ser\u00e1: a) discutir os rumos das pesquisas entre os tr\u00eas tipos de usos de cria\u00e7\u00e3o de animais de forma extensiva, b) planejar o interc\u00e2mbio entre pesquisadores e alunos; c) planejar futuras pesquisas e dissemina\u00e7\u00e3o em conjunto como j\u00e1 ocorreu no ano de 2020.<\/p>\n<p>2. <strong>Coopera\u00e7\u00e3o com Instituto Agron\u00f4mico do Paran\u00e1, Programa de P\u00f3s-Gradua\u00e7\u00e3o em Agricultura Conservacionista<\/strong><br \/>\n<strong>Objetivos:<\/strong> a) Desenvolver o projeto \u201cInflu\u00eancia do clima na erodibilidade de solos subtropical e tropical\u201d; b) eros\u00e3o em solos cultivados com mandioca no Arenito Caiu\u00e1 do Noroeste do Paran\u00e1 e t\u00e9cnicas de conserva\u00e7\u00e3o de solo e \u00e1gua em sistema agr\u00edcolas; c) desenvolver atividades referentes a Linha de Pesquisa Geomorfologia Experimental e Eros\u00e3o do Solo.<br \/>\n<a href=\"http:\/\/www.aen.pr.gov.br\/modules\/noticias\/article.php?storyid=106057&amp;tit=Estudo-analisa-potencial-erosivo-no-Arenito-Caiua\">http:\/\/www.aen.pr.gov.br\/modules\/noticias\/article.php?storyid=106057&amp;tit=Estudo-analisa-potencial-erosivo-no-Arenito-Caiua<\/a><\/p>\n<p><strong>Resultados da coopera\u00e7\u00e3o no quadri\u00eanio:<\/strong><\/p>\n<p>THOMAZ, E. L.; FIDALSKI, J. Interrill erodibility of different sandy soils increases along a catena in the Caiu\u00e1 Sandstone Formation. Revista Brasileira de Ci\u00eancia do Solo, v. 44, p. 1-13, 2020. <a href=\"https:\/\/doi.org\/10.36783\/18069657rbcs20190064\">https:\/\/doi.org\/10.36783\/18069657rbcs20190064<\/a><\/p>\n<p>THOMAZ, E. L.; ARAUJO JUNIOR, C. F.; VENDRAME, P. Mechanisms of aggregates breakdown in (sub)tropical soils: hierarchy resistance and climate gradient effect. Geoderma. (em prepara\u00e7\u00e3o).<\/p>\n<p>3. <strong>Coopera\u00e7\u00e3o com a Universidade Federal de Rond\u00f4nia, Departamento de Geografia &#8211; Programa de P\u00f3s-Gradua\u00e7\u00e3o Mestrado e Doutorado em Geografia &#8211; Laborat\u00f3rio de Geografia e Planejamento Ambiental Projeto: Efetividade da Gest\u00e3o Ambiental na Mesorregi\u00e3o do Leste Rondoniense a partir de indicadores de Vulnerabilidade Natural \u00e0 Eros\u00e3o, Saneamento B\u00e1sico e Desmatamento<\/strong><br \/>\n<strong>Objetivo 1:<\/strong> definir o Grau de Efetividade da Gest\u00e3o Ambiental da Mesorregi\u00e3o do Leste Rondoniense -RO, com base nos indicadores de condi\u00e7\u00f5es de Saneamento B\u00e1sico, Desmatamento, Vulnerabilidade Natural \u00e0 Eros\u00e3o e seus cen\u00e1rios prov\u00e1veis espacializados por meio de cartografia tem\u00e1tica. FAPERO &#8211; Governo do Estado de Rond\u00f4nia.<br \/>\n<strong>Objetivo 2:<\/strong> Pesquisas em andamento: erodibilidade de solo Tropical na Amaz\u00f4nia, influ\u00eancia do fogo nas propriedades do solo e uso da terra e impactos hidrogeomorfol\u00f3gicos.<\/p>\n<p><strong>Resultados da coopera\u00e7\u00e3o no quadri\u00eanio:<\/strong><\/p>\n<p>THOMAZ, Edivaldo L.; NUNES, DORISVALDER D.; WATANABE, Michel. Effects of tropical forest conversion on soil and aquatic systems in southwestern Brazilian Amazonia: A synthesis. Environmental Research, v. 183, p. 109220-11, 2020. <a href=\"https:\/\/doi.org\/10.1016\/j.envres.2020.109220\">https:\/\/doi.org\/10.1016\/j.envres.2020.109220<\/a><\/p>\n<p>4. <strong>Coopera\u00e7\u00e3o com o Grupo &#8211; Laborat\u00f3rio de F\u00edsica Nuclear Aplicada, Departamento de F\u00edsica \u2013 Universidade de Londrina<\/strong><br \/>\n<strong>Objetivo:<\/strong> aplicar m\u00e9todos anal\u00edticos por Fluoresc\u00eancia de Raios X por Dispers\u00e3o em Energia (FRXDE) em estudos de solos e sedimentos.<br \/>\no ano de 2013 a pesquisa nesta \u00e1rea recebeu o 26 Pr\u00eamio de Ci\u00eancia e Tecnologia do Estado do Paran\u00e1 (co-orientador e concep\u00e7\u00e3o da pesquisa do aluno vencedor na categoria Ci\u00eancias Exatas e da Terra). Secretaria de Ci\u00eancia e Tecnologia do Estado do Paran\u00e1. O trabalho premiado foi:<br \/>\nMELQUIADES, F. L.; ANDREONI, L. F. S. ;THOMAZ, E. L. Discrimination of land-use types in a catchment by energy dispersive X-ray fluorescence and principal component analysis. Applied Radiation and Isotopes, v. 77, p. 27-31, 2013.<\/p>\n<p><strong>Resultados dessa coopera\u00e7\u00e3o no quadri\u00eanio:<\/strong><\/p>\n<p>ROCHA, D. R.; MELQUIADES, F. L.; THOMAZ, E. L. Modeling the soil burn effect for temperature prediction by energy dispersive X ray Fluorescence in an haplic cambisol soil. Applied Radiation and Isotopes, v. 150, p. 26-30, 2019. <a href=\"https:\/\/doi.org\/10.1016\/j.apradiso.2019.05.012\">https:\/\/doi.org\/10.1016\/j.apradiso.2019.05.012<\/a><br \/>\nMELQUIADES, F. L.; BASTOS, R. O.; ANDREONI, L. S.; THOMAZ, E. L.; ANTONELI, V. Coupling soil transfer from hillslope to riparian zone through natural fingerprint in a catchment with tobacco crop. Journal of Soils and Sediments, v. 19, p. 1928-1936, 2019. <a href=\"https:\/\/doi.org\/10.1007\/s11368-018-2181-2\">https:\/\/doi.org\/10.1007\/s11368-018-2181-2<\/a><\/p>\n<p>5. <strong>Coopera\u00e7\u00e3o: Carlos E Ramos-Scharron. University of Texas at Austin| UT\u00b7Department of Geography and The Environment..<\/strong><br \/>\n<strong>Objetivo:<\/strong> avaliar impactos hidrgeomorfol\u00f3gicos de estradas n\u00e3o pavimentadas. Soil and Water Resources Impacts of Coffee Cultivation and Other Types of Agricultural Production in the Wet Tropics<\/p>\n<p><strong>Resultados da coopera\u00e7\u00e3o no quadri\u00eanio:<\/strong><br \/>\nTwo decades of road erosion work in the Northeastern Caribbean \u2013 A research program perspective. Authors: Carlos E. Ramos-Scharr\u00f3n, Efra\u00edn Alicea, Yasiel Figueroa-S\u00e1nchez, Matthew LaFevor, Lee H. MacDonald, Preston McLaughlin, Edivaldo L. Thomaz. International Symposium on Soil Erosion Research under a Changing Climate. A decadal ASABE Soil Erosion Research Symposium. January 10-15, 2021 Punta Borinqu\u00e9n Resort Aguadilla, Puerto Rico, USA.<\/p>\n<p>5. <strong>Coopera\u00e7\u00e3o com a Prefeitura Municipal de Guarapuava.<\/strong><br \/>\n<strong>Pesquisas em andamento:<\/strong> \u00c1reas fonte de polui\u00e7\u00e3o difusa e a conectividade da paisagem na bacia do rio das Pedras, Guarapuava-PR. Projeto financiado com recursos do Fundo Municipal de Meio Ambiente de Guarapuava: Diagn\u00f3stico socioambiental da Bacia do rio das Pedras, Guarapuava-PR.<br \/>\nDescri\u00e7\u00e3o: O projeto de pesquisa tem como objetivo avaliar o processo de ocupa\u00e7\u00e3o humana e o avan\u00e7o ou retrocesso da qualidade ambiental na bacia do rio das pedras, cujas intera\u00e7\u00f5es impactam na qualidade da \u00e1gua produzida e consumida pela popula\u00e7\u00e3o de Guarapuava.<\/p>\n<p><strong>Resultados preliminares:<\/strong><br \/>\nVESTENA, L. R.; DOS SANTOS, R. A. A.; CAMARGO FILHO, M. Din\u00e2mica temporo-espacial da cobertura da terra na \u00e1rea de manancial de Guarapuava, Paran\u00e1. (em prepara\u00e7\u00e3o)<br \/>\nVESTENA, L. R. REANEY, S. M. Identification of the key diffuse pollution source areas for the Pedras Catchment, Brazil, to enable effective landscape management. International Journal of River Basin Management (em prepara\u00e7\u00e3o)<br \/>\nErvateira 81 &#8211; Privada \u2013 Paran\u00e1 &#8211; apoio no acesso a ervais com diferentes sistemas de produ\u00e7\u00e3o de erva-mate, na FOM com e sem adensamento de erva-mate e em \u00e1rea de plantio no sistema de monocultivo (\u00e1reas experimentais).<\/p>\n<p>&nbsp;<\/p>\n<p><strong>Linha 2: Din\u00e2mica dos espa\u00e7os rurais e urbanos<\/strong><\/p>\n<p>1. <strong>GEUR\/UEM e GEPEUR\/UNICENTRO<\/strong><br \/>\n<strong>Objetivos:<\/strong> desenvolver pesquisa b\u00e1sica e aplicada, levantamento e an\u00e1lise de dados, debates tem\u00e1ticos com outros grupos em temas afins, trabalhos de campo, entre outras atividades que envolvem m\u00e9dias e pequenas cidades. No grupo vinculam-se pesquisadores da UFMS, UENP, UEM, UNESPAR, UEL, SEED, ITFPR, Doutorandos PPGG, Mestrandos PPGG e graduandos de Geografia e Arquitetura.<\/p>\n<p><strong>Resultados dessa coopera\u00e7\u00e3o no quadri\u00eanio:<\/strong><\/p>\n<p>Realiza\u00e7\u00e3o da Jornada Geur: reflex\u00f5es e debates sobre o ensino de Geografia Urbana;<br \/>\nApresenta\u00e7\u00e3o de Semin\u00e1rio para Doutorado\/Mestrado PPGG\/UEM &#8211; SCHMIDT, L. P. Cidades Sustent\u00e1veis e gest\u00e3o: perspectivas e desafios, como m\u00f3dulo especial da disciplina Semin\u00e1rios de Tese;<\/p>\n<p>OLIVEIRA, T. P.; SCHMIDT, L. P.; ANTONELI, V. A Vila Ol\u00edmpica de Maring\u00e1: l\u00f3cus para o lazer e a socializa\u00e7\u00e3o In: Construindo o saber geogr\u00e1fico: 20 anos do PGE-UEM. 1 ed. Maring\u00e1: Ed. PGE, 2019, v.1, p. 376-391.<\/p>\n<p>SCHMIDT, L. P. Pol\u00edtica social e urbana em tempos de muta\u00e7\u00e3o: revisando contornos. In: T\u00d6WS, R. L.; MALYSZ, S. T.; ENDLICH, A. M. (org). Reflex\u00f5es geogr\u00e1ficas em tempos de pandemia. Maring\u00e1: UEM\/PGE, 2020. p.100-117 (Em edi\u00e7\u00e3o).<\/p>\n<p>2. <strong>GEPEUR\/INTEG<\/strong><br \/>\n<strong>Objetivo:<\/strong> desenvolver estudos e relat\u00f3rios que visam subsidiar a\u00e7\u00f5es para o Plano de Manejo em Unidades de Conserva\u00e7\u00e3o Municipal e Planejamento Urbano.<\/p>\n<p><strong>Resultados dessa coopera\u00e7\u00e3o no quadri\u00eanio:<\/strong><br \/>\n* Atua\u00e7\u00e3o como pesquisador no documento Encarte 2 do Plano de Manejo da Esta\u00e7\u00e3o Ecol\u00f3gica Municipal Francisco Paschoeto e Esta\u00e7\u00e3o Ecol\u00f3gica Corredor das \u00c1guas, no munic\u00edpio de Reserva do Igua\u00e7u.<\/p>\n<p>3. <strong>GEPES\/UNCENTRO e TRE-PR: ATLAS ELEITORAL<\/strong><br \/>\n<strong>Objetivos:<\/strong>\u00a0Cooperar a empreender, sem preju\u00edzo das que no futuro venham a ser definidas, as atividades de coopera\u00e7\u00e3o t\u00e9cnico-cient\u00edfica a que se prop\u00f5e este Acordo de Coopera\u00e7\u00e3o T\u00e9cnico-Cient\u00edfico; 2. Disponibilizar recursos humanos (pesquisadores e estudantes vinculados ao GEPES) e instala\u00e7\u00f5es (Laborat\u00f3rio de Estudos Pol\u00edticos, Migra\u00e7\u00f5es e Espacialidades Urbanas) para desenvolvimento das atividades relacionadas \u00e0 execu\u00e7\u00e3o dos projetos tratados neste Acordo de Coopera\u00e7\u00e3o; 3. Executar projetos mediante divis\u00e3o de atividades e acompanhamento do cumprimento do cronograma de a\u00e7\u00f5es e\/ou plano de atividades; 3. Realizar reuni\u00f5es com equipe do TER\/PR para dirimir d\u00favidas da equipe executora do projeto junto ao GEPES\/UNICENTRO; 5. Realizar pesquisas nos acervos da Justi\u00e7a Eleitoral via pesquisadores vinculados ao GEPES\/UNICENTRO; 6. Explorar e analisar a vers\u00e3o digital da Obra Resultados Eleitorais.<\/p>\n<p><strong>Resultados da coopera\u00e7\u00e3o no quadri\u00eanio:<\/strong><\/p>\n<p>Atlas Eleitoral do Paran\u00e1. O mesmo est\u00e1 finalizado e em editora\u00e7\u00e3o, tem seu lan\u00e7amento confirmado para outubro de 2020.<\/p>\n<p>4. <strong>OBSERVAT\u00d3RIO DAS MIGRA\u00c7\u00d5ES DE LONDRINA e GEPES\/UNICENTRO:<\/strong><\/p>\n<p><strong>Objetivo:<\/strong> objetiva promover a coopera\u00e7\u00e3o entre ambas as institui\u00e7\u00f5es para a elabora\u00e7\u00e3o de um Atlas Eleitoral do Paran\u00e1 a partir de dados disponibilizados pelo TRE-PR.<\/p>\n<p><strong>Resultados da coopera\u00e7\u00e3o no quadri\u00eanio:<\/strong> Atlas da migra\u00e7\u00e3o internacional &#8211; Regi\u00e3o Sul. Ele est\u00e1 finalizado e em editora\u00e7\u00e3o, tem seu lan\u00e7amento confirmado para setembro de 2020. O mesmo comp\u00f5e uma s\u00e9rie de publica\u00e7\u00f5es do Observat\u00f3rio das Migra\u00e7\u00f5es em S\u00e3o Paulo sobre o tema, o Atlas Atlas da Migra\u00e7\u00e3o Internacional da Regi\u00e3o Sul \u00e9 composto por mapas, tabelas, gr\u00e1ficos e quadros elaborados a partir de diferentes fontes de registros administrativos nacionais, como o Sistema de Registro Nacional Migrat\u00f3rio (SISMIGRA), o Comit\u00ea Nacional para Refugiados (CONARE), a Rela\u00e7\u00e3o Anual de Informa\u00e7\u00f5es Sociais (RAIS\/Minist\u00e9rio do Trabalho e Emprego), o Censo da Educa\u00e7\u00e3o B\u00e1sica e o Censo do Ensino Superior (INEP\/Minist\u00e9rio da Educa\u00e7\u00e3o).<\/p>\n<p>&nbsp;<\/p>\n<p>&nbsp;<\/p>\n<p>&nbsp;<\/p>\n<p>&nbsp;<\/p>\n<p><a href=\"http:\/\/dgp.cnpq.br\/dgp\/espelhogrupo\/30084\">Grupo de Estudos da Din\u00e2mica Econ\u00f4mica<\/a><\/p>\n<p><a href=\"http:\/\/dgp.cnpq.br\/dgp\/espelhogrupo\/25463\"><span style=\"background-color: #ffffff\">Grupo de Pesquisa Estudos Regionais e An\u00e1lises Territoriais (GERAT)<\/span><\/a><\/p>\n<p><a href=\"http:\/\/dgp.cnpq.br\/dgp\/espelhogrupo\/22367\">Hidrogeomorfologia<\/a><\/p>\n<p><a href=\"http:\/\/dgp.cnpq.br\/dgp\/espelhogrupo\/27925\">N\u00facleo de Educa\u00e7\u00e3o Ambiental<\/a><\/p>\n<p><a href=\"http:\/\/dgp.cnpq.br\/dgp\/espelhogrupo\/1695\">N\u00facleo Interdisciplinar em Educa\u00e7\u00e3o Ambiental e Meio Ambiente (NIEAMA)<\/a><\/p>\n<p><a href=\"http:\/\/dgp.cnpq.br\/dgp\/espelhogrupo\/44731\">Grupo de Pesquisa Redes de Poder, Migra\u00e7\u00f5es e Din\u00e2micas Territoriais (GEPES)<\/a><\/p>\n<p><a href=\"http:\/\/dgp.cnpq.br\/dgp\/espelhogrupo\/11813\">Grupo de Pesquisa em Estudos Pol\u00edticos e An\u00e1lise Urbano-Regional (GPEUR)<\/a><\/p>\n<p><a href=\"http:\/\/dgp.cnpq.br\/dgp\/espelhogrupo\/33738\">Grupo de Estudos de Geografia Agr\u00e1ria, Ruralidades e Territ\u00f3rio (GEAR)<\/a><\/p>\n","protected":false},"excerpt":{"rendered":"<p>Coopera\u00e7\u00e3o Linha 1: Din\u00e2mica da paisagem, geomorfologia e an\u00e1lise ambiental 1. Coopera\u00e7\u00e3o com a Espanha e Gr\u00e9cia Nos \u00faltimos anos temos estreitado os la\u00e7os de coopera\u00e7\u00e3o entre a UNICENTRO, via Programa de P\u00f3s Gradua\u00e7\u00e3o em Geografia &#8211; PPGG com a University of Tessally &#8211; Gr\u00e9cia e com a Universidad de Extremadura \u2013 Espanha por meio [&hellip;]<\/p>\n","protected":false},"author":3,"featured_media":0,"parent":0,"menu_order":0,"comment_status":"closed","ping_status":"closed","template":"","meta":{"_exactmetrics_skip_tracking":false,"_exactmetrics_sitenote_active":false,"_exactmetrics_sitenote_note":"","_exactmetrics_sitenote_category":0,"footnotes":"","_links_to":"","_links_to_target":""},"class_list":["post-59","page","type-page","status-publish","hentry"],"publishpress_future_action":{"enabled":false,"date":"2026-04-12 04:30:26","action":"change-status","newStatus":"draft","terms":[],"taxonomy":"","extraData":[]},"publishpress_future_workflow_manual_trigger":{"enabledWorkflows":[]},"_links":{"self":[{"href":"https:\/\/www3.unicentro.br\/ppgg\/wp-json\/wp\/v2\/pages\/59","targetHints":{"allow":["GET"]}}],"collection":[{"href":"https:\/\/www3.unicentro.br\/ppgg\/wp-json\/wp\/v2\/pages"}],"about":[{"href":"https:\/\/www3.unicentro.br\/ppgg\/wp-json\/wp\/v2\/types\/page"}],"author":[{"embeddable":true,"href":"https:\/\/www3.unicentro.br\/ppgg\/wp-json\/wp\/v2\/users\/3"}],"replies":[{"embeddable":true,"href":"https:\/\/www3.unicentro.br\/ppgg\/wp-json\/wp\/v2\/comments?post=59"}],"version-history":[{"count":0,"href":"https:\/\/www3.unicentro.br\/ppgg\/wp-json\/wp\/v2\/pages\/59\/revisions"}],"wp:attachment":[{"href":"https:\/\/www3.unicentro.br\/ppgg\/wp-json\/wp\/v2\/media?parent=59"}],"curies":[{"name":"wp","href":"https:\/\/api.w.org\/{rel}","templated":true}]}}