{"id":35,"date":"2014-04-11T00:00:00","date_gmt":"2014-04-11T03:00:00","guid":{"rendered":"https:\/\/www3.unicentro.br\/ppgg\/area-de-concentracao\/"},"modified":"2014-04-11T00:00:00","modified_gmt":"2014-04-11T03:00:00","slug":"area-de-concentracao","status":"publish","type":"page","link":"https:\/\/www3.unicentro.br\/ppgg\/area-de-concentracao\/","title":{"rendered":"\u00c1rea de Concentra\u00e7\u00e3o"},"content":{"rendered":"<p><strong>&#8220;Din\u00e2mica da paisagem e dos espa\u00e7os rurais e urbanos&#8221;<\/strong><\/p>\n<p style=\"text-align: justify\">O enfoque na Din\u00e2mica da Paisagem e dos Espa\u00e7os Rurais e Urbanos busca atender as particularidades, especialmente, da Regi\u00e3o Centro-Sul do Estado do Paran\u00e1 por possuir de forma clara a sobreposi\u00e7\u00e3o desses espa\u00e7os, como: remanescentes de matas de arauc\u00e1ria e campos, \u00e1reas com florestas, agricultura comercial e <em>agribusiness,<\/em> agricultura de subsist\u00eancia, \u00e1reas de faxinais, pequenas e m\u00e9dias cidades que fortalecem uma din\u00e2mica singular em raz\u00e3o desses fatores.<\/p>\n<p style=\"text-align: justify\">O Programa de P\u00f3s-Gradua\u00e7\u00e3o <em>Stricto Sensu<\/em> em Geografia \u2013 Mestrado e Doutorado &#8211; PPGG, da Universidade Estadual do Centro-Oeste, campus de Guarapuava (CEDETEG), tem os seguintes objetivos:<\/p>\n<p style=\"text-align: justify\">a) desenvolver a an\u00e1lise cr\u00edtica na compreens\u00e3o dos aspectos sociais e pol\u00edtico-econ\u00f4micos e ambientais relacionados \u00e0 din\u00e2mica da paisagem e dos espa\u00e7os rurais e urbanos, com \u00eanfase no desenvolvimento regional;<br \/>\nb) subsidiar te\u00f3rica e metodologicamente reflex\u00f5es e a\u00e7\u00f5es voltadas \u00e0 atua\u00e7\u00e3o em quest\u00f5es ambientais, bem como no desenvolvimento rural-urbano;<br \/>\nc) promover o fortalecimento da pesquisa e ensino em Geografia na UNICENTRO, articulados ao desenvolvimento ambiental e rural-urbano.<\/p>\n","protected":false},"excerpt":{"rendered":"<p>&#8220;Din\u00e2mica da paisagem e dos espa\u00e7os rurais e urbanos&#8221; O enfoque na Din\u00e2mica da Paisagem e dos Espa\u00e7os Rurais e Urbanos busca atender as particularidades, especialmente, da Regi\u00e3o Centro-Sul do Estado do Paran\u00e1 por possuir de forma clara a sobreposi\u00e7\u00e3o desses espa\u00e7os, como: remanescentes de matas de arauc\u00e1ria e campos, \u00e1reas com florestas, agricultura comercial [&hellip;]<\/p>\n","protected":false},"author":3,"featured_media":0,"parent":0,"menu_order":0,"comment_status":"closed","ping_status":"closed","template":"","meta":{"_exactmetrics_skip_tracking":false,"_exactmetrics_sitenote_active":false,"_exactmetrics_sitenote_note":"","_exactmetrics_sitenote_category":0,"footnotes":"","_links_to":"","_links_to_target":""},"class_list":["post-35","page","type-page","status-publish","hentry"],"publishpress_future_action":{"enabled":false,"date":"2026-04-12 04:30:10","action":"change-status","newStatus":"draft","terms":[],"taxonomy":"","extraData":[]},"publishpress_future_workflow_manual_trigger":{"enabledWorkflows":[]},"_links":{"self":[{"href":"https:\/\/www3.unicentro.br\/ppgg\/wp-json\/wp\/v2\/pages\/35","targetHints":{"allow":["GET"]}}],"collection":[{"href":"https:\/\/www3.unicentro.br\/ppgg\/wp-json\/wp\/v2\/pages"}],"about":[{"href":"https:\/\/www3.unicentro.br\/ppgg\/wp-json\/wp\/v2\/types\/page"}],"author":[{"embeddable":true,"href":"https:\/\/www3.unicentro.br\/ppgg\/wp-json\/wp\/v2\/users\/3"}],"replies":[{"embeddable":true,"href":"https:\/\/www3.unicentro.br\/ppgg\/wp-json\/wp\/v2\/comments?post=35"}],"version-history":[{"count":0,"href":"https:\/\/www3.unicentro.br\/ppgg\/wp-json\/wp\/v2\/pages\/35\/revisions"}],"wp:attachment":[{"href":"https:\/\/www3.unicentro.br\/ppgg\/wp-json\/wp\/v2\/media?parent=35"}],"curies":[{"name":"wp","href":"https:\/\/api.w.org\/{rel}","templated":true}]}}