{"id":873,"date":"2021-03-15T16:30:13","date_gmt":"2021-03-15T19:30:13","guid":{"rendered":"https:\/\/www3.unicentro.br\/ppgf\/?page_id=873"},"modified":"2025-12-15T08:50:22","modified_gmt":"2025-12-15T11:50:22","slug":"bolsistas","status":"publish","type":"page","link":"https:\/\/www3.unicentro.br\/ppgf\/discentes\/bolsistas\/","title":{"rendered":"Bolsistas"},"content":{"rendered":"<p><strong>Mestrado 2025 (DS CAPES)<\/strong><\/p>\n<p style=\"text-align: justify\">Ana Carolina Ianesko<\/p>\n<p style=\"text-align: justify\">Alan da Silva Boeira<\/p>\n<p style=\"text-align: justify\">Eduarda Alves da Luz<\/p>\n<p style=\"text-align: justify\">Carla Mayra Gon\u00e7alves Schausteck<\/p>\n<p style=\"text-align: justify\">Daiane Aparecida Thiopek Kazmierski<\/p>\n<p style=\"text-align: justify\">Diego Henrique Brandalize<\/p>\n<p style=\"text-align: justify\">Francisco de Assis de Lima Junior<\/p>\n<p style=\"text-align: justify\">Gustavo Sim\u00e3o Rabelo<\/p>\n<p style=\"text-align: justify\">Jos\u00e9 Eduardo Gach<\/p>\n<p style=\"text-align: justify\">Jo\u00e3o Henrique de Lara<\/p>\n<p>Luiz Felipe Gelinski Sabatovicz<\/p>\n<p style=\"text-align: justify\">Marina Aparecida Pires<\/p>\n<p style=\"text-align: justify\">Matheus Silva Monteiro<\/p>\n<p style=\"text-align: justify\">Valentina Desiree Norberta Martinazzi<\/p>\n<p>&nbsp;<\/p>\n<p>&nbsp;<\/p>\n<p style=\"text-align: justify\"><strong>Mestrado 2025 (NAPI)<\/strong><\/p>\n<p style=\"text-align: justify\">Ana Flavia Piskor da Silva<\/p>\n<p style=\"text-align: justify\">Luiz Felipe Crissi Knuppel<\/p>\n<p>&nbsp;<\/p>\n<p>&nbsp;<\/p>\n<p style=\"text-align: justify\"><strong>Doutorado 2025 (DS CAPES)<\/strong><\/p>\n<p style=\"text-align: justify\">Andressa Vitoria Xavier Barbosa<\/p>\n<p style=\"text-align: justify\">Antonio Alberto da Costa Neto<\/p>\n<p style=\"text-align: justify\">Antonio Carlos Muchau J\u00fanior<\/p>\n<p style=\"text-align: justify\">Amanda de Mesquita Gon\u00e7alves<\/p>\n<p style=\"text-align: justify\">Carla Fernanda Mussio<\/p>\n<p style=\"text-align: justify\">Eduardo Luiz Costa Tobias Pinto<\/p>\n<p style=\"text-align: justify\">\u00c9lisson Girardi<\/p>\n<p style=\"text-align: justify\">Erick Chagas Mustefaga<\/p>\n<p style=\"text-align: justify\">Jonathan Matheus dos Santos<\/p>\n<p style=\"text-align: justify\">Javan Pereira Motta<\/p>\n<p style=\"text-align: justify\">Larissa de Oliveira Ramos<\/p>\n<p style=\"text-align: justify\">Leonardo Heraki<\/p>\n<p style=\"text-align: justify\">Mariane Bueno de Camargo<\/p>\n<p style=\"text-align: justify\">Milayne Lopes Rickli<\/p>\n<p style=\"text-align: justify\">Ronier Felipe da Silva Oliveira<\/p>\n<p style=\"text-align: justify\">Patr\u00edcio Rinaldo dos Santos<\/p>\n<p>&nbsp;<\/p>\n<p>&nbsp;<\/p>\n<p style=\"text-align: justify\"><strong>Doutorado 2025 (PDPG)<\/strong><\/p>\n<p style=\"text-align: justify\">Jhenifer Spliethoff<\/p>\n<p style=\"text-align: justify\">Sidnei Antonio Crovador J\u00fanior<\/p>\n<p style=\"text-align: justify\">\n<p style=\"text-align: justify\">\n<p style=\"text-align: justify\">\n","protected":false},"excerpt":{"rendered":"<p>Mestrado 2025 (DS CAPES) Ana Carolina Ianesko Alan da Silva Boeira Eduarda Alves da Luz Carla Mayra Gon\u00e7alves Schausteck Daiane Aparecida Thiopek Kazmierski Diego Henrique Brandalize Francisco de Assis de Lima Junior Gustavo Sim\u00e3o Rabelo Jos\u00e9 Eduardo Gach Jo\u00e3o Henrique de Lara Luiz Felipe Gelinski Sabatovicz Marina Aparecida Pires Matheus Silva Monteiro Valentina Desiree Norberta [&hellip;]<\/p>\n","protected":false},"author":3,"featured_media":0,"parent":176,"menu_order":0,"comment_status":"closed","ping_status":"closed","template":"","meta":{"_exactmetrics_skip_tracking":false,"_exactmetrics_sitenote_active":false,"_exactmetrics_sitenote_note":"","_exactmetrics_sitenote_category":0,"footnotes":"","_links_to":"","_links_to_target":""},"class_list":["post-873","page","type-page","status-publish","hentry"],"_links":{"self":[{"href":"https:\/\/www3.unicentro.br\/ppgf\/wp-json\/wp\/v2\/pages\/873","targetHints":{"allow":["GET"]}}],"collection":[{"href":"https:\/\/www3.unicentro.br\/ppgf\/wp-json\/wp\/v2\/pages"}],"about":[{"href":"https:\/\/www3.unicentro.br\/ppgf\/wp-json\/wp\/v2\/types\/page"}],"author":[{"embeddable":true,"href":"https:\/\/www3.unicentro.br\/ppgf\/wp-json\/wp\/v2\/users\/3"}],"replies":[{"embeddable":true,"href":"https:\/\/www3.unicentro.br\/ppgf\/wp-json\/wp\/v2\/comments?post=873"}],"version-history":[{"count":3,"href":"https:\/\/www3.unicentro.br\/ppgf\/wp-json\/wp\/v2\/pages\/873\/revisions"}],"predecessor-version":[{"id":5450,"href":"https:\/\/www3.unicentro.br\/ppgf\/wp-json\/wp\/v2\/pages\/873\/revisions\/5450"}],"up":[{"embeddable":true,"href":"https:\/\/www3.unicentro.br\/ppgf\/wp-json\/wp\/v2\/pages\/176"}],"wp:attachment":[{"href":"https:\/\/www3.unicentro.br\/ppgf\/wp-json\/wp\/v2\/media?parent=873"}],"curies":[{"name":"wp","href":"https:\/\/api.w.org\/{rel}","templated":true}]}}