{"id":775,"date":"2021-02-16T16:51:13","date_gmt":"2021-02-16T19:51:13","guid":{"rendered":"https:\/\/www3.unicentro.br\/ppgf\/?page_id=775"},"modified":"2021-03-16T10:30:03","modified_gmt":"2021-03-16T13:30:03","slug":"parcerias","status":"publish","type":"page","link":"https:\/\/www3.unicentro.br\/ppgf\/parcerias\/","title":{"rendered":"Parcerias"},"content":{"rendered":"<div class=\"wpb-content-wrapper\"><p>[vc_row][vc_column][vc_column_text]O Programa de P\u00f3s-gradua\u00e7\u00e3o em Ci\u00eancias Florestais possui conv\u00eanios e acordos de coopera\u00e7\u00e3o com algumas institui\u00e7\u00f5es de pesquisa, universidades e empresas florestais em n\u00edvel nacional, que tem permitido interc\u00e2mbios de docentes e discentes para o desenvolvimento de diversas a\u00e7\u00f5es de ensino e pesquisa, podendo-se destacar:[\/vc_column_text][vc_tta_tabs][vc_tta_section title=&#8221;Parcerias Nacionais&#8221; tab_id=&#8221;1615901197720-ba77301b-a278&#8243;][vc_column_text]<strong>INSTITUTO DE PESQUISA E ESTUDOS FLORESTAIS (IPEF)<\/strong><\/p>\n<p>Programa de Coopera\u00e7\u00e3o estabelecido com o IPEF, estando vinculado ao Programa Cooperativo sobre Melhoramento Florestal (PCMF\/IPEF). O objetivo das pesquisas \u00e9 manter e ampliar a base gen\u00e9tica dispon\u00edvel no pa\u00eds de esp\u00e9cies dos g\u00eaneros\u00a0Eucalyptus\u00a0e\u00a0Corymbia,\u00a0por meio do resgate e da importa\u00e7\u00e3o de sementes e p\u00f3len. Esta parceria j\u00e1 permitiu a implanta\u00e7\u00e3o de teste de proced\u00eancias e prog\u00eanies de <em>Eucalyptus viminalis na <\/em>universidade, al\u00e9m de oportunizar a realiza\u00e7\u00e3o de est\u00e1gios de discentes do PPGF no IPEF.<\/p>\n<p><strong>\u00a0<\/strong><strong>\u00a0<\/strong><\/p>\n<p><strong>INSTITUTO NACIONAL DE CI\u00caNCIA E TECNOLOGIA DE MADEIRAS DA AMAZ\u00d4NIA (INPA) \u00a0<\/strong><\/p>\n<p>Programa de Coopera\u00e7\u00e3o em que alguns docentes do PPGF\/UNICENTRO comp\u00f5em o grupo de pesquisadores participantes do projeto \u201cINCT Madeiras da Amaz\u00f4nia\u201d, liderado pelo pesquisador Niro Higuchi, do INPA. Este programa prev\u00ea colabora\u00e7\u00e3o m\u00fatua para a forma\u00e7\u00e3o de pessoal e o desenvolvimento de projetos de pesquisa na \u00e1rea de manejo florestal sustent\u00e1vel, visando aumentar o rendimento das ind\u00fastrias madeireiras da regi\u00e3o amaz\u00f4nica e reduzir as incertezas na quantifica\u00e7\u00e3o dos servi\u00e7os ambientais da Amaz\u00f4nia. Al\u00e9m disso, tem permitido o interc\u00e2mbio de discentes do PPGF\/UNICENTRO no PPGCFT-INPA, participando de disciplinas e cursos ofertados na Esta\u00e7\u00e3o Experimental de Manejo Florestal do INPA.<\/p>\n<p><strong>\u00a0<\/strong><\/p>\n<p><strong>EMBRAPA FLORESTAS <\/strong><strong>\u00a0<\/strong><\/p>\n<p>Desenvolvimento de projetos de pesquisa; participa\u00e7\u00e3o da equipe de pesquisadores da Embrapa na corienta\u00e7\u00e3o de alunos e bancas examinadoras de mestrado e doutorado; mobilidade de docentes e discentes e pesquisadores em cursos, eventos cient\u00edficos e reuni\u00f5es t\u00e9cnicas.<\/p>\n<p><strong>\u00a0<\/strong><strong>\u00a0<\/strong><\/p>\n<p><strong>UNIVERSIDADE FEDERAL DO ACRE, UFAC <\/strong><\/p>\n<p>Programa de Coopera\u00e7\u00e3o estabelecido com o Programa de P\u00f3s-gradua\u00e7\u00e3o em Ci\u00eancias Florestais da UFAC, no \u00e2mbito do Programa Nacional de Coopera\u00e7\u00e3o Acad\u00eamica na Amaz\u00f4nia \u2013 PROCAD\/AMAZ\u00d4NIA\/CAPES, que visa a execu\u00e7\u00e3o do projeto intitulado \u201cForma\u00e7\u00e3o de recursos humanos em tecnologias para o manejo de florestas nativas e plantadas na Amaz\u00f4nia\u201d. O projeto proposto pela UFAC, conta com o apoio dos programas de p\u00f3s-gradua\u00e7\u00e3o florestal da UNICENTRO e UFPR, como associados. Al\u00e9m da mobilidade entre docentes e discentes para o desenvolvimento de atividades de ensino e pesquisa, prev\u00ea a coopera\u00e7\u00e3o entre os pesquisadores das associadas para o desenvolvimento das pesquisas propostas pelo PG da UFAC nos temas: t\u00e9cnicas de manejo de precis\u00e3o aplicadas ao manejo florestal; quantifica\u00e7\u00e3o do estoque da biomassa e carbono em \u00e1reas de pastagem, \u00e1reas em recupera\u00e7\u00e3o e em floresta natural; SAFs potenciais para a recupera\u00e7\u00e3o florestal de \u00e1reas degradadas e alteradas; produ\u00e7\u00e3o de mudas de esp\u00e9cies florestais para a recupera\u00e7\u00e3o de \u00e1reas degradadas e alteradas; e manejo florestal para produ\u00e7\u00e3o de madeira em diferentes tipologias florestais.<\/p>\n<p><strong>\u00a0<\/strong><strong>\u00a0<\/strong><\/p>\n<p><strong>UNIVERSIDADE FEDERAL DO PARAN\u00c1, UFPR <\/strong><\/p>\n<p>Participa\u00e7\u00e3o de professores da UFPR como docentes permanentes no PPGF; desenvolvimento de projetos de pesquisa em parceria; coorienta\u00e7\u00e3o de alunos e participa\u00e7\u00e3o em bancas examinadoras promovidas por ambas institui\u00e7\u00f5es; interc\u00e2mbio de discentes cursando disciplinas ofertadas por ambos os programas; compartilhamento da infraestrutura de pesquisas; e participa\u00e7\u00e3o de docentes e discentes em cursos e eventos cient\u00edficos promovidos por ambas as institui\u00e7\u00f5es.<\/p>\n<p><strong>\u00a0<\/strong><\/p>\n<p><strong>UNIVERSIDADE DE CAXIAS DO SUL (UCS)<\/strong><\/p>\n<p>Programa de Coopera\u00e7\u00e3o estabelecido com o Programa de P\u00f3s-Gradua\u00e7\u00e3o em Engenharia de Processos e Tecnologias, PGEPROTEC, da UCS, visando o desenvolvimento de pesquisas nas \u00e1reas de Nanocomp\u00f3sitos Polim\u00e9ricos com Madeira, de co-queima de char de biomassa e carv\u00e3o mineral e de pellets de madeira, e a participa\u00e7\u00e3o de pesquisadores da UCS na coorienta\u00e7\u00e3o de mestrandos orientados do PPGF, com a participa\u00e7\u00e3o dos pesquisadores Everton Hillig (PPGF) e Ademir Jos\u00e9 Zattera e Marcelo Godinho da UCS, envolvendo ainda a co-orienta\u00e7\u00e3o de alunos de mestrado e doutorado.<\/p>\n<p><strong>\u00a0<\/strong><strong>\u00a0<\/strong><\/p>\n<p><strong>UNIVERSIDADE FEDERAL DO ESPIRITO SANTO &#8211; UFES<\/strong><\/p>\n<p>Desenvolvimento de projetos de pesquisas, co-orienta\u00e7\u00e3o e participa\u00e7\u00e3o em bancas examinadoras de mestrado e doutorado; e interc\u00e2mbio de discentes cursando disciplinas promovidas em conjunto por ambas as institui\u00e7\u00f5es.<\/p>\n<p>&nbsp;<\/p>\n<p><strong>INSTITUTO DE DESENVOLVIMENTO SUSTENT\u00c1VEL MAMIRAU\u00c1 &#8211; IDSM<\/strong><\/p>\n<p>Participa\u00e7\u00e3o de docentes e discentes da \u00e1rea de manejo florestal do PPGF em pesquisa proposta pelo Instituto de Desenvolvimento Sustent\u00e1vel Mamirau\u00e1, IDSM, que vem pesquisando as florestas de v\u00e1rzea na Floresta Amaz\u00f4nica. Com uso de dados de parcelas permanentes, pesquisas est\u00e3o sendo iniciadas na parceria, envolvendo alunos de doutorado orientados pelo Prof. Afonso Figueiredo Filho e coorientados pelo Dr. Leonardo Pequeno Reis do IDSM, intituladas: \u201cIntelig\u00eancia artificial para modelar a din\u00e2mica do volume, biomassa e carbono de florestas de v\u00e1rzea da Amaz\u00f4nia central brasileira\u201d e \u201cModelagem da din\u00e2mica de esp\u00e9cies arb\u00f3reas da floresta de v\u00e1rzea na Amaz\u00f4nia central usando m\u00e9todos tradicionais e de intelig\u00eancia artificial\u201d.<\/p>\n<p><strong>\u00a0<\/strong><strong>\u00a0<\/strong><\/p>\n<p><strong>UNIVERSIDADE FEDERAL DO OESTE DO PAR\u00c1 &#8211; UFOPA<\/strong><\/p>\n<p>Parceria entre as duas universidades envolvendo as \u00e1reas de manejo florestal de ambas as institui\u00e7\u00f5es. A parceria tem possibilitado o interc\u00e2mbio de docentes e discentes do PPGF, por meio de visitas t\u00e9cnicas realizadas a cada dois anos na UFOPA, em Santar\u00e9m, PA. As visitas t\u00e9cnicas t\u00eam foco principal em mostrar aos alunos as pr\u00e1ticas de manejo florestal de produtos madeireiros e n\u00e3o madeireiros. A parceria tem possibilitado ainda a vinda de alunos da UFOPA para cursar o mestrado ou doutorado no PPGF\/UNICENTRO, com dados oriundos da Floresta Amaz\u00f4nica e participa\u00e7\u00e3o de professores da UFOPA na coorienta\u00e7\u00e3o e em bancas de defesas examinadoras de defesas.<\/p>\n<p><strong>\u00a0<\/strong><\/p>\n<p><strong>EMATER\/IAPAR (INSTITUTO \u00c1GUA E TERRA, IAT)<\/strong><\/p>\n<p>Parceria no desenvolvimento de pesquisas, onde o Programa mant\u00e9m estreita coopera\u00e7\u00e3o com a EMATER\/IAPAR, atual IAT (Instituto \u00c1gua e Terra) do governo do Paran\u00e1, desde a implanta\u00e7\u00e3o em 2010 do projeto \u201cImbituv\u00e3o\u201d. A EMATER tem apoiado pesquisas de campo no projeto Imbituv\u00e3o e recentemente a UNICENTRO formalizou conv\u00eanio de Coopera\u00e7\u00e3o com o IAPAR para iniciar pesquisa na Esta\u00e7\u00e3o Experimental Florestal do IAPAR em Irati, PR, que se localiza a cerca de 12 km do campus Irati da UNICENTRO.<\/p>\n<p><strong>\u00a0<\/strong><\/p>\n<p><strong>EMPRESAS FLORESTAIS <\/strong><strong>\u00a0<\/strong><\/p>\n<p>Realiza\u00e7\u00e3o de visitas t\u00e9cnicas, aulas pr\u00e1ticas e desenvolvimento de pesquisas de mestrado e doutorado nas empresas florestais, com disponibiliza\u00e7\u00e3o ou coleta de dados e apoio log\u00edstico. Atualmente as principais empresas parceiras s\u00e3o: Klabin, Remasa, Arauco e Berneck (Paran\u00e1); Suzano (S\u00e3o Paulo) e Eldorado (Mato Grosso do Sul), onde v\u00e1rios trabalhos de pesquisa foram desenvolvidos ou encontra-se em desenvolvimento.[\/vc_column_text][\/vc_tta_section][vc_tta_section title=&#8221;Parcerias Internacionais&#8221; tab_id=&#8221;1615901197730-533ff3e9-141c&#8221;][vc_column_text]O Programa de P\u00f3s-gradua\u00e7\u00e3o em Ci\u00eancias Florestais possui algumas parcerias internacionais, que t\u00eam permitido a realiza\u00e7\u00e3o de interc\u00e2mbios de docentes e discentes, podendo destacar:<\/p>\n<p>&nbsp;<\/p>\n<p><strong>UNIVERSIDADE DE ROTTENBURG (UR), ALEMANHA <\/strong><\/p>\n<p>Programa de Coopera\u00e7\u00e3o estabelecido com a Universidade de Rottenburg desde 2010, que iniciou com miss\u00f5es de trabalho e estudos de professores e alunos da gradua\u00e7\u00e3o (UNIBRAL) e p\u00f3s-gradua\u00e7\u00e3o (PROBAL) de ambas as Institui\u00e7\u00f5es. No momento, est\u00e1 em execu\u00e7\u00e3o a IV fase do projeto \u201cEstrat\u00e9gias para o manejo florestal em pequenas propriedades rurais no Centro-Sul do Paran\u00e1\u201d, denominado \u201cprojeto Imbituv\u00e3o\u201d, liderado pelos professores Afonso Figueiredo Filho (PPGF) e Artur Petkau (UR), que envolve diversos subprojetos desenvolvidos em 36 pequenas propriedades rurais da regi\u00e3o, com participa\u00e7\u00e3o de docentes e discentes da p\u00f3s-gradua\u00e7\u00e3o e da gradua\u00e7\u00e3o. O projeto tem como meta principal, a valoriza\u00e7\u00e3o dos remanescentes da Floresta com Arauc\u00e1ria para a gera\u00e7\u00e3o de renda e valoriza\u00e7\u00e3o da floresta, onde v\u00e1rias a\u00e7\u00f5es vem sendo desenvolvidas: diagn\u00f3stico e monitoramento dos recursos florestais; manejo sustent\u00e1vel de produtos madeir\u00e1veis e n\u00e3o madeir\u00e1veis; manejo da esp\u00e9cie ex\u00f3tica invasora <em>Hovenis dulcis<\/em> como forma de controle da esp\u00e9cie, com gera\u00e7\u00e3o de rendas aos pequenos propriet\u00e1rios; desenvolvimento de modelos de recupera\u00e7\u00e3o dos recursos florestais; produ\u00e7\u00e3o de mudas nativas para enriquecimento; apoio \u00e0s atividades de apicultura, etc. O projeto \u00e9 financiado pelos governos dos estados do Paran\u00e1 e de Baden-W\u00fcrttemberg, Alemanha, al\u00e9m de recursos do Edital Universal do CNPq. V\u00e1rias disserta\u00e7\u00f5es de mestrado e doutorado j\u00e1 foram conclu\u00eddas e outras est\u00e3o em desenvolvimento no \u00e2mbito desse programa.<\/p>\n<p><strong>\u00a0<\/strong><\/p>\n<p><strong>UNIVERSIDADE DE OXFORD, INGLATERRA <\/strong><\/p>\n<p>Programa de Coopera\u00e7\u00e3o estabelecido em 2015 com o Department of Plant Science, da University of Oxford, com participa\u00e7\u00e3o direta dos pesquisadores Evandro Vagner Tambarussi e David Boshier, para o desenvolvimento de pesquisas nas \u00e1reas de gen\u00e9tica e melhoramento. Dentre as pesquisas, destacam-se os locos microssat\u00e9lites desenvolvidos pela primeira vez para a esp\u00e9cie <em>Roupala brasiliensis<\/em> e par\u00e2metros do sistema de reprodu\u00e7\u00e3o, diversidade gen\u00e9tica e estrutura gen\u00e9tica espacial intrapopulacional que foram acessados. As pesquisas tamb\u00e9m contam com estimativas da diversidade gen\u00e9tica e o controle gen\u00e9tico de caracteres quantitativos, bem como tem sido realizados testes de proced\u00eancias e prog\u00eanies com as sementes genotipadas para o sistema de reprodu\u00e7\u00e3o, a fim de se estudar a depress\u00e3o endog\u00e2mica. Conta com a participa\u00e7\u00e3o de discentes, tendo j\u00e1 conclu\u00edda uma disserta\u00e7\u00e3o de mestrado e uma tese de doutorado que se encontra em fase de conclus\u00e3o.<\/p>\n<p><strong>\u00a0<\/strong><\/p>\n<p><strong>COMMONWEALTH SCIENTIFIC AND INDUSTRIAL RESEARCH ORGANISATION (CSIRO), AUSTR\u00c1LIA <\/strong><\/p>\n<p>Programa de Coopera\u00e7\u00e3o estabelecido com a CSIRO, Camberra, Austr\u00e1lia, por meio do pesquisador Evandro Vagner Tambarussi, cujo objetivo \u00e9 o desenvolvimento de pesquisas para o entendimento da gen\u00e9tica e o melhoramento de esp\u00e9cies com o sistema misto de reprodu\u00e7\u00e3o. Com a participa\u00e7\u00e3o de estudantes de mestrado e doutorado, bem como de pesquisadores da institui\u00e7\u00e3o Australiana, tem sido desenvolvido novas metodologias para os programas de melhoramento florestal brasileiro, cujas tecnologias t\u00eam auxiliado \u00e0s empresas no melhor entendimento das estimativas de ganho gen\u00e9tico, com obten\u00e7\u00e3o de ganhos de produtividade das florestas em at\u00e9 30%.<\/p>\n<p><strong>\u00a0<\/strong><\/p>\n<p><strong>UNIVERSIDADE POLIT\u00c9CNICA DE MADRID (UPM), ESPANHA <\/strong><strong>\u00a0<\/strong><\/p>\n<p>Programa de Coopera\u00e7\u00e3o estabelecido com os pesquisadores Dr. Ignacio Bobadilla Maldonado, Dr. Miguel Esteban Herrero, Dr. Francisco Arriaga Martitegui e Dr. Guillermo I\u00f1iguez do Programa de Doctorado em Investigaci\u00f3n Forestal Avanzada e do Curso de Ingenier\u00eda Forestal da UPM. Esta parceria \u00e9 fruto de est\u00e1gio de P\u00f3s-Doutorado desenvolvido pelo Prof. \u00c9verton Hillig na UPM, onde continuam o desenvolvimento de pesquisas na tem\u00e1tica de ensaios n\u00e3o destrutivos para avalia\u00e7\u00e3o das propriedades da madeira, de pain\u00e9is de madeira e de comp\u00f3sitos pol\u00edmero-madeira, com participa\u00e7\u00e3o de docentes e discentes.<\/p>\n<p><strong>\u00a0<\/strong><\/p>\n<p><strong>UNIVERSIDADE NACIONAL DE ASSUN\u00c7\u00c3O (UNA), PARAGUAI <\/strong><\/p>\n<p>Programa de Coopera\u00e7\u00e3o estabelecido com a UNA, por meio da pesquisadora Andrea Nogueira Dias (PPGF) para o desenvolvimento do projeto de pesquisa intitulado \u201cProyecto Associativo de Investigacion 14-INV-005 &#8211; An\u00e1lisis diagnostico de la cadena productiva de madera com fines industriales y energ\u00e9ticos oriundas de plantaciones\u00a0 forestales del Paraguay\u201d, financiado pelo Conselho Nacional de Ci\u00eancia e Tecnologia (CONACYT). Al\u00e9m do desenvolvimento desta pesquisa, a coopera\u00e7\u00e3o visa a capacita\u00e7\u00e3o de estudantes paraguaios, sendo que tr\u00eas professores da UNA conclu\u00edram o mestrado, e no momento, h\u00e1 uma estudante cursando o doutorado no PPGF\/UNICENTRO.[\/vc_column_text][\/vc_tta_section][\/vc_tta_tabs][\/vc_column][\/vc_row]<\/p>\n<\/div>","protected":false},"excerpt":{"rendered":"<p>[vc_row][vc_column][vc_column_text]O Programa de P\u00f3s-gradua\u00e7\u00e3o em Ci\u00eancias Florestais possui conv\u00eanios e acordos de coopera\u00e7\u00e3o com algumas institui\u00e7\u00f5es de pesquisa, universidades e empresas florestais em n\u00edvel nacional, que tem permitido interc\u00e2mbios de docentes e discentes para o desenvolvimento de diversas a\u00e7\u00f5es de ensino e pesquisa, podendo-se destacar:[\/vc_column_text][vc_tta_tabs][vc_tta_section title=&#8221;Parcerias Nacionais&#8221; tab_id=&#8221;1615901197720-ba77301b-a278&#8243;][vc_column_text]INSTITUTO DE PESQUISA E ESTUDOS FLORESTAIS (IPEF) Programa [&hellip;]<\/p>\n","protected":false},"author":3,"featured_media":0,"parent":0,"menu_order":0,"comment_status":"closed","ping_status":"closed","template":"","meta":{"_exactmetrics_skip_tracking":false,"_exactmetrics_sitenote_active":false,"_exactmetrics_sitenote_note":"","_exactmetrics_sitenote_category":0,"footnotes":"","_links_to":"","_links_to_target":""},"class_list":["post-775","page","type-page","status-publish","hentry"],"_links":{"self":[{"href":"https:\/\/www3.unicentro.br\/ppgf\/wp-json\/wp\/v2\/pages\/775","targetHints":{"allow":["GET"]}}],"collection":[{"href":"https:\/\/www3.unicentro.br\/ppgf\/wp-json\/wp\/v2\/pages"}],"about":[{"href":"https:\/\/www3.unicentro.br\/ppgf\/wp-json\/wp\/v2\/types\/page"}],"author":[{"embeddable":true,"href":"https:\/\/www3.unicentro.br\/ppgf\/wp-json\/wp\/v2\/users\/3"}],"replies":[{"embeddable":true,"href":"https:\/\/www3.unicentro.br\/ppgf\/wp-json\/wp\/v2\/comments?post=775"}],"version-history":[{"count":0,"href":"https:\/\/www3.unicentro.br\/ppgf\/wp-json\/wp\/v2\/pages\/775\/revisions"}],"wp:attachment":[{"href":"https:\/\/www3.unicentro.br\/ppgf\/wp-json\/wp\/v2\/media?parent=775"}],"curies":[{"name":"wp","href":"https:\/\/api.w.org\/{rel}","templated":true}]}}