{"id":36,"date":"2014-11-25T00:00:00","date_gmt":"2014-11-25T02:00:00","guid":{"rendered":"https:\/\/www3.unicentro.br\/ppgf\/informatica\/"},"modified":"2022-07-14T14:19:02","modified_gmt":"2022-07-14T17:19:02","slug":"bio3","status":"publish","type":"page","link":"https:\/\/www3.unicentro.br\/ppgf\/infraestrutura\/bio3\/","title":{"rendered":"Centro de Pesquisa BIO-3"},"content":{"rendered":"<div class=\"wpb-content-wrapper\"><p>[vc_row][vc_column][vc_column_text]<\/p>\n<p style=\"text-align: justify\">O PPGF \u00e9 respons\u00e1vel pela co-gest\u00e3o do Centro Avan\u00e7ado de Pesquisa Multiusu\u00e1rio BIO-3 (Biotecnologia, Biomassa e Bionergia), possuindo uma \u00e1rea total de 750 m<sup>2<\/sup> distribu\u00eddos em tr\u00eas blocos (Biotecnologia, Biomassa e Bionergia), com diversos espa\u00e7os e laborat\u00f3rios interligados. O BIO-3 visa atender ao objetivo estrat\u00e9gico do Centro de Pesquisa, que \u00e9 o desenvolvimento de estudos para a produ\u00e7\u00e3o e o manejo sustent\u00e1vel de biomassa, sua melhoria gen\u00e9tica e transforma\u00e7\u00e3o por processos biotecnol\u00f3gicos para a produ\u00e7\u00e3o de energia renov\u00e1vel. No Bio-3 est\u00e3o sendo instalados diversos equipamentos de m\u00e9dio e grande porte, de car\u00e1ter multiusu\u00e1rio aprovados em editais diversos (FINEP, CAPES, FA e CNPq), dentre os quais cita-se: Analisador elementar CHNS-O, bomba calorim\u00e9trica, espectrofot\u00f4metro FTIR, analisador de carbono org\u00e2nico total (COT), prensa de Pellets para laborat\u00f3rio, Sistema completo para estudos Dendrocronol\u00f3gicos (LINTAB II, lupa e softwares) do crescimento em \u00e1rvores de florestas plantadas e nativas, m\u00e1quina universal de testes f\u00edsicos e mec\u00e2nicos da madeira, dentre outros.<\/p>\n<p>[\/vc_column_text][vc_masonry_media_grid grid_id=&#8221;vc_gid:1657818701788-2853b82e-5768-10&#8243; include=&#8221;2440,2441,2442&#8243;][\/vc_column][\/vc_row][vc_row][vc_column][vc_gallery type=&#8221;image_grid&#8221; images=&#8221;2687,2686,2685&#8243; title=&#8221;Biotecnologia&#8221;][vc_gallery type=&#8221;image_grid&#8221; images=&#8221;2688,2689,2690&#8243; title=&#8221;Bioenergia I&#8221;][vc_gallery type=&#8221;image_grid&#8221; images=&#8221;2691,2692,2693&#8243; title=&#8221;Bioenergia II \/Pellet&#8221;][vc_gallery type=&#8221;image_grid&#8221; images=&#8221;2694,2695,2696&#8243; title=&#8221;Biomassa e Manejo&#8221;][\/vc_column][\/vc_row]<\/p>\n<\/div>","protected":false},"excerpt":{"rendered":"<p>[vc_row][vc_column][vc_column_text] O PPGF \u00e9 respons\u00e1vel pela co-gest\u00e3o do Centro Avan\u00e7ado de Pesquisa Multiusu\u00e1rio BIO-3 (Biotecnologia, Biomassa e Bionergia), possuindo uma \u00e1rea total de 750 m2 distribu\u00eddos em tr\u00eas blocos (Biotecnologia, Biomassa e Bionergia), com diversos espa\u00e7os e laborat\u00f3rios interligados. O BIO-3 visa atender ao objetivo estrat\u00e9gico do Centro de Pesquisa, que \u00e9 o desenvolvimento de [&hellip;]<\/p>\n","protected":false},"author":3,"featured_media":0,"parent":104,"menu_order":0,"comment_status":"closed","ping_status":"closed","template":"","meta":{"_exactmetrics_skip_tracking":false,"_exactmetrics_sitenote_active":false,"_exactmetrics_sitenote_note":"","_exactmetrics_sitenote_category":0,"footnotes":"","_links_to":"","_links_to_target":""},"class_list":["post-36","page","type-page","status-publish","hentry"],"_links":{"self":[{"href":"https:\/\/www3.unicentro.br\/ppgf\/wp-json\/wp\/v2\/pages\/36","targetHints":{"allow":["GET"]}}],"collection":[{"href":"https:\/\/www3.unicentro.br\/ppgf\/wp-json\/wp\/v2\/pages"}],"about":[{"href":"https:\/\/www3.unicentro.br\/ppgf\/wp-json\/wp\/v2\/types\/page"}],"author":[{"embeddable":true,"href":"https:\/\/www3.unicentro.br\/ppgf\/wp-json\/wp\/v2\/users\/3"}],"replies":[{"embeddable":true,"href":"https:\/\/www3.unicentro.br\/ppgf\/wp-json\/wp\/v2\/comments?post=36"}],"version-history":[{"count":0,"href":"https:\/\/www3.unicentro.br\/ppgf\/wp-json\/wp\/v2\/pages\/36\/revisions"}],"up":[{"embeddable":true,"href":"https:\/\/www3.unicentro.br\/ppgf\/wp-json\/wp\/v2\/pages\/104"}],"wp:attachment":[{"href":"https:\/\/www3.unicentro.br\/ppgf\/wp-json\/wp\/v2\/media?parent=36"}],"curies":[{"name":"wp","href":"https:\/\/api.w.org\/{rel}","templated":true}]}}