{"id":27,"date":"2014-11-19T00:00:00","date_gmt":"2014-11-19T02:00:00","guid":{"rendered":"https:\/\/www3.unicentro.br\/ppgf\/areas-de-atuacao\/"},"modified":"2021-12-03T14:10:38","modified_gmt":"2021-12-03T17:10:38","slug":"areas-de-atuacao","status":"publish","type":"page","link":"https:\/\/www3.unicentro.br\/ppgf\/proposta-curricular\/areas-de-atuacao\/","title":{"rendered":"\u00c1reas de Atua\u00e7\u00e3o"},"content":{"rendered":"<p style=\"text-align: justify\">O Programa de P\u00f3s-gradua\u00e7\u00e3o em Ci\u00eancias Florestais por meio de sua \u00e1rea de concentra\u00e7\u00e3o e linhas de pesquisas tem possibilitado aos docentes e discentes desenvolver v\u00e1rias atividades de ensino e pesquisas atendendo \u00e0s diversas \u00e1reas de atua\u00e7\u00e3o.<\/p>\n<p style=\"padding-left: 40px\"><strong>\u00a0<\/strong><strong>Silvicultura:<\/strong><\/p>\n<ul>\n<li style=\"list-style-type: none\">\n<ul>\n<li>Silvicultura Clonal<\/li>\n<li>Silvicultura Urbana<\/li>\n<li>Melhoramento Florestal<\/li>\n<li>Solos e Nutri\u00e7\u00e3o de Plantas<\/li>\n<li>Patologia Florestal<\/li>\n<\/ul>\n<\/li>\n<\/ul>\n<p style=\"padding-left: 40px\"><strong>Manejo Florestal:<\/strong><\/p>\n<ul>\n<li style=\"list-style-type: none\">\n<ul>\n<li>Biomassa e Carbono<\/li>\n<li>Mensura\u00e7\u00e3o Florestal<\/li>\n<li>Manejo de Florestas Nativas<\/li>\n<li>Manejo de Florestas Plantadas<\/li>\n<li>Modelagem do Crescimento e da Produ\u00e7\u00e3o<\/li>\n<li>Otimiza\u00e7\u00e3o Florestal<\/li>\n<\/ul>\n<\/li>\n<\/ul>\n<p style=\"padding-left: 40px\"><strong>Ergonomia, Colheita e Transporte Florestal:<\/strong><\/p>\n<ul>\n<li style=\"list-style-type: none\">\n<ul>\n<li>Ergonomia e Seguran\u00e7a no Trabalho<\/li>\n<li>Colheita da Madeira e<\/li>\n<li>Transporte Florestal<\/li>\n<\/ul>\n<\/li>\n<\/ul>\n<p style=\"padding-left: 40px\"><strong>Geotecnologias:<\/strong><\/p>\n<ul>\n<li style=\"list-style-type: none\">\n<ul>\n<li>Fotogrametria e Fotointerpreta\u00e7\u00e3o<\/li>\n<li>Sensoriamento Remoto<\/li>\n<li>Sistemas de Informa\u00e7\u00f5es Geogr\u00e1ficas<\/li>\n<\/ul>\n<\/li>\n<\/ul>\n<p style=\"padding-left: 40px\"><strong>Tecnologia e Utiliza\u00e7\u00e3o de Produtos Florestais:<\/strong><\/p>\n<ul>\n<li style=\"list-style-type: none\">\n<ul>\n<li>Industrializa\u00e7\u00e3o de Produtos Florestais<\/li>\n<li>Caracteriza\u00e7\u00e3o da Madeira<\/li>\n<li>Qu\u00edmica da Madeira<\/li>\n<li>Res\u00edduos Industriais<\/li>\n<li>Energia de Biomassa<\/li>\n<\/ul>\n<\/li>\n<\/ul>\n","protected":false},"excerpt":{"rendered":"<p>O Programa de P\u00f3s-gradua\u00e7\u00e3o em Ci\u00eancias Florestais por meio de sua \u00e1rea de concentra\u00e7\u00e3o e linhas de pesquisas tem possibilitado aos docentes e discentes desenvolver v\u00e1rias atividades de ensino e pesquisas atendendo \u00e0s diversas \u00e1reas de atua\u00e7\u00e3o. \u00a0Silvicultura: Silvicultura Clonal Silvicultura Urbana Melhoramento Florestal Solos e Nutri\u00e7\u00e3o de Plantas Patologia Florestal Manejo Florestal: Biomassa e [&hellip;]<\/p>\n","protected":false},"author":3,"featured_media":0,"parent":749,"menu_order":0,"comment_status":"closed","ping_status":"closed","template":"","meta":{"_exactmetrics_skip_tracking":false,"_exactmetrics_sitenote_active":false,"_exactmetrics_sitenote_note":"","_exactmetrics_sitenote_category":0,"footnotes":"","_links_to":"","_links_to_target":""},"class_list":["post-27","page","type-page","status-publish","hentry"],"_links":{"self":[{"href":"https:\/\/www3.unicentro.br\/ppgf\/wp-json\/wp\/v2\/pages\/27","targetHints":{"allow":["GET"]}}],"collection":[{"href":"https:\/\/www3.unicentro.br\/ppgf\/wp-json\/wp\/v2\/pages"}],"about":[{"href":"https:\/\/www3.unicentro.br\/ppgf\/wp-json\/wp\/v2\/types\/page"}],"author":[{"embeddable":true,"href":"https:\/\/www3.unicentro.br\/ppgf\/wp-json\/wp\/v2\/users\/3"}],"replies":[{"embeddable":true,"href":"https:\/\/www3.unicentro.br\/ppgf\/wp-json\/wp\/v2\/comments?post=27"}],"version-history":[{"count":0,"href":"https:\/\/www3.unicentro.br\/ppgf\/wp-json\/wp\/v2\/pages\/27\/revisions"}],"up":[{"embeddable":true,"href":"https:\/\/www3.unicentro.br\/ppgf\/wp-json\/wp\/v2\/pages\/749"}],"wp:attachment":[{"href":"https:\/\/www3.unicentro.br\/ppgf\/wp-json\/wp\/v2\/media?parent=27"}],"curies":[{"name":"wp","href":"https:\/\/api.w.org\/{rel}","templated":true}]}}