{"id":618,"date":"2018-06-25T10:03:49","date_gmt":"2018-06-25T13:03:49","guid":{"rendered":"https:\/\/www3.unicentro.br\/ppgesa\/?page_id=618"},"modified":"2020-03-03T13:25:28","modified_gmt":"2020-03-03T16:25:28","slug":"links","status":"publish","type":"page","link":"https:\/\/www3.unicentro.br\/ppgesa\/links\/","title":{"rendered":"Links"},"content":{"rendered":"<p><a href=\"https:\/\/www3.unicentro.br\/noticias\/2019\/12\/04\/pesquisadores-paraguaias-fazem-mobilidade-de-curta-duracao-na-unicentro\/\"><span style=\"font-size: 18pt\"><strong><span style=\"color: #3366ff\">Pesquisadoras da UNI &#8211; Paraguai, visitam a UNICENTRO<\/span><\/strong><\/span><\/a><\/p>\n<p><a href=\"https:\/\/www3.unicentro.br\/noticias\/2018\/11\/13\/professores-da-unicentro-participam-de-evento-em-portugal\/\"><span style=\"color: #3366ff\"><strong><span style=\"text-align: left;text-transform: none;line-height: 1.25;text-indent: 0px;letter-spacing: 0px;font-family: 'Minion Pro',Times,serif;font-size: 28px;font-style: normal;font-variant: normal;text-decoration: none;float: none;background-color: #eaeaea\">Professores da UNICENTRO participam de evento em Portugal<\/span><\/strong><\/span><\/a><\/p>\n<p><a href=\"https:\/\/www3.unicentro.br\/ppgesa\/wp-content\/uploads\/sites\/11\/2018\/06\/Tiago-Revista-Di\u00e1logo-Sanepar.pdf\"><span style=\"color: #3366ff\"><strong><span style=\"font-size: 18pt\">Reportagem de interc\u00e2mbio no Texas<\/span><\/strong><\/span><\/a><\/p>\n<h1 class=\"noticia\"><a href=\"https:\/\/portal.uepg.br\/noticias.php?id=12286\"><span style=\"font-size: 20pt\">Engenharia Sanit\u00e1ria e Ambiental recebe pesquisador da Sanepar<\/span><\/a><\/h1>\n<h1 class=\"noticia\"><a href=\"https:\/\/portal.uepg.br\/noticias.php?id=12273\"><span style=\"font-size: 20pt\">Disserta\u00e7\u00f5es tratam de t\u00e9cnicas de dessaliniza\u00e7\u00e3o da \u00e1gua<\/span><\/a><\/h1>\n<h1 class=\"noticia\"><a href=\"https:\/\/portal.uepg.br\/noticias.php?id=12772\"><span style=\"font-size: 20pt\">Professora participa de workshop em universidade da Filad\u00e9lfia<\/span><\/a><\/h1>\n<h1><a href=\"https:\/\/blogdaengenharia.com\/capes-aprova-mestrado-em-engenharia-sanitaria-e-ambiental-para-unicentro-e-uepg\/\"><span style=\"font-size: 20pt\">Capes aprova mestrado em Engenharia Sanit\u00e1ria e Ambiental para Unicentro e UEPG<\/span><\/a><\/h1>\n","protected":false},"excerpt":{"rendered":"<p>Pesquisadoras da UNI &#8211; Paraguai, visitam a UNICENTRO Professores da UNICENTRO participam de evento em Portugal Reportagem de interc\u00e2mbio no Texas Engenharia Sanit\u00e1ria e Ambiental recebe pesquisador da Sanepar Disserta\u00e7\u00f5es tratam de t\u00e9cnicas de dessaliniza\u00e7\u00e3o da \u00e1gua Professora participa de workshop em universidade da Filad\u00e9lfia Capes aprova mestrado em Engenharia Sanit\u00e1ria e Ambiental para Unicentro [&hellip;]<\/p>\n","protected":false},"author":21,"featured_media":0,"parent":0,"menu_order":0,"comment_status":"closed","ping_status":"closed","template":"","meta":{"_exactmetrics_skip_tracking":false,"_exactmetrics_sitenote_active":false,"_exactmetrics_sitenote_note":"","_exactmetrics_sitenote_category":0,"footnotes":"","_links_to":"","_links_to_target":""},"class_list":["post-618","page","type-page","status-publish","hentry"],"publishpress_future_action":{"enabled":false,"date":"2026-04-13 16:43:40","action":"change-status","newStatus":"draft","terms":[],"taxonomy":"","extraData":[]},"publishpress_future_workflow_manual_trigger":{"enabledWorkflows":[]},"_links":{"self":[{"href":"https:\/\/www3.unicentro.br\/ppgesa\/wp-json\/wp\/v2\/pages\/618","targetHints":{"allow":["GET"]}}],"collection":[{"href":"https:\/\/www3.unicentro.br\/ppgesa\/wp-json\/wp\/v2\/pages"}],"about":[{"href":"https:\/\/www3.unicentro.br\/ppgesa\/wp-json\/wp\/v2\/types\/page"}],"author":[{"embeddable":true,"href":"https:\/\/www3.unicentro.br\/ppgesa\/wp-json\/wp\/v2\/users\/21"}],"replies":[{"embeddable":true,"href":"https:\/\/www3.unicentro.br\/ppgesa\/wp-json\/wp\/v2\/comments?post=618"}],"version-history":[{"count":0,"href":"https:\/\/www3.unicentro.br\/ppgesa\/wp-json\/wp\/v2\/pages\/618\/revisions"}],"wp:attachment":[{"href":"https:\/\/www3.unicentro.br\/ppgesa\/wp-json\/wp\/v2\/media?parent=618"}],"curies":[{"name":"wp","href":"https:\/\/api.w.org\/{rel}","templated":true}]}}