{"id":177,"date":"2017-07-10T14:47:01","date_gmt":"2017-07-10T17:47:01","guid":{"rendered":"https:\/\/www3.unicentro.br\/ppgesa\/?page_id=177"},"modified":"2023-07-13T16:45:22","modified_gmt":"2023-07-13T19:45:22","slug":"objetivos","status":"publish","type":"page","link":"https:\/\/www3.unicentro.br\/ppgesa\/apresentacao\/objetivos\/","title":{"rendered":"Objetivos"},"content":{"rendered":"<h2 style=\"text-align: justify\"><span style=\"font-size: 14pt\"><strong><span style=\"font-family: tahoma, arial, helvetica, sans-serif\">Objetivo Geral:<\/span><\/strong><\/span><\/h2>\n<p><span style=\"color: #000000;font-size: 12pt;font-family: tahoma, arial, helvetica, sans-serif\">&#8211; Formar recursos humanos de alto n\u00edvel t\u00e9cnico-cient\u00edfico nessa \u00e1rea para a doc\u00eancia, pesquisa e extens\u00e3o e qualificar os profissionais que atuam nas ind\u00fastrias e empresas, contribuindo para o desenvolvimento regional e nacional.<\/span><\/p>\n<hr \/>\n<h1><span style=\"font-size: 14pt\"><strong><span style=\"color: #000000;font-family: tahoma, arial, helvetica, sans-serif\">Objetivos espec\u00edficos:<\/span><\/strong><\/span><\/h1>\n<p><span style=\"color: #000000;font-size: 12pt;font-family: tahoma, arial, helvetica, sans-serif\">&#8211; Conduzir profissionais \u00e0 obten\u00e7\u00e3o do t\u00edtulo Mestre em Engenharia Sanit\u00e1ria e Ambiental.<\/span><\/p>\n<p><span style=\"color: #000000;font-size: 12pt;font-family: tahoma, arial, helvetica, sans-serif\">&#8211; Contribuir para o desenvolvimento das Engenharias Civil (UEPG) e Ambiental (UNICENTRO) atrav\u00e9s da pesquisa, produ\u00e7\u00e3o e difus\u00e3o de novos conhecimentos.<\/span><\/p>\n<p><span style=\"color: #000000;font-size: 12pt;font-family: tahoma, arial, helvetica, sans-serif\">&#8211; Formar recursos humanos com \u00e9tica aptos a gerar conhecimentos, dom\u00ednio cient\u00edfico e inova\u00e7\u00e3o tecnol\u00f3gica na \u00e1rea de concentra\u00e7\u00e3o Saneamento Ambiental e Recursos H\u00eddricos.<\/span><\/p>\n<p><span style=\"font-family: tahoma, arial, helvetica, sans-serif\"><span style=\"color: #000000;font-size: 12pt\">&#8211; Capacitar docentes para exercer atividades de ensino, pesquisa e extens\u00e3o, aprofundando seus conhecimentos e aprimorando sua produ\u00e7\u00e3o\u00a0<\/span><span style=\"color: #000000;font-size: 12pt\">intelectual.<\/span><\/span><\/p>\n<p><span style=\"color: #000000;font-size: 12pt;font-family: tahoma, arial, helvetica, sans-serif\">&#8211; Qualificar recursos humanos que atuam no setor industrial.<\/span><\/p>\n<p><span style=\"color: #000000;font-size: 12pt;font-family: tahoma, arial, helvetica, sans-serif\">&#8211; Contribuir para o desenvolvimento da regi\u00e3o dos Campos Gerais, Centro-Sul e Oeste do Estado do Paran\u00e1.<\/span><\/p>\n<p><span style=\"color: #000000;font-size: 12pt;font-family: tahoma, arial, helvetica, sans-serif\">&#8211; Promover intera\u00e7\u00e3o com outros centros de pesquisa, setores produtivos e sociedade.<\/span><\/p>\n<p><span style=\"color: #000000;font-size: 12pt;font-family: tahoma, arial, helvetica, sans-serif\">&#8211; Possibilitar melhorias das estruturas laboratoriais das IES envolvidas.<\/span><\/p>\n<p><span style=\"color: #000000;font-size: 12pt;font-family: tahoma, arial, helvetica, sans-serif\">&#8211; Completar e aperfei\u00e7oar a forma\u00e7\u00e3o dos diplomados nos cursos de gradua\u00e7\u00e3o de Engenharia Civil, Engenharia Ambiental e \u00e1reas afins.<\/span><\/p>\n","protected":false},"excerpt":{"rendered":"<p>Objetivo Geral: &#8211; Formar recursos humanos de alto n\u00edvel t\u00e9cnico-cient\u00edfico nessa \u00e1rea para a doc\u00eancia, pesquisa e extens\u00e3o e qualificar os profissionais que atuam nas ind\u00fastrias e empresas, contribuindo para o desenvolvimento regional e nacional. Objetivos espec\u00edficos: &#8211; Conduzir profissionais \u00e0 obten\u00e7\u00e3o do t\u00edtulo Mestre em Engenharia Sanit\u00e1ria e Ambiental. &#8211; Contribuir para o desenvolvimento [&hellip;]<\/p>\n","protected":false},"author":6,"featured_media":0,"parent":172,"menu_order":0,"comment_status":"closed","ping_status":"closed","template":"","meta":{"_exactmetrics_skip_tracking":false,"_exactmetrics_sitenote_active":false,"_exactmetrics_sitenote_note":"","_exactmetrics_sitenote_category":0,"footnotes":"","_links_to":"","_links_to_target":""},"class_list":["post-177","page","type-page","status-publish","hentry"],"publishpress_future_action":{"enabled":false,"date":"2026-04-13 05:20:29","action":"change-status","newStatus":"draft","terms":[],"taxonomy":"","extraData":[]},"publishpress_future_workflow_manual_trigger":{"enabledWorkflows":[]},"_links":{"self":[{"href":"https:\/\/www3.unicentro.br\/ppgesa\/wp-json\/wp\/v2\/pages\/177","targetHints":{"allow":["GET"]}}],"collection":[{"href":"https:\/\/www3.unicentro.br\/ppgesa\/wp-json\/wp\/v2\/pages"}],"about":[{"href":"https:\/\/www3.unicentro.br\/ppgesa\/wp-json\/wp\/v2\/types\/page"}],"author":[{"embeddable":true,"href":"https:\/\/www3.unicentro.br\/ppgesa\/wp-json\/wp\/v2\/users\/6"}],"replies":[{"embeddable":true,"href":"https:\/\/www3.unicentro.br\/ppgesa\/wp-json\/wp\/v2\/comments?post=177"}],"version-history":[{"count":0,"href":"https:\/\/www3.unicentro.br\/ppgesa\/wp-json\/wp\/v2\/pages\/177\/revisions"}],"up":[{"embeddable":true,"href":"https:\/\/www3.unicentro.br\/ppgesa\/wp-json\/wp\/v2\/pages\/172"}],"wp:attachment":[{"href":"https:\/\/www3.unicentro.br\/ppgesa\/wp-json\/wp\/v2\/media?parent=177"}],"curies":[{"name":"wp","href":"https:\/\/api.w.org\/{rel}","templated":true}]}}