{"id":65,"date":"2024-02-08T16:43:12","date_gmt":"2024-02-08T19:43:12","guid":{"rendered":"https:\/\/www3.unicentro.br\/ppgenf\/?page_id=65"},"modified":"2025-07-15T09:32:52","modified_gmt":"2025-07-15T12:32:52","slug":"proficiencia-em-lingua-estrangeira","status":"publish","type":"page","link":"https:\/\/www3.unicentro.br\/ppgenf\/discentes\/proficiencia-em-lingua-estrangeira\/","title":{"rendered":"Profici\u00eancia em l\u00edngua estrangeira"},"content":{"rendered":"<p style=\"text-align: justify\"><span style=\"font-size: 14pt\">Os candidatos aprovados dever\u00e3o realizar teste de L\u00edngua Estrangeira (Ingl\u00eas), podendo este ser conduzido pelo PPGEnf-APS ou solicitar convalida\u00e7\u00e3o de Profici\u00eancia em L\u00edngua Estrangeira (Ingl\u00eas), conforme normativa vigente do programa.<\/span><\/p>\n<p style=\"text-align: justify\"><span style=\"font-size: 14pt\">Os discentes estrangeiros do PPGEnf-APS, al\u00e9m da profici\u00eancia em l\u00edngua inglesa, tamb\u00e9m dever\u00e3o comprovar profici\u00eancia em l\u00edngua portuguesa, em conformidade com a regulamenta\u00e7\u00e3o espec\u00edfica.<\/span><\/p>\n<p><span style=\"color: #000000;font-size: 14pt\">Confira o Regulamento: <\/span><\/p>\n<p><span style=\"color: #008000;font-size: 14pt\"><a style=\"color: #008000\" href=\"https:\/\/www3.unicentro.br\/ppgenf\/wp-content\/uploads\/sites\/164\/2025\/06\/Resoluc\u0327a\u0303o-003.2024-Regulamento-Proficiencia-em-Lingua-Estrangeira_ok.pdf\" target=\"_blank\" rel=\"noopener\">Resoluc\u0327a\u0303o 003\/2024 Regulamento de Comprova\u00e7\u00e3o da Profici\u00eancia em L\u00edngua Estrangeira do Programa de P\u00f3s-Gradua\u00e7\u00e3o em Enfermagem em Aten\u00e7\u00e3o Prim\u00e1ria \u00e0 Sa\u00fade<\/a><\/span><\/p>\n<p><span style=\"font-size: 14pt\">\u2192 Para informa\u00e7\u00f5es sobre como solicitar a convalida\u00e7\u00e3o da profici\u00eancia, acesse &#8220;<a href=\"https:\/\/www3.unicentro.br\/ppgenf\/formularios\/\">Formul\u00e1rios<\/a>&#8220;.<\/span><\/p>\n","protected":false},"excerpt":{"rendered":"<p>Os candidatos aprovados dever\u00e3o realizar teste de L\u00edngua Estrangeira (Ingl\u00eas), podendo este ser conduzido pelo PPGEnf-APS ou solicitar convalida\u00e7\u00e3o de Profici\u00eancia em L\u00edngua Estrangeira (Ingl\u00eas), conforme normativa vigente do programa. Os discentes estrangeiros do PPGEnf-APS, al\u00e9m da profici\u00eancia em l\u00edngua inglesa, tamb\u00e9m dever\u00e3o comprovar profici\u00eancia em l\u00edngua portuguesa, em conformidade com a regulamenta\u00e7\u00e3o espec\u00edfica. Confira [&hellip;]<\/p>\n","protected":false},"author":3,"featured_media":0,"parent":57,"menu_order":0,"comment_status":"closed","ping_status":"closed","template":"","meta":{"_exactmetrics_skip_tracking":false,"_exactmetrics_sitenote_active":false,"_exactmetrics_sitenote_note":"","_exactmetrics_sitenote_category":0,"footnotes":"","_links_to":"","_links_to_target":""},"class_list":["post-65","page","type-page","status-publish","hentry"],"_links":{"self":[{"href":"https:\/\/www3.unicentro.br\/ppgenf\/wp-json\/wp\/v2\/pages\/65","targetHints":{"allow":["GET"]}}],"collection":[{"href":"https:\/\/www3.unicentro.br\/ppgenf\/wp-json\/wp\/v2\/pages"}],"about":[{"href":"https:\/\/www3.unicentro.br\/ppgenf\/wp-json\/wp\/v2\/types\/page"}],"author":[{"embeddable":true,"href":"https:\/\/www3.unicentro.br\/ppgenf\/wp-json\/wp\/v2\/users\/3"}],"replies":[{"embeddable":true,"href":"https:\/\/www3.unicentro.br\/ppgenf\/wp-json\/wp\/v2\/comments?post=65"}],"version-history":[{"count":3,"href":"https:\/\/www3.unicentro.br\/ppgenf\/wp-json\/wp\/v2\/pages\/65\/revisions"}],"predecessor-version":[{"id":1020,"href":"https:\/\/www3.unicentro.br\/ppgenf\/wp-json\/wp\/v2\/pages\/65\/revisions\/1020"}],"up":[{"embeddable":true,"href":"https:\/\/www3.unicentro.br\/ppgenf\/wp-json\/wp\/v2\/pages\/57"}],"wp:attachment":[{"href":"https:\/\/www3.unicentro.br\/ppgenf\/wp-json\/wp\/v2\/media?parent=65"}],"curies":[{"name":"wp","href":"https:\/\/api.w.org\/{rel}","templated":true}]}}