{"id":51,"date":"2024-02-08T16:37:09","date_gmt":"2024-02-08T19:37:09","guid":{"rendered":"https:\/\/www3.unicentro.br\/ppgenf\/?page_id=51"},"modified":"2026-03-31T17:16:01","modified_gmt":"2026-03-31T20:16:01","slug":"regulamento-e-normas","status":"publish","type":"page","link":"https:\/\/www3.unicentro.br\/ppgenf\/programa\/regulamento-e-normas\/","title":{"rendered":"Regulamento e Normas"},"content":{"rendered":"<div class=\"wpb-content-wrapper\"><p>[vc_row][vc_column][vc_column_text css=&#8221;&#8221;]<\/p>\n<ul>\n<li><span style=\"font-size: 12pt; font-family: terminal, monaco, monospace; color: #008000;\"><a style=\"color: #008000;\" href=\"https:\/\/www3.unicentro.br\/ppgenf\/wp-content\/uploads\/sites\/164\/2025\/10\/REGULAMENTO-PPGEnf-APS_versao_final.pdf\">Regulamento do Programa de P\u00f3s-Gradua\u00e7\u00e3o Associado em Enfermagem em Aten\u00e7\u00e3o Prim\u00e1ria \u00e0 Sa\u00fade &#8211; UENP\/UNESPAR\/UNICENTRO<\/a><\/span><\/li>\n<li><span style=\"font-size: 12pt; font-family: terminal, monaco, monospace; color: #008000;\"><a style=\"color: #008000;\" href=\"https:\/\/www3.unicentro.br\/ppgenf\/wp-content\/uploads\/sites\/164\/2025\/06\/Resoluc\u0327a\u0303o-001.2024-Regulamento-Eleic\u0327a\u0303o-Coordenac\u0327a\u0303o.pdf\" target=\"_blank\" rel=\"noopener\">RESOLU\u00c7\u00c3O N\u00ba 001\/2024 \u2013 Regulamento do Processo Eleitoral<\/a><\/span><\/li>\n<li><span style=\"font-size: 12pt; font-family: terminal, monaco, monospace; color: #008000;\"><a style=\"color: #008000;\" href=\"https:\/\/www3.unicentro.br\/ppgenf\/wp-content\/uploads\/sites\/164\/2025\/06\/Resoluc\u0327a\u0303o-002.2024-Regulamento-Atividades-Complementares_ok.pdf\" target=\"_blank\" rel=\"noopener\">RESOLU\u00c7\u00c3O N\u00ba 002\/2024 &#8211; Regulamento de Atividades Complementares<\/a><\/span><\/li>\n<li><span style=\"font-family: terminal, monaco, monospace; font-size: 12pt; color: #008000;\"><a style=\"color: #008000;\" href=\"https:\/\/www3.unicentro.br\/ppgenf\/wp-content\/uploads\/sites\/164\/2025\/06\/Resoluc\u0327a\u0303o-001.2025-Regulamento-Credenciamento-Recredenciamento-e-Descredenciamento_ok.pdf\" target=\"_blank\" rel=\"noopener\">RESOLU\u00c7\u00c3O N\u00ba 001\/2025 &#8211; Regulamento de Credenciamento Recredenciamento e Descredenciamento<\/a><\/span><\/li>\n<li><span style=\"font-family: terminal, monaco, monospace; font-size: 12pt; color: #008000;\"><a style=\"color: #008000;\" href=\"https:\/\/www3.unicentro.br\/ppgenf\/wp-content\/uploads\/sites\/164\/2025\/06\/Resoluc\u0327a\u0303o-002.2025-Regulamento-Exame-de-Qualificac\u0327a\u0303o-e-Defesa_ok.pdf\" target=\"_blank\" rel=\"noopener\">RESOLU\u00c7\u00c3O N\u00ba 002\/2025 &#8211; Regulamento Exame de Qualificac\u0327a\u0303o e Defesa<\/a><\/span><\/li>\n<\/ul>\n<p>[\/vc_column_text][\/vc_column][\/vc_row]<\/p>\n<\/div>","protected":false},"excerpt":{"rendered":"<p>[vc_row][vc_column][vc_column_text css=&#8221;&#8221;] Regulamento do Programa de P\u00f3s-Gradua\u00e7\u00e3o Associado em Enfermagem em Aten\u00e7\u00e3o Prim\u00e1ria \u00e0 Sa\u00fade &#8211; UENP\/UNESPAR\/UNICENTRO RESOLU\u00c7\u00c3O N\u00ba 001\/2024 \u2013 Regulamento do Processo Eleitoral RESOLU\u00c7\u00c3O N\u00ba 002\/2024 &#8211; Regulamento de Atividades Complementares RESOLU\u00c7\u00c3O N\u00ba 001\/2025 &#8211; Regulamento de Credenciamento Recredenciamento e Descredenciamento RESOLU\u00c7\u00c3O N\u00ba 002\/2025 &#8211; Regulamento Exame de Qualificac\u0327a\u0303o e Defesa [\/vc_column_text][\/vc_column][\/vc_row]<\/p>\n","protected":false},"author":3,"featured_media":0,"parent":37,"menu_order":0,"comment_status":"closed","ping_status":"closed","template":"","meta":{"_exactmetrics_skip_tracking":false,"_exactmetrics_sitenote_active":false,"_exactmetrics_sitenote_note":"","_exactmetrics_sitenote_category":0,"footnotes":"","_links_to":"","_links_to_target":""},"class_list":["post-51","page","type-page","status-publish","hentry"],"_links":{"self":[{"href":"https:\/\/www3.unicentro.br\/ppgenf\/wp-json\/wp\/v2\/pages\/51","targetHints":{"allow":["GET"]}}],"collection":[{"href":"https:\/\/www3.unicentro.br\/ppgenf\/wp-json\/wp\/v2\/pages"}],"about":[{"href":"https:\/\/www3.unicentro.br\/ppgenf\/wp-json\/wp\/v2\/types\/page"}],"author":[{"embeddable":true,"href":"https:\/\/www3.unicentro.br\/ppgenf\/wp-json\/wp\/v2\/users\/3"}],"replies":[{"embeddable":true,"href":"https:\/\/www3.unicentro.br\/ppgenf\/wp-json\/wp\/v2\/comments?post=51"}],"version-history":[{"count":3,"href":"https:\/\/www3.unicentro.br\/ppgenf\/wp-json\/wp\/v2\/pages\/51\/revisions"}],"predecessor-version":[{"id":1704,"href":"https:\/\/www3.unicentro.br\/ppgenf\/wp-json\/wp\/v2\/pages\/51\/revisions\/1704"}],"up":[{"embeddable":true,"href":"https:\/\/www3.unicentro.br\/ppgenf\/wp-json\/wp\/v2\/pages\/37"}],"wp:attachment":[{"href":"https:\/\/www3.unicentro.br\/ppgenf\/wp-json\/wp\/v2\/media?parent=51"}],"curies":[{"name":"wp","href":"https:\/\/api.w.org\/{rel}","templated":true}]}}