{"id":430,"date":"2024-03-04T09:16:23","date_gmt":"2024-03-04T12:16:23","guid":{"rendered":"https:\/\/www3.unicentro.br\/ppgenf\/?page_id=430"},"modified":"2026-03-10T11:20:11","modified_gmt":"2026-03-10T14:20:11","slug":"contato","status":"publish","type":"page","link":"https:\/\/www3.unicentro.br\/ppgenf\/contato\/","title":{"rendered":"Contato"},"content":{"rendered":"<div class=\"wpb-content-wrapper\"><p>[vc_row][vc_column][vc_column_text css=&#8221;&#8221;]<span style=\"font-size: 14pt;\"><strong>Coordena\u00e7\u00e3o do PPGEnf-APS<\/strong><\/span><\/p>\n<p><strong>E-mail:<\/strong> <a href=\"mailto:ppgenf@uenp.edu.br\">ppgenf@uenp.edu.br<\/a><\/p>\n<p>&nbsp;<\/p>\n<p><strong><span style=\"text-decoration: underline;\">Secretaria UENP<\/span><\/strong><\/p>\n<p><strong>Endere\u00e7o: <\/strong>BR-369, s\/n, Bandeirantes\u2013 Paran\u00e1 \u2013 Brasil \u2013 CEP: 86.360-000<strong><br \/>\nTelefone:<\/strong> (43) 3542-8053<strong><br \/>\nNome da secret\u00e1ria: <\/strong>Sonia Regina T. Fronteli\/ Amanda dos Santos Coelho<strong><br \/>\nE-mail da secretaria local do programa: <\/strong>sec.ppgenf@uenp.edu.br<\/p>\n<p>&nbsp;<\/p>\n<p><strong><span style=\"text-decoration: underline;\">Secretaria UNESPAR<\/span><\/strong><\/p>\n<p><strong>Endere\u00e7o:<\/strong> Av. Gabriel Experidi\u00e3o, SN, Paranava\u00ed \u2013 Paran\u00e1 \u2013 Brasil \u2013 CEP 87.703-000<br \/>\n<strong>Telefone:<\/strong> (44) 9 9984-8681<br \/>\n<strong>Nome da secret\u00e1ria:<\/strong> Nat\u00e1lia Mariana Sierakowski<br \/>\n<strong>E-mail da secretaria local do programa<\/strong>: ppgenf.pvai@unespar.edu.br<\/p>\n<p>&nbsp;<\/p>\n<p><strong><span style=\"text-decoration: underline;\">Secretaria UNICENTRO<\/span><\/strong><\/p>\n<p><strong>Endere\u00e7o:<\/strong> Alameda \u00c9lio Antonio Dalla Vecchia, 838, Vila Carli, Guarapuava \u2013 Paran\u00e1 \u2013 Brasil \u2013 CEP 85.040-167<br \/>\n<strong>Telefone:<\/strong> &nbsp;(42) 3629-8188<br \/>\n<strong>Nome da secret\u00e1ria:<\/strong> Eduardo Alexandre Santos de Oliveira<br \/>\n<strong>E-mail da secretaria local do programa:<\/strong> ppgenf_aps@unicentro.br<\/p>\n<p>&nbsp;[\/vc_column_text][\/vc_column][\/vc_row]<\/p>\n<\/div>","protected":false},"excerpt":{"rendered":"<p>[vc_row][vc_column][vc_column_text css=&#8221;&#8221;]Coordena\u00e7\u00e3o do PPGEnf-APS E-mail: ppgenf@uenp.edu.br &nbsp; Secretaria UENP Endere\u00e7o: BR-369, s\/n, Bandeirantes\u2013 Paran\u00e1 \u2013 Brasil \u2013 CEP: 86.360-000 Telefone: (43) 3542-8053 Nome da secret\u00e1ria: Sonia Regina T. Fronteli\/ Amanda dos Santos Coelho E-mail da secretaria local do programa: sec.ppgenf@uenp.edu.br &nbsp; Secretaria UNESPAR Endere\u00e7o: Av. Gabriel Experidi\u00e3o, SN, Paranava\u00ed \u2013 Paran\u00e1 \u2013 Brasil \u2013 CEP [&hellip;]<\/p>\n","protected":false},"author":3,"featured_media":0,"parent":0,"menu_order":0,"comment_status":"closed","ping_status":"closed","template":"","meta":{"_exactmetrics_skip_tracking":false,"_exactmetrics_sitenote_active":false,"_exactmetrics_sitenote_note":"","_exactmetrics_sitenote_category":0,"footnotes":"","_links_to":"","_links_to_target":""},"class_list":["post-430","page","type-page","status-publish","hentry"],"_links":{"self":[{"href":"https:\/\/www3.unicentro.br\/ppgenf\/wp-json\/wp\/v2\/pages\/430","targetHints":{"allow":["GET"]}}],"collection":[{"href":"https:\/\/www3.unicentro.br\/ppgenf\/wp-json\/wp\/v2\/pages"}],"about":[{"href":"https:\/\/www3.unicentro.br\/ppgenf\/wp-json\/wp\/v2\/types\/page"}],"author":[{"embeddable":true,"href":"https:\/\/www3.unicentro.br\/ppgenf\/wp-json\/wp\/v2\/users\/3"}],"replies":[{"embeddable":true,"href":"https:\/\/www3.unicentro.br\/ppgenf\/wp-json\/wp\/v2\/comments?post=430"}],"version-history":[{"count":5,"href":"https:\/\/www3.unicentro.br\/ppgenf\/wp-json\/wp\/v2\/pages\/430\/revisions"}],"predecessor-version":[{"id":1683,"href":"https:\/\/www3.unicentro.br\/ppgenf\/wp-json\/wp\/v2\/pages\/430\/revisions\/1683"}],"wp:attachment":[{"href":"https:\/\/www3.unicentro.br\/ppgenf\/wp-json\/wp\/v2\/media?parent=430"}],"curies":[{"name":"wp","href":"https:\/\/api.w.org\/{rel}","templated":true}]}}