{"id":175,"date":"2024-02-15T16:01:12","date_gmt":"2024-02-15T19:01:12","guid":{"rendered":"https:\/\/www3.unicentro.br\/ppgenf\/?page_id=175"},"modified":"2025-10-30T15:51:32","modified_gmt":"2025-10-30T18:51:32","slug":"formularios","status":"publish","type":"page","link":"https:\/\/www3.unicentro.br\/ppgenf\/formularios\/","title":{"rendered":"Formul\u00e1rios"},"content":{"rendered":"<div class=\"wpb-content-wrapper\"><p>[vc_row][vc_column width=&#8221;1\/2&#8243;][vc_column_text css=&#8221;&#8221;]<span style=\"color: #000000\"><strong>Orienta\u00e7\u00f5es para Protocolar Formul\u00e1rios\u00a0 \u00a0 \u00a0 \u00a0 \u00a0 \u00a0 \u00a0 \u00a0 \u00a0 \u00a0 \u00a0 \u00a0 \u00a0 \u00a0 \u00a0 \u00a0 \u00a0 \u00a0 \u00a0 \u00a0 \u00a0 \u00a0 \u00a0 \u00a0 \u00a0 \u00a0 \u00a0 \u00a0 \u00a0\u00a0<\/strong><\/span><\/p>\n<p><strong><span style=\"color: #008000\">Para discentes da UNICENTRO\u00a0 \u00a0 \u00a0 \u00a0 \u00a0 \u00a0 \u00a0 \u00a0 \u00a0 \u00a0 \u00a0 \u00a0 \u00a0 \u00a0 \u00a0 \u00a0 \u00a0 \u00a0 \u00a0 \u00a0 \u00a0 \u00a0 \u00a0 \u00a0 \u00a0 \u00a0 \u00a0 \u00a0 \u00a0 \u00a0 \u00a0 \u00a0 \u00a0 \u00a0 \u00a0<span style=\"font-family: 'courier new', courier, monospace\">\u00a0\u00a0<\/span> \u00a0 \u00a0 \u00a0<\/span><\/strong><\/p>\n<ol>\n<li>Acesse o site: <a href=\"https:\/\/www3.unicentro.br\/protocolo\/.\" target=\"_blank\" rel=\"noopener\">https:\/\/www3.unicentro.br\/protocolo\/.\u00a0<\/a><\/li>\n<li>No campo<span style=\"color: #008000\"> Tipo de Processo<\/span>, selecione a op\u00e7\u00e3o <span style=\"color: #008000\">Solicita<\/span>.<\/li>\n<li>Em Solicita\u00e7\u00e3o, digite: &#8220;Solicito qualifica\u00e7\u00e3o\/defesa junto ao PPGenf-APS (por exemplo).&#8221;<\/li>\n<li>Clique em <span style=\"color: #008000\">Pr\u00f3ximo<\/span>.<\/li>\n<li>Anexe o Formul\u00e1rio e os demais documentos exigidos, todos em formato PDF.<\/li>\n<li>Por fim, clique em <span style=\"color: #008000\">Protocolar<\/span>.<\/li>\n<\/ol>\n<p><strong><span style=\"color: #008000\">Para discentes da UENP<\/span><\/strong><\/p>\n<ol>\n<li>Acesse o site do SUAP: <span style=\"color: #008000\"><a style=\"color: #008000\" href=\"https:\/\/suap.uenp.edu.br\/accounts\/login\/?next=\/\">https:\/\/suap.uenp.edu.br\/accounts\/login\/?next=\/<\/a><\/span> e realize o login.<\/li>\n<li>No menu, clique em \u201cCentral de Servi\u00e7os\u201d e depois em \u201cAbrir Chamado\u201d.<\/li>\n<li>Em <span style=\"color: #008000\">\u201c\u00c1rea de Servi\u00e7o\u201d<\/span>, selecione <span style=\"color: #008000\">\u201cSecretaria de P\u00f3s-Gradua\u00e7\u00e3o \u2013 Campus Luiz Meneghel\u201d.<\/span><\/li>\n<li>No grupo <span style=\"color: #008000\">\u201cAlunos Stricto Sensu \u2013 P\u00f3s \u2013 CLM\u201d<\/span>, escolha o item <span style=\"color: #008000\">\u201c12. Requerimento de Exame de Qualifica\u00e7\u00e3o e Defesa \u2013 P\u00f3s CLM\u201d.<\/span><\/li>\n<li>No campo <span style=\"color: #008000\">\u201cDescri\u00e7\u00e3o\u201d<\/span>, fa\u00e7a um breve relato sobre sua solicita\u00e7\u00e3o.<\/li>\n<li>No campo \u201cInteressado\u201d, insira o nome completo do requerente.<\/li>\n<li>Em <span style=\"color: #008000\">\u201cSetor Requisitante\u201d<\/span>, selecione <span style=\"color: #008000\">\u201cPrograma de P\u00f3s-Gradua\u00e7\u00e3o em Enfermagem em Aten\u00e7\u00e3o Prim\u00e1ria \u00e0 Sa\u00fade\u201d.<\/span> Sa\u00fade\u201d.<\/li>\n<li>No campo <span style=\"color: #008000\">\u201cCentro de Atendimento\u201d<\/span>, escolha <span style=\"color: #008000\">\u201cPPGEnf \u2013 Stricto Sensu\u201d.<\/span><\/li>\n<li>Em <span style=\"color: #008000\">\u201cOutros Interessados\u201d<\/span>, informe a <span style=\"color: #008000\">Coordena\u00e7\u00e3o Local<\/span>, o(a) <span style=\"color: #008000\">orientador(a) <\/span>e a <span style=\"color: #008000\">Secretaria.<\/span><\/li>\n<li>Na se\u00e7\u00e3o<span style=\"color: #008000\"> \u201cAnexar Arquivos\u201d,<\/span> em <span style=\"color: #008000\">\u201cDescri\u00e7\u00e3o\u201d<\/span>, indique o nome do documento e, em <span style=\"color: #008000\">\u201cAnexo\u201d<\/span>, envie o arquivo correspondente, que se trata do formul\u00e1rio de<span style=\"color: #008000\">\u00a0\u201cSolicita\u00e7\u00e3o de Qualifica\u00e7\u00e3o e Defesa\u201d.<\/span><\/li>\n<\/ol>\n<p><strong><span style=\"color: #008000\">Para discentes da UNESPAR<\/span><\/strong><\/p>\n<ol>\n<li>Enviar o Formul\u00e1rio via Siges: site:<a href=\"http:\/\/www.aluno.siges.pr.gov.br\/bna_ies\/\" target=\"_blank\" rel=\"noopener\"> http:\/\/www.aluno.siges.pr.gov.br\/bna_ies\/<\/a>.<\/li>\n<li>Preencha seus dados pessoais.<\/li>\n<li>No campo <span style=\"color: #008000\">Solicita\u00e7\u00e3o de Servi\u00e7o<\/span>, clique em<span style=\"color: #008000\"> Abrir Nova Solicita\u00e7\u00e3o<\/span>.<\/li>\n<li>Em servi\u00e7o escolher: <span style=\"color: #008000\">Solicita\u00e7\u00e3o \u00e0 Coordena\u00e7\u00e3o do Mestrado em Enfermagem<\/span><\/li>\n<li>Anexe o formul\u00e1rio e os demais documentos exigidos, todos em formato PDF.<\/li>\n<li>Por fim, clique em<span style=\"color: #008000\"> Incluir<\/span>.<\/li>\n<\/ol>\n<p>[\/vc_column_text][\/vc_column][vc_column width=&#8221;1\/2&#8243;][vc_column_text css=&#8221;&#8221;]<\/p>\n<p style=\"text-align: right\"><span style=\"color: #008000\"><strong><span style=\"font-size: 14pt\">Formul\u00e1rios e Requerimentos<\/span><\/strong><\/span><\/p>\n<p>[\/vc_column_text][vc_btn title=&#8221;FORMUL\u00c1RIO DE AVALIA\u00c7\u00c3O DE ATIVIDADES COMPLEMENTARES&#8221; color=&#8221;vista-blue&#8221; size=&#8221;sm&#8221; align=&#8221;right&#8221; css=&#8221;&#8221; link=&#8221;url:https%3A%2F%2Fwww3.unicentro.br%2Fppgenf%2Fwp-content%2Fuploads%2Fsites%2F164%2F2025%2F10%2FFormul_rio_de_Avalia_o_de_Atividades_Complementares_68f8c7aaf1bc8.docx|target:_blank&#8221;][vc_btn title=&#8221;APROVEITAMENTO PARA O EXAME DE PROFICI\u00caNCIA EM L\u00cdNGUA INGLESA&#8221; color=&#8221;green&#8221; size=&#8221;sm&#8221; align=&#8221;right&#8221; css=&#8221;&#8221; link=&#8221;url:https%3A%2F%2Fwww3.unicentro.br%2Fppgenf%2Fwp-content%2Fuploads%2Fsites%2F164%2F2025%2F10%2F4.-Solicitacao-de-comprovacao-de-proficiencia-em-lingua-inglesa.docx|target:_blank&#8221;][vc_btn title=&#8221;SOLICITA\u00c7\u00c3O DE QUALIFICA\u00c7\u00c3O E DEFESA&#8221; color=&#8221;vista-blue&#8221; size=&#8221;sm&#8221; align=&#8221;right&#8221; css=&#8221;&#8221; link=&#8221;url:https%3A%2F%2Fwww3.unicentro.br%2Fppgenf%2Fwp-content%2Fuploads%2Fsites%2F164%2F2025%2F10%2F5.-Solicitacao-de-Qualificacao-e-Defesa.docx|target:_blank&#8221;][vc_btn title=&#8221;REQUERIMENTO DE COORIENTA\u00c7\u00c3O DE MESTRADO&#8221; color=&#8221;success&#8221; size=&#8221;sm&#8221; align=&#8221;right&#8221; css=&#8221;&#8221; link=&#8221;url:https%3A%2F%2Fwww3.unicentro.br%2Fppgenf%2Fwp-content%2Fuploads%2Fsites%2F164%2F2025%2F10%2F7.-Requerimento-de-coorientacao.docx|target:_blank&#8221;][vc_btn title=&#8221;REQUERIMENTO DE APROVEITAMENTO DE DISCIPLINA&#8221; color=&#8221;vista-blue&#8221; size=&#8221;sm&#8221; align=&#8221;right&#8221; css=&#8221;&#8221; link=&#8221;url:https%3A%2F%2Fwww3.unicentro.br%2Fppgenf%2Fwp-content%2Fuploads%2Fsites%2F164%2F2025%2F10%2F8_Requerimento_para_Aproveitamento_disciplina_68f7e34974396.docx|target:_blank&#8221;][\/vc_column][\/vc_row]<\/p>\n<\/div>","protected":false},"excerpt":{"rendered":"<p>[vc_row][vc_column width=&#8221;1\/2&#8243;][vc_column_text css=&#8221;&#8221;]Orienta\u00e7\u00f5es para Protocolar Formul\u00e1rios\u00a0 \u00a0 \u00a0 \u00a0 \u00a0 \u00a0 \u00a0 \u00a0 \u00a0 \u00a0 \u00a0 \u00a0 \u00a0 \u00a0 \u00a0 \u00a0 \u00a0 \u00a0 \u00a0 \u00a0 \u00a0 \u00a0 \u00a0 \u00a0 \u00a0 \u00a0 \u00a0 \u00a0 \u00a0\u00a0 Para discentes da UNICENTRO\u00a0 \u00a0 \u00a0 \u00a0 \u00a0 \u00a0 \u00a0 \u00a0 \u00a0 \u00a0 \u00a0 \u00a0 \u00a0 \u00a0 \u00a0 \u00a0 \u00a0 \u00a0 [&hellip;]<\/p>\n","protected":false},"author":3,"featured_media":0,"parent":0,"menu_order":0,"comment_status":"closed","ping_status":"closed","template":"","meta":{"_exactmetrics_skip_tracking":false,"_exactmetrics_sitenote_active":false,"_exactmetrics_sitenote_note":"","_exactmetrics_sitenote_category":0,"footnotes":"","_links_to":"","_links_to_target":""},"class_list":["post-175","page","type-page","status-publish","hentry"],"_links":{"self":[{"href":"https:\/\/www3.unicentro.br\/ppgenf\/wp-json\/wp\/v2\/pages\/175","targetHints":{"allow":["GET"]}}],"collection":[{"href":"https:\/\/www3.unicentro.br\/ppgenf\/wp-json\/wp\/v2\/pages"}],"about":[{"href":"https:\/\/www3.unicentro.br\/ppgenf\/wp-json\/wp\/v2\/types\/page"}],"author":[{"embeddable":true,"href":"https:\/\/www3.unicentro.br\/ppgenf\/wp-json\/wp\/v2\/users\/3"}],"replies":[{"embeddable":true,"href":"https:\/\/www3.unicentro.br\/ppgenf\/wp-json\/wp\/v2\/comments?post=175"}],"version-history":[{"count":5,"href":"https:\/\/www3.unicentro.br\/ppgenf\/wp-json\/wp\/v2\/pages\/175\/revisions"}],"predecessor-version":[{"id":1414,"href":"https:\/\/www3.unicentro.br\/ppgenf\/wp-json\/wp\/v2\/pages\/175\/revisions\/1414"}],"wp:attachment":[{"href":"https:\/\/www3.unicentro.br\/ppgenf\/wp-json\/wp\/v2\/media?parent=175"}],"curies":[{"name":"wp","href":"https:\/\/api.w.org\/{rel}","templated":true}]}}