{"id":28,"date":"2017-10-23T10:31:29","date_gmt":"2017-10-23T12:31:29","guid":{"rendered":"https:\/\/www3.unicentro.br\/ppgen\/area-de-concentracao\/"},"modified":"2026-04-07T16:27:26","modified_gmt":"2026-04-07T19:27:26","slug":"area-de-concentracao","status":"publish","type":"page","link":"https:\/\/www3.unicentro.br\/ppgen\/area-de-concentracao\/","title":{"rendered":"\u00c1rea de Concentra\u00e7\u00e3o"},"content":{"rendered":"<div class=\"wpb-content-wrapper\"><p>[vc_row][vc_column][vc_column_text css=&#8221;&#8221;]<span style=\"font-size: 12pt;font-family: arial, helvetica, sans-serif\"><b>\u00c1rea de Concentra\u00e7\u00e3o: <\/b>Ensino de Ci\u00eancias Naturais e Matem\u00e1tica<\/span><\/p>\n<p><span style=\"font-size: 12pt;font-family: arial, helvetica, sans-serif\"><b>Descri\u00e7\u00e3o\/Caracteriza\u00e7\u00e3o<\/b><b> da<\/b><b> \u00e1rea: <\/b>Tem como prop\u00f3sito desenvolver nos participantes do Programa a compreens\u00e3o, discuss\u00e3o e atualiza\u00e7\u00e3o de conhecimentos cient\u00edficos, de modo que os profissionais da educa\u00e7\u00e3o possam realizar an\u00e1lise, avalia\u00e7\u00e3o e desenvolvimento de m\u00e9todos que permitam a melhoria do processo de ensino e aprendizagem de Ci\u00eancias Naturais e Matem\u00e1tica.<\/span>[\/vc_column_text][\/vc_column][\/vc_row]<\/p>\n<\/div>","protected":false},"excerpt":{"rendered":"<p>[vc_row][vc_column][vc_column_text css=&#8221;&#8221;]\u00c1rea de Concentra\u00e7\u00e3o: Ensino de Ci\u00eancias Naturais e Matem\u00e1tica Descri\u00e7\u00e3o\/Caracteriza\u00e7\u00e3o da \u00e1rea: Tem como prop\u00f3sito desenvolver nos participantes do Programa a compreens\u00e3o, discuss\u00e3o e atualiza\u00e7\u00e3o de conhecimentos cient\u00edficos, de modo que os profissionais da educa\u00e7\u00e3o possam realizar an\u00e1lise, avalia\u00e7\u00e3o e desenvolvimento de m\u00e9todos que permitam a melhoria do processo de ensino e aprendizagem de [&hellip;]<\/p>\n","protected":false},"author":3,"featured_media":0,"parent":0,"menu_order":0,"comment_status":"closed","ping_status":"open","template":"","meta":{"_exactmetrics_skip_tracking":false,"_exactmetrics_sitenote_active":false,"_exactmetrics_sitenote_note":"","_exactmetrics_sitenote_category":0,"footnotes":"","_links_to":"","_links_to_target":""},"class_list":["post-28","page","type-page","status-publish","hentry"],"_links":{"self":[{"href":"https:\/\/www3.unicentro.br\/ppgen\/wp-json\/wp\/v2\/pages\/28","targetHints":{"allow":["GET"]}}],"collection":[{"href":"https:\/\/www3.unicentro.br\/ppgen\/wp-json\/wp\/v2\/pages"}],"about":[{"href":"https:\/\/www3.unicentro.br\/ppgen\/wp-json\/wp\/v2\/types\/page"}],"author":[{"embeddable":true,"href":"https:\/\/www3.unicentro.br\/ppgen\/wp-json\/wp\/v2\/users\/3"}],"replies":[{"embeddable":true,"href":"https:\/\/www3.unicentro.br\/ppgen\/wp-json\/wp\/v2\/comments?post=28"}],"version-history":[{"count":2,"href":"https:\/\/www3.unicentro.br\/ppgen\/wp-json\/wp\/v2\/pages\/28\/revisions"}],"predecessor-version":[{"id":3667,"href":"https:\/\/www3.unicentro.br\/ppgen\/wp-json\/wp\/v2\/pages\/28\/revisions\/3667"}],"wp:attachment":[{"href":"https:\/\/www3.unicentro.br\/ppgen\/wp-json\/wp\/v2\/media?parent=28"}],"curies":[{"name":"wp","href":"https:\/\/api.w.org\/{rel}","templated":true}]}}