{"id":24,"date":"2021-04-16T16:21:24","date_gmt":"2021-04-16T19:21:24","guid":{"rendered":"https:\/\/www3.unicentro.br\/ppgdc\/?page_id=24"},"modified":"2024-04-16T15:42:43","modified_gmt":"2024-04-16T18:42:43","slug":"apresentacao","status":"publish","type":"page","link":"https:\/\/www3.unicentro.br\/ppgdc\/o-programa\/apresentacao\/","title":{"rendered":"Apresenta\u00e7\u00e3o\/Mission and Scope"},"content":{"rendered":"<p class=\"western\" style=\"text-align: justify\"><span lang=\"pt-PT\">A MISS\u00c3O do Programa de P\u00f3s-Gradua\u00e7\u00e3o Interdisciplinar em Desenvolvimento Comunit\u00e1rio (PPGDC), corrobora a miss\u00e3o estabelecida pela Universidade Estadual do Centro Oeste (Unicentro), que \u00e9 \u201cPropiciar a produ\u00e7\u00e3o, a guarda, o acesso e a dissemina\u00e7\u00e3o do conhecimento cient\u00edfico, da cultura, da arte, da tecnologia e da inova\u00e7\u00e3o, formando pessoas eticamente respons\u00e1veis e profissionalmente qualificadas para a atua\u00e7\u00e3o e a transforma\u00e7\u00e3o do contexto socioecon\u00f4mico e pol\u00edtico em que atuam, e contribuindo para o desenvolvimento regional.\u201d (PDI-UNICENTRO 2023-2027). <\/span><\/p>\n<p class=\"western\" style=\"text-align: justify\"><span lang=\"pt-PT\">O programa adiciona aos termos gerais da miss\u00e3o institucional, a de \u201coferecer forma\u00e7\u00e3o p\u00f3s-graduada de excel\u00eancia no campo de conhecimento interdisciplinar de Desenvolvimento Comunit\u00e1rio, em sua multiplicidade epistemol\u00f3gica, te\u00f3rico-metodol\u00f3gica, tem\u00e1tica, tanto considerando a forma\u00e7\u00e3o de quadros qualificados dos p\u00f3s-graduados para a ci\u00eancia, como tamb\u00e9m para a atua\u00e7\u00e3o profissional em campos como sa\u00fade, pol\u00edticas p\u00fablicas, transfer\u00eancia de conhecimento, e setores p\u00fablicos e privados ligados \u00e0 ci\u00eancia, tecnologia e inova\u00e7\u00e3o, movimentos sociais ou ainda Organiza\u00e7\u00f5es N\u00e3o-Governamentais (ONGs)\u201d (PPGDC, 2024).<\/span><\/p>\n<p class=\"western\" style=\"text-align: justify\"><span lang=\"pt-PT\">A Vis\u00e3o da Unicentro \u00e9 \u201cSer refer\u00eancia em termos de qualidade em universidade p\u00fablica, democr\u00e1tica e aut\u00f4noma, com gratuidade na oferta de cursos de gradua\u00e7\u00e3o e de p\u00f3s-gradua\u00e7\u00e3o Stricto Sensu, com atua\u00e7\u00e3o nos cen\u00e1rios regional, nacional e internacional, a partir de a\u00e7\u00f5es cooperativas e integradas dos seus \u00f3rg\u00e3os administrativos e setores de conhecimento com a sociedade, de forma a contribuir para o dinamismo socioecon\u00f4mico, educativo, cultural, cient\u00edfico e tecnol\u00f3gico em suas \u00e1reas de atua\u00e7\u00e3o.\u201d (PDI-UNICENTRO 2023-2027). <\/span><\/p>\n<p class=\"western\" style=\"text-align: justify\"><span lang=\"pt-PT\">Alinhada a essa vis\u00e3o o PPGDC tem a Vis\u00e3o \u201cSer refer\u00eancia na produ\u00e7\u00e3o de conhecimento, extens\u00e3o e pesquisa interdisciplinar na intersec\u00e7\u00e3o de saberes compartilhados relacionadas ao Desenvolvimento Comunit\u00e1rio no contexto geo social em que atua e est\u00e1 inserido.\u201d (PPGDC, 2024).<\/span><\/p>\n<p class=\"western\" style=\"text-align: justify\"><span lang=\"pt-PT\"><b>O PPGDC Valores do PPGDC:<\/b><\/span><\/p>\n<p class=\"western\" style=\"text-align: justify\"><span lang=\"pt-PT\">&#8211; Defesa da Universidade como bem p\u00fablico, qualidade e a gratuidade de todos os seus servi\u00e7os \u00e0 comunidade;<\/span><\/p>\n<p class=\"western\" style=\"text-align: justify\"><span lang=\"pt-PT\">-Atua\u00e7\u00e3o com responsabilidade \u00e9tica, social e ambiental;<\/span><\/p>\n<p class=\"western\" style=\"text-align: justify\"><span lang=\"pt-PT\">-Excel\u00eancia no ensino, na pesquisa e na extens\u00e3o Interdisciplinar em desenvolvimento comunit\u00e1rio;<\/span><\/p>\n<p class=\"western\" style=\"text-align: justify\"><span lang=\"pt-PT\">-Dissemina\u00e7\u00e3o para a comunidade acad\u00eamica nacional e internacional dos conhecimentos interdisciplinares produzidos, promovendo o impacto social do Programa;<\/span><\/p>\n<p class=\"western\" style=\"text-align: justify\"><span lang=\"pt-PT\">-Defesa do conhecimento cient\u00edfico interdisciplinar com \u00eanfase no DC como a base de sua exist\u00eancia;<\/span><\/p>\n<p class=\"western\" style=\"text-align: justify\"><span lang=\"pt-PT\">-Valoriza\u00e7\u00e3o de todas as pessoas envolvidas no PPGDC, corpo docente, discente, agentes universit\u00e1rias\/os, convidadas\/os, comunidade do entorno.<\/span><\/p>\n<p style=\"text-align: justify\">\n<p class=\"western\" style=\"text-align: justify\"><span lang=\"pt-PT\"><b>Objetivos:<\/b><\/span><\/p>\n<p class=\"western\" style=\"text-align: justify\"><span lang=\"pt-PT\">O PPGDC tem os seguintes objetivos geral e espec\u00edficos:<\/span><\/p>\n<p class=\"western\" style=\"text-align: justify\">\u201c<span lang=\"pt-PT\">Art. 3\u00ba. O PPGDC tem por objetivo oferecer forma\u00e7\u00e3o em n\u00edvel de Mestrado e Doutorado para docentes, pesquisadores(as) e profissionais nas esferas do desenvolvimento comunit\u00e1rio, com fundamenta\u00e7\u00e3o te\u00f3rico-metodol\u00f3gica que subsidie a articula\u00e7\u00e3o da pr\u00e1tica profissional com a abordagem interdisciplinar de temas e problemas em\/sobre\/para comunidades.\u201d (REGULAMENTO PPGDC, 2021).<\/span><\/p>\n<p class=\"western\" style=\"text-align: justify\"><span lang=\"pt-PT\">O OBJETIVO GERAL do PPGDC \u00e9 a forma\u00e7\u00e3o de pesquisadores(as), docentes e outros(as) profissionais que possam se inserir em todas as esferas ligadas ao Desenvolvimento Comunit\u00e1rio, com fundamenta\u00e7\u00e3o te\u00f3rico-metodol\u00f3gica capaz de subsidiar pr\u00e1ticas profissionais, bem como autonomia para construir pol\u00edticas, inova\u00e7\u00e3o, tecnologias e saberes, promover sua transfer\u00eancia eficaz, cient\u00edfica e criticamente validada para a sociedade, considerando as dimens\u00f5es epistemol\u00f3gica, te\u00f3rico-metodol\u00f3gica, pragm\u00e1tica e \u00e9tica do conhecimento.<\/span><\/p>\n<p style=\"text-align: justify\">\n<p class=\"western\" style=\"text-align: justify\"><span lang=\"pt-PT\"><b>Perfil dos egressos:<\/b><\/span><\/p>\n<p class=\"western\" style=\"text-align: justify\"><span lang=\"pt-PT\">O PERFIL DOS(AS) EGRESSOS(AS) est\u00e1 em plena conson\u00e2ncia com o Sistema Nacional de P\u00f3s-Gradua\u00e7\u00e3o, prevendo a excel\u00eancia formativa de pesquisadores(as) capazes de liderar processos inovadores no campo da investiga\u00e7\u00e3o e doc\u00eancia. O(a) egresso(a) do PPGDC tem compet\u00eancias para a realiza\u00e7\u00e3o de pesquisas e para atuar sobre\/nos\/para contextos comunit\u00e1rios. Essa atua\u00e7\u00e3o \u00e9 subsidiada por fundamentos te\u00f3rico-metodol\u00f3gicos que fornecem suporte para a articula\u00e7\u00e3o entre os conhecimentos a partir de uma perspectiva interdisciplinar, profundamente materializada na estrutura curricular do Programa, que envolve conte\u00fados interdisciplinares e interpr\u00e1ticos capazes de considerar as necessidades espec\u00edficas do desenvolvimento humano e comunit\u00e1rio, sem perder de vista seus aspectos socioculturais, biopol\u00edticos e socioambientais.<\/span><\/p>\n<p class=\"western\" style=\"text-align: justify\"><span lang=\"pt-PT\">Trata-se de uma forma\u00e7\u00e3o ampla, epistemologicamente plural, com aptid\u00e3o para relacionar o conhecimento cient\u00edfico com os saberes produzidos em\/por comunidades. Al\u00e9m disso, aptid\u00e3o para atuar na gest\u00e3o do conhecimento em diferentes espa\u00e7os, com profunda reflex\u00e3o cr\u00edtica.<\/span><\/p>\n<p class=\"western\" style=\"text-align: justify\"><span lang=\"pt-PT\">O perfil contempla, por fim, a forma\u00e7\u00e3o de profissionais capazes de reconhecer as poss\u00edveis interfaces entre componentes te\u00f3rico-pr\u00e1ticos, voltados para diversas \u00e1reas do conhecimento. Exigem-se profissionais com perfil flex\u00edvel, capazes de acompanhar transforma\u00e7\u00f5es no cotidiano comunit\u00e1rio e cient\u00edfico, compatibilizando inova\u00e7\u00f5es no desenvolvimento das compet\u00eancias, habilidades e conhecimento t\u00e9cnico-cient\u00edfico, tanto para futuros(as) mestres(as) como para doutores(as). (PPGDC, 2024).<\/span><\/p>\n<p class=\"western\" style=\"text-align: justify\"><span lang=\"pt-PT\"><b>Os OBJETIVOS ESPEC\u00cdFICOS do PPGDC s\u00e3o (PPGDC, 2024):<\/b><\/span><\/p>\n<p class=\"western\"><span lang=\"pt-PT\">a) a realiza\u00e7\u00e3o de pesquisas interdisciplinares de fen\u00f4menos abrangidos por saberes e pr\u00e1ticas socioculturais e institucionais em DC;<\/span><\/p>\n<p class=\"western\" style=\"text-align: justify\"><span lang=\"pt-PT\">b) a proposi\u00e7\u00e3o e\/ou atendimento cient\u00edficos de demandas locais, regionais, nacionais e internacionais de forma\u00e7\u00e3o qualificada no campo de DC, em seus aspectos biopol\u00edticos e socioambientais, fundamentais para a promo\u00e7\u00e3o e o aperfei\u00e7oamento de processos, pol\u00edticas p\u00fablicas, produ\u00e7\u00e3o e transfer\u00eancia de saberes;<\/span><\/p>\n<p class=\"western\" style=\"text-align: justify\"><span lang=\"pt-PT\">c) o avan\u00e7o do conhecimento interdisciplinar e profissional em DC, considerando a converg\u00eancia entre Ci\u00eancias Sociais Aplicadas, Ci\u00eancias Humanas e Ci\u00eancias da Sa\u00fade;<\/span><\/p>\n<p class=\"western\" style=\"text-align: justify\"><span lang=\"pt-PT\">d) a promo\u00e7\u00e3o interdisciplinar e multiprofissional de saberes e interpr\u00e1ticas, que tomam o DC como campo aut\u00f4nomo, e \u00e1rea de forma\u00e7\u00e3o de profissionais cientificamente qualificados(as) e voltados(as) para a constru\u00e7\u00e3o de conhecimentos, reflex\u00f5es cr\u00edticas sobre a melhoria das condi\u00e7\u00f5es de vida, bem como estrat\u00e9gias sobre os desafios cient\u00edficos em torno da articula\u00e7\u00e3o de comunidades nos mais variados sentidos, e,<\/span><\/p>\n<p class=\"western\" style=\"text-align: justify\"><span lang=\"pt-PT\">e) o desenvolvimento de estrat\u00e9gias seguras, \u00e9ticas e baseadas nas pr\u00e1ticas cient\u00edficas e na ci\u00eancia aberta, de transfer\u00eancia de conhecimento interdisciplinar em DC, bem como de constru\u00e7\u00e3o de tecnologias e inova\u00e7\u00e3o nesse campo.<\/span><\/p>\n","protected":false},"excerpt":{"rendered":"<p>A MISS\u00c3O do Programa de P\u00f3s-Gradua\u00e7\u00e3o Interdisciplinar em Desenvolvimento Comunit\u00e1rio (PPGDC), corrobora a miss\u00e3o estabelecida pela Universidade Estadual do Centro Oeste (Unicentro), que \u00e9 \u201cPropiciar a produ\u00e7\u00e3o, a guarda, o acesso e a dissemina\u00e7\u00e3o do conhecimento cient\u00edfico, da cultura, da arte, da tecnologia e da inova\u00e7\u00e3o, formando pessoas eticamente respons\u00e1veis e profissionalmente qualificadas para a [&hellip;]<\/p>\n","protected":false},"author":3,"featured_media":0,"parent":20,"menu_order":0,"comment_status":"closed","ping_status":"closed","template":"","meta":{"_exactmetrics_skip_tracking":false,"_exactmetrics_sitenote_active":false,"_exactmetrics_sitenote_note":"","_exactmetrics_sitenote_category":0,"footnotes":"","_links_to":"","_links_to_target":""},"class_list":["post-24","page","type-page","status-publish","hentry"],"_links":{"self":[{"href":"https:\/\/www3.unicentro.br\/ppgdc\/wp-json\/wp\/v2\/pages\/24","targetHints":{"allow":["GET"]}}],"collection":[{"href":"https:\/\/www3.unicentro.br\/ppgdc\/wp-json\/wp\/v2\/pages"}],"about":[{"href":"https:\/\/www3.unicentro.br\/ppgdc\/wp-json\/wp\/v2\/types\/page"}],"author":[{"embeddable":true,"href":"https:\/\/www3.unicentro.br\/ppgdc\/wp-json\/wp\/v2\/users\/3"}],"replies":[{"embeddable":true,"href":"https:\/\/www3.unicentro.br\/ppgdc\/wp-json\/wp\/v2\/comments?post=24"}],"version-history":[{"count":2,"href":"https:\/\/www3.unicentro.br\/ppgdc\/wp-json\/wp\/v2\/pages\/24\/revisions"}],"predecessor-version":[{"id":1333,"href":"https:\/\/www3.unicentro.br\/ppgdc\/wp-json\/wp\/v2\/pages\/24\/revisions\/1333"}],"up":[{"embeddable":true,"href":"https:\/\/www3.unicentro.br\/ppgdc\/wp-json\/wp\/v2\/pages\/20"}],"wp:attachment":[{"href":"https:\/\/www3.unicentro.br\/ppgdc\/wp-json\/wp\/v2\/media?parent=24"}],"curies":[{"name":"wp","href":"https:\/\/api.w.org\/{rel}","templated":true}]}}