{"id":726,"date":"2019-02-19T08:49:52","date_gmt":"2019-02-19T11:49:52","guid":{"rendered":"https:\/\/www3.unicentro.br\/ppgcf\/?page_id=726"},"modified":"2023-05-17T13:30:02","modified_gmt":"2023-05-17T16:30:02","slug":"ementas","status":"publish","type":"page","link":"https:\/\/www3.unicentro.br\/ppgcf\/ementas\/","title":{"rendered":"Ementas e plano de ensino"},"content":{"rendered":"<ul>\n<li><a href=\"https:\/\/www3.unicentro.br\/ppgcf\/wp-content\/uploads\/sites\/12\/2020\/10\/Ementa_e_Plano_Bioestatistica_2020_5f7c9d3838958.pdf\">Bioestat\u00edstica<\/a><\/li>\n<li><a href=\"https:\/\/www3.unicentro.br\/ppgcf\/wp-content\/uploads\/sites\/12\/2019\/02\/Ementa_DESENVOLVIMENTO_E_VALIDA_O_DE_M_TODOS_ANAL_TICOS_5c6ae997a800c.pdf\">Desenvolvimento e Valida\u00e7\u00e3o de M\u00e9todos Anal\u00edticos<\/a><\/li>\n<li><a href=\"https:\/\/www3.unicentro.br\/ppgcf\/wp-content\/uploads\/sites\/12\/2019\/02\/Ementa_e_Plano_Desreguladores_1_5c6ae9b26b5c1.pdf\">Desreguladores End\u00f3crinos Qu\u00edmicos<\/a><\/li>\n<li><a href=\"https:\/\/www3.unicentro.br\/ppgcf\/wp-content\/uploads\/sites\/12\/2020\/10\/Ementa_e_Plano_Virologia_5f7c9d22649fd.pdf\">Diagn\u00f3stico e Acompanhamento Laboratorial de Doen\u00e7as Virais<\/a><\/li>\n<li><a href=\"https:\/\/www3.unicentro.br\/ppgcf\/wp-content\/uploads\/sites\/12\/2020\/10\/Ementa_e_Plano__Farmacodin_mica_avancada_Renata_atualizado_5f7c9d2db8980.pdf\">Farmacodin\u00e2mica Avan\u00e7ada<\/a><\/li>\n<li><a href=\"https:\/\/www3.unicentro.br\/ppgcf\/wp-content\/uploads\/sites\/12\/2019\/07\/6_Ementa_ESTABILIDADE_DE_F_RMACOS_E_MEDICAMENTOS_5d179277b93bc.pdf\">Estabilidade de F\u00e1rmacos e Medicamentos<\/a><\/li>\n<li><a href=\"https:\/\/www3.unicentro.br\/ppgcf\/wp-content\/uploads\/sites\/12\/2020\/10\/ementa_neuroquimica_enviado_22092020_5f7c9d4e3f7f0.pdf\">Neuroqu\u00edmica<\/a><\/li>\n<li><a href=\"https:\/\/www3.unicentro.br\/ppgcf\/wp-content\/uploads\/sites\/12\/2020\/10\/Ementa_e_Plano_pre_formulacao_5f7c9d4341058.pdf\">Pr\u00e9-formula\u00e7\u00e3o Farmac\u00eautica<\/a><\/li>\n<li><a href=\"https:\/\/www3.unicentro.br\/ppgcf\/wp-content\/uploads\/sites\/12\/2023\/05\/Plano_de_Ensino_Prospec_o_Tecnol_gica_em_Sa_de_Daniel_de_Paula_2023_6464e9338e9ab.pdf\">Prospec\u00e7\u00e3o Tecnol\u00f3gica em Sa\u00fade<\/a><\/li>\n<li><a href=\"https:\/\/www3.unicentro.br\/ppgcf\/wp-content\/uploads\/sites\/12\/2020\/10\/Plano_de_Ensino_seminarios_doutorado_1_5f7c9d5b61bcc.pdf\">Semin\u00e1rios Gerais em Ci\u00eancias Farmac\u00eauticas<\/a><\/li>\n<li><a href=\"https:\/\/www3.unicentro.br\/ppgcf\/wp-content\/uploads\/sites\/12\/2019\/02\/Ementa_e_plano_de_ensino_Bio_celular_5c6ae9a7c7012.pdf\">T\u00e9cnicas em Biologia Celular e Bioqu\u00edmica de Prote\u00ednas<\/a><\/li>\n<li><a href=\"https:\/\/www3.unicentro.br\/ppgcf\/wp-content\/uploads\/sites\/12\/2019\/07\/10_Ementa_TERAPIA_FOTODIN_MICA_FUNDAMENTOS_E_APLICA_ES_5d1792bb5a736.pdf\">Terapia Fotodin\u00e2mica: Fundamentos e Aplica\u00e7\u00f5es<\/a><\/li>\n<li><a href=\"https:\/\/www3.unicentro.br\/ppgcf\/wp-content\/uploads\/sites\/12\/2019\/07\/11_Ementa_T_picos_especiais_em_ci_ncias_farmac_uticas_III_Avalia_o_Biol_gica_de_Sistemas_Nanoestrurados_5d1792cbd46a4.pdf\">T\u00f3picos Especiais em Ci\u00eancias Farmac\u00eauticas III: Avalia\u00e7\u00e3o Biol\u00f3gica de Sistemas Nanoestruturados<\/a><\/li>\n<li><a href=\"https:\/\/www3.unicentro.br\/ppgcf\/wp-content\/uploads\/sites\/12\/2019\/07\/12_Ementa_T_picos_Especiais_em_Ci_ncias_Farmac_uticas_III_Educa_o_em_Sa_de_na_Pr_tica_Escolar_5d1792dc1b739.pdf\">T\u00f3picos Especiais em Ci\u00eancias Farmac\u00eauticas III: Educa\u00e7\u00e3o em Sa\u00fade na Pr\u00e1tica Escolar<\/a><\/li>\n<li><a href=\"https:\/\/www3.unicentro.br\/ppgcf\/wp-content\/uploads\/sites\/12\/2020\/10\/Plano_de_Ensino_T_picos_III_T_PICOS_EM_APRENDIZADO_E_MEM_RIA_2020_1_5f7c9d723b461.pdf\">T\u00f3picos Especiais em Ci\u00eancias Farmac\u00eauticas III: T\u00f3picos em Aprendizado e Mem\u00f3ria<\/a><\/li>\n<li><a href=\"https:\/\/www3.unicentro.br\/ppgcf\/wp-content\/uploads\/sites\/12\/2020\/10\/Plano_de_Ensino_uso_de_produtos_naturais_Mestrado_Doutorado_Malfatti_5f7c9d7a9044e.pdf\">Uso de produtos naturais em modelos de doen\u00e7as cr\u00f4nico-degenerativas <\/a><\/li>\n<\/ul>\n","protected":false},"excerpt":{"rendered":"<p>Bioestat\u00edstica Desenvolvimento e Valida\u00e7\u00e3o de M\u00e9todos Anal\u00edticos Desreguladores End\u00f3crinos Qu\u00edmicos Diagn\u00f3stico e Acompanhamento Laboratorial de Doen\u00e7as Virais Farmacodin\u00e2mica Avan\u00e7ada Estabilidade de F\u00e1rmacos e Medicamentos Neuroqu\u00edmica Pr\u00e9-formula\u00e7\u00e3o Farmac\u00eautica Prospec\u00e7\u00e3o Tecnol\u00f3gica em Sa\u00fade Semin\u00e1rios Gerais em Ci\u00eancias Farmac\u00eauticas T\u00e9cnicas em Biologia Celular e Bioqu\u00edmica de Prote\u00ednas Terapia Fotodin\u00e2mica: Fundamentos e Aplica\u00e7\u00f5es T\u00f3picos Especiais em Ci\u00eancias Farmac\u00eauticas III: [&hellip;]<\/p>\n","protected":false},"author":6,"featured_media":0,"parent":0,"menu_order":0,"comment_status":"closed","ping_status":"closed","template":"","meta":{"_exactmetrics_skip_tracking":false,"_exactmetrics_sitenote_active":false,"_exactmetrics_sitenote_note":"","_exactmetrics_sitenote_category":0,"footnotes":"","_links_to":"","_links_to_target":""},"class_list":["post-726","page","type-page","status-publish","hentry"],"_links":{"self":[{"href":"https:\/\/www3.unicentro.br\/ppgcf\/wp-json\/wp\/v2\/pages\/726","targetHints":{"allow":["GET"]}}],"collection":[{"href":"https:\/\/www3.unicentro.br\/ppgcf\/wp-json\/wp\/v2\/pages"}],"about":[{"href":"https:\/\/www3.unicentro.br\/ppgcf\/wp-json\/wp\/v2\/types\/page"}],"author":[{"embeddable":true,"href":"https:\/\/www3.unicentro.br\/ppgcf\/wp-json\/wp\/v2\/users\/6"}],"replies":[{"embeddable":true,"href":"https:\/\/www3.unicentro.br\/ppgcf\/wp-json\/wp\/v2\/comments?post=726"}],"version-history":[{"count":0,"href":"https:\/\/www3.unicentro.br\/ppgcf\/wp-json\/wp\/v2\/pages\/726\/revisions"}],"wp:attachment":[{"href":"https:\/\/www3.unicentro.br\/ppgcf\/wp-json\/wp\/v2\/media?parent=726"}],"curies":[{"name":"wp","href":"https:\/\/api.w.org\/{rel}","templated":true}]}}