{"id":54,"date":"2017-05-08T17:24:09","date_gmt":"2017-05-08T20:24:09","guid":{"rendered":"https:\/\/www3.unicentro.br\/ppgcf\/?page_id=54"},"modified":"2020-02-28T10:17:43","modified_gmt":"2020-02-28T13:17:43","slug":"proximas-defesas","status":"publish","type":"page","link":"https:\/\/www3.unicentro.br\/ppgcf\/proximas-defesas\/","title":{"rendered":"Pr\u00f3ximas Defesas"},"content":{"rendered":"<div class=\"wpb-content-wrapper\"><p>[vc_row][vc_column][vc_tta_accordion style=&#8221;flat&#8221; shape=&#8221;square&#8221; color=&#8221;chino&#8221; spacing=&#8221;1&#8243; active_section=&#8221;1000&#8243; no_fill=&#8221;true&#8221; collapsible_all=&#8221;true&#8221;][vc_tta_section title=&#8221;Fevereiro \/ 2020&#8243; tab_id=&#8221;1505842830889-a6a04457-22de&#8221;][vc_single_image source=&#8221;external_link&#8221; alignment=&#8221;center&#8221; custom_src=&#8221;https:\/\/www3.unicentro.br\/ppgcf\/wp-content\/uploads\/sites\/12\/2020\/02\/88.jpg&#8221; css=&#8221;.vc_custom_1582895860955{border-top-width: 1px !important;border-right-width: 1px !important;border-bottom-width: 1px !important;border-left-width: 1px !important;padding-top: 15px !important;padding-right: 15px !important;padding-bottom: 15px !important;padding-left: 15px !important;}&#8221;][vc_single_image source=&#8221;external_link&#8221; alignment=&#8221;center&#8221; custom_src=&#8221;https:\/\/www3.unicentro.br\/ppgcf\/wp-content\/uploads\/sites\/12\/2020\/02\/87.jpg&#8221; css=&#8221;.vc_custom_1582895852270{border-top-width: 1px !important;border-right-width: 1px !important;border-bottom-width: 1px !important;border-left-width: 1px !important;padding-top: 15px !important;padding-right: 15px !important;padding-bottom: 15px !important;padding-left: 15px !important;}&#8221;][vc_single_image source=&#8221;external_link&#8221; alignment=&#8221;center&#8221; custom_src=&#8221;https:\/\/www3.unicentro.br\/ppgcf\/wp-content\/uploads\/sites\/12\/2020\/02\/86.jpg&#8221; css=&#8221;.vc_custom_1582895810640{border-top-width: 1px !important;border-right-width: 1px !important;border-bottom-width: 1px !important;border-left-width: 1px !important;padding-top: 15px !important;padding-right: 15px !important;padding-bottom: 15px !important;padding-left: 15px !important;}&#8221;][\/vc_tta_section][vc_tta_section title=&#8221;Maio \/ 2018&#8243; tab_id=&#8221;1582895773876-8fefc9e5-28d6&#8243;][vc_single_image source=&#8221;external_link&#8221; alignment=&#8221;center&#8221; custom_src=&#8221;https:\/\/www3.unicentro.br\/ppgcf\/wp-content\/uploads\/sites\/12\/2018\/05\/76.jpg&#8221; css=&#8221;.vc_custom_1525454798229{border-top-width: 1px !important;border-right-width: 1px !important;border-bottom-width: 1px !important;border-left-width: 1px !important;padding-top: 15px !important;padding-right: 15px !important;padding-bottom: 15px !important;padding-left: 15px !important;}&#8221;][\/vc_tta_section][vc_tta_section title=&#8221;Mar\u00e7o \/ 2018&#8243; tab_id=&#8221;1525454683302-9875320d-a4c7&#8243;][vc_single_image source=&#8221;external_link&#8221; alignment=&#8221;center&#8221; custom_src=&#8221;https:\/\/www3.unicentro.br\/ppgcf\/wp-content\/uploads\/sites\/12\/2018\/02\/75.jpg&#8221; css=&#8221;.vc_custom_1519730900957{border-top-width: 1px !important;border-right-width: 1px !important;border-bottom-width: 1px !important;border-left-width: 1px !important;padding-top: 15px !important;padding-right: 15px !important;padding-bottom: 15px !important;padding-left: 15px !important;}&#8221;][vc_single_image source=&#8221;external_link&#8221; alignment=&#8221;center&#8221; custom_src=&#8221;https:\/\/www3.unicentro.br\/ppgcf\/wp-content\/uploads\/sites\/12\/2018\/02\/74.jpg&#8221; css=&#8221;.vc_custom_1519730908530{border-top-width: 1px !important;border-right-width: 1px !important;border-bottom-width: 1px !important;border-left-width: 1px !important;padding-top: 15px !important;padding-right: 15px !important;padding-bottom: 15px !important;padding-left: 15px !important;}&#8221;][vc_single_image source=&#8221;external_link&#8221; alignment=&#8221;center&#8221; custom_src=&#8221;https:\/\/www3.unicentro.br\/ppgcf\/wp-content\/uploads\/sites\/12\/2018\/02\/73.jpg&#8221; css=&#8221;.vc_custom_1519730916264{border-top-width: 1px !important;border-right-width: 1px !important;border-bottom-width: 1px !important;border-left-width: 1px !important;padding-top: 15px !important;padding-right: 15px !important;padding-bottom: 15px !important;padding-left: 15px !important;}&#8221;][vc_single_image source=&#8221;external_link&#8221; alignment=&#8221;center&#8221; custom_src=&#8221;https:\/\/www3.unicentro.br\/ppgcf\/wp-content\/uploads\/sites\/12\/2018\/02\/72-1.jpg&#8221; css=&#8221;.vc_custom_1519759649188{border-top-width: 1px !important;border-right-width: 1px !important;border-bottom-width: 1px !important;border-left-width: 1px !important;padding-top: 15px !important;padding-right: 15px !important;padding-bottom: 15px !important;padding-left: 15px !important;}&#8221;][vc_single_image source=&#8221;external_link&#8221; alignment=&#8221;center&#8221; custom_src=&#8221;https:\/\/www3.unicentro.br\/ppgcf\/wp-content\/uploads\/sites\/12\/2018\/02\/71-1.jpg&#8221; css=&#8221;.vc_custom_1519759668121{border-top-width: 1px !important;border-right-width: 1px !important;border-bottom-width: 1px !important;border-left-width: 1px !important;padding-top: 15px !important;padding-right: 15px !important;padding-bottom: 15px !important;padding-left: 15px !important;}&#8221;][\/vc_tta_section][vc_tta_section title=&#8221;Fevereiro \/ 2018&#8243; tab_id=&#8221;1519730862027-86f967af-e1f8&#8243;][vc_single_image source=&#8221;external_link&#8221; alignment=&#8221;center&#8221; custom_src=&#8221;https:\/\/www3.unicentro.br\/ppgcf\/wp-content\/uploads\/sites\/12\/2018\/02\/70-1.jpg&#8221; css=&#8221;.vc_custom_1519759506375{border-top-width: 1px !important;border-right-width: 1px !important;border-bottom-width: 1px !important;border-left-width: 1px !important;padding-top: 15px !important;padding-right: 15px !important;padding-bottom: 15px !important;padding-left: 15px !important;}&#8221;][vc_single_image source=&#8221;external_link&#8221; alignment=&#8221;center&#8221; custom_src=&#8221;https:\/\/www3.unicentro.br\/ppgcf\/wp-content\/uploads\/sites\/12\/2018\/02\/69.jpg&#8221; css=&#8221;.vc_custom_1519153606608{border-top-width: 1px !important;border-right-width: 1px !important;border-bottom-width: 1px !important;border-left-width: 1px !important;padding-top: 15px !important;padding-right: 15px !important;padding-bottom: 15px !important;padding-left: 15px !important;}&#8221;][vc_single_image source=&#8221;external_link&#8221; alignment=&#8221;center&#8221; custom_src=&#8221;https:\/\/www3.unicentro.br\/ppgcf\/wp-content\/uploads\/sites\/12\/2018\/02\/68.jpg&#8221; css=&#8221;.vc_custom_1519153614734{border-top-width: 1px !important;border-right-width: 1px !important;border-bottom-width: 1px !important;border-left-width: 1px !important;padding-top: 15px !important;padding-right: 15px !important;padding-bottom: 15px !important;padding-left: 15px !important;}&#8221;][vc_single_image source=&#8221;external_link&#8221; alignment=&#8221;center&#8221; custom_src=&#8221;https:\/\/www3.unicentro.br\/ppgcf\/wp-content\/uploads\/sites\/12\/2018\/02\/67.jpg&#8221; css=&#8221;.vc_custom_1519153622232{border-top-width: 1px !important;border-right-width: 1px !important;border-bottom-width: 1px !important;border-left-width: 1px !important;padding-top: 15px !important;padding-right: 15px !important;padding-bottom: 15px !important;padding-left: 15px !important;}&#8221;][vc_single_image source=&#8221;external_link&#8221; alignment=&#8221;center&#8221; custom_src=&#8221;https:\/\/www3.unicentro.br\/ppgcf\/wp-content\/uploads\/sites\/12\/2018\/02\/66.jpg&#8221; css=&#8221;.vc_custom_1519153589929{border-top-width: 1px !important;border-right-width: 1px !important;border-bottom-width: 1px !important;border-left-width: 1px !important;padding-top: 15px !important;padding-right: 15px !important;padding-bottom: 15px !important;padding-left: 15px !important;}&#8221;][vc_single_image source=&#8221;external_link&#8221; alignment=&#8221;center&#8221; custom_src=&#8221;https:\/\/www3.unicentro.br\/ppgcf\/wp-content\/uploads\/sites\/12\/2018\/02\/65_Nilane_5a87227e2fe6a.jpg&#8221; css=&#8221;.vc_custom_1518806804867{border-top-width: 1px !important;border-right-width: 1px !important;border-bottom-width: 1px !important;border-left-width: 1px !important;padding-top: 15px !important;padding-right: 15px !important;padding-bottom: 15px !important;padding-left: 15px !important;}&#8221;][vc_single_image source=&#8221;external_link&#8221; alignment=&#8221;center&#8221; custom_src=&#8221;https:\/\/www3.unicentro.br\/ppgcf\/wp-content\/uploads\/sites\/12\/2018\/02\/64_Andressa_5a86bfbe5f988.jpg&#8221; css=&#8221;.vc_custom_1518784547681{border-top-width: 1px !important;border-right-width: 1px !important;border-bottom-width: 1px !important;border-left-width: 1px !important;padding-top: 15px !important;padding-right: 15px !important;padding-bottom: 15px !important;padding-left: 15px !important;}&#8221;][vc_single_image source=&#8221;external_link&#8221; alignment=&#8221;center&#8221; custom_src=&#8221;https:\/\/www3.unicentro.br\/ppgcf\/wp-content\/uploads\/sites\/12\/2018\/02\/63_B_rbara_L_Fermino_5a86bfb36c73d.jpg&#8221; css=&#8221;.vc_custom_1518784490090{border-top-width: 1px !important;border-right-width: 1px !important;border-bottom-width: 1px !important;border-left-width: 1px !important;padding-top: 15px !important;padding-right: 15px !important;padding-bottom: 15px !important;padding-left: 15px !important;}&#8221;][vc_single_image source=&#8221;external_link&#8221; alignment=&#8221;center&#8221; custom_src=&#8221;https:\/\/www3.unicentro.br\/ppgcf\/wp-content\/uploads\/sites\/12\/2018\/02\/02.05.jpg&#8221; css=&#8221;.vc_custom_1517492168670{border-top-width: 1px !important;border-right-width: 1px !important;border-bottom-width: 1px !important;border-left-width: 1px !important;padding-top: 15px !important;padding-right: 15px !important;padding-bottom: 15px !important;padding-left: 15px !important;}&#8221;][\/vc_tta_section][vc_tta_section title=&#8221;Mar\u00e7o \/ 2017&#8243; tab_id=&#8221;1517492089091-cd47c27a-4e59&#8243;][vc_single_image source=&#8221;external_link&#8221; alignment=&#8221;center&#8221; custom_src=&#8221;http:\/\/www.unicentro.br\/posgraduacao\/mestrado\/farmacia\/imagens\/defesas\/03.06.jpg&#8221; css=&#8221;.vc_custom_1494275022443{border-width: 1px !important;padding: 15px !important;}&#8221;][\/vc_tta_section][vc_tta_section title=&#8221;Fevereiro \/ 2017&#8243; tab_id=&#8221;1494274848366-74f865a8-e7a6&#8243;][vc_single_image source=&#8221;external_link&#8221; external_img_size=&#8221;full&#8221; alignment=&#8221;center&#8221; custom_src=&#8221;http:\/\/www.unicentro.br\/posgraduacao\/mestrado\/farmacia\/imagens\/defesas\/02.20.jpg&#8221; css=&#8221;.vc_custom_1494275060812{border-width: 1px !important;padding: 15px !important;}&#8221;][vc_single_image source=&#8221;external_link&#8221; external_img_size=&#8221;full&#8221; alignment=&#8221;center&#8221; custom_src=&#8221;http:\/\/www.unicentro.br\/posgraduacao\/mestrado\/farmacia\/imagens\/defesas\/02.24.jpg&#8221; css=&#8221;.vc_custom_1494275074994{border-top-width: 1px !important;border-right-width: 1px !important;border-bottom-width: 1px !important;border-left-width: 1px !important;padding-top: 15px !important;padding-right: 15px !important;padding-bottom: 15px !important;padding-left: 15px !important;}&#8221;][\/vc_tta_section][vc_tta_section title=&#8221;Setembro \/ 2016&#8243; tab_id=&#8221;1494332398685-3f509f83-d4a7&#8243;][vc_single_image source=&#8221;external_link&#8221; external_img_size=&#8221;full&#8221; alignment=&#8221;center&#8221; custom_src=&#8221;http:\/\/www.unicentro.br\/posgraduacao\/mestrado\/farmacia\/imagens\/defesas\/09.01.jpg&#8221; css=&#8221;.vc_custom_1494332421629{border-top-width: 1px !important;border-right-width: 1px !important;border-bottom-width: 1px !important;border-left-width: 1px !important;padding-top: 15px !important;padding-right: 15px !important;padding-bottom: 15px !important;padding-left: 15px !important;}&#8221;][vc_single_image source=&#8221;external_link&#8221; external_img_size=&#8221;full&#8221; alignment=&#8221;center&#8221; custom_src=&#8221;http:\/\/www.unicentro.br\/posgraduacao\/mestrado\/farmacia\/imagens\/defesas\/09.02-1.jpg&#8221; css=&#8221;.vc_custom_1494332430759{border-top-width: 1px !important;border-right-width: 1px !important;border-bottom-width: 1px !important;border-left-width: 1px !important;padding-top: 15px !important;padding-right: 15px !important;padding-bottom: 15px !important;padding-left: 15px !important;}&#8221;][vc_single_image source=&#8221;external_link&#8221; external_img_size=&#8221;full&#8221; alignment=&#8221;center&#8221; custom_src=&#8221;http:\/\/www.unicentro.br\/posgraduacao\/mestrado\/farmacia\/imagens\/defesas\/09.02-2.jpg&#8221; css=&#8221;.vc_custom_1494332443927{border-top-width: 1px !important;border-right-width: 1px !important;border-bottom-width: 1px !important;border-left-width: 1px !important;padding-top: 15px !important;padding-right: 15px !important;padding-bottom: 15px !important;padding-left: 15px !important;}&#8221;][\/vc_tta_section][vc_tta_section title=&#8221;Agosto \/ 2016&#8243; tab_id=&#8221;1494332452429-8324f9f7-7462&#8243;][vc_single_image source=&#8221;external_link&#8221; external_img_size=&#8221;full&#8221; alignment=&#8221;center&#8221; custom_src=&#8221;http:\/\/www.unicentro.br\/posgraduacao\/mestrado\/farmacia\/imagens\/defesas\/08.26.jpg&#8221; css=&#8221;.vc_custom_1494332470550{border-top-width: 1px !important;border-right-width: 1px !important;border-bottom-width: 1px !important;border-left-width: 1px !important;padding-top: 15px !important;padding-right: 15px !important;padding-bottom: 15px !important;padding-left: 15px !important;}&#8221;][vc_single_image source=&#8221;external_link&#8221; external_img_size=&#8221;full&#8221; alignment=&#8221;center&#8221; custom_src=&#8221;http:\/\/www.unicentro.br\/posgraduacao\/mestrado\/farmacia\/imagens\/defesas\/08.30.jpg&#8221; css=&#8221;.vc_custom_1494332477144{border-top-width: 1px !important;border-right-width: 1px !important;border-bottom-width: 1px !important;border-left-width: 1px !important;padding-top: 15px !important;padding-right: 15px !important;padding-bottom: 15px !important;padding-left: 15px !important;}&#8221;][\/vc_tta_section][vc_tta_section title=&#8221;Julho \/ 2016&#8243; tab_id=&#8221;1494332487153-e63b8fee-84e0&#8243;][vc_single_image source=&#8221;external_link&#8221; external_img_size=&#8221;full&#8221; alignment=&#8221;center&#8221; custom_src=&#8221;http:\/\/www.unicentro.br\/posgraduacao\/mestrado\/farmacia\/imagens\/defesas\/07.21.jpg&#8221; css=&#8221;.vc_custom_1494332506283{border-top-width: 1px !important;border-right-width: 1px !important;border-bottom-width: 1px !important;border-left-width: 1px !important;padding-top: 15px !important;padding-right: 15px !important;padding-bottom: 15px !important;padding-left: 15px !important;}&#8221;][\/vc_tta_section][vc_tta_section title=&#8221;Junho \/ 2016&#8243; tab_id=&#8221;1494332512322-f9788785-4089&#8243;][vc_single_image source=&#8221;external_link&#8221; external_img_size=&#8221;full&#8221; alignment=&#8221;center&#8221; custom_src=&#8221;http:\/\/www.unicentro.br\/posgraduacao\/mestrado\/farmacia\/imagens\/defesas\/06.30.jpg&#8221; css=&#8221;.vc_custom_1494332527691{border-top-width: 1px !important;border-right-width: 1px !important;border-bottom-width: 1px !important;border-left-width: 1px !important;padding-top: 15px !important;padding-right: 15px !important;padding-bottom: 15px !important;padding-left: 15px !important;}&#8221;][\/vc_tta_section][vc_tta_section title=&#8221;Fevereiro \/ 2016&#8243; tab_id=&#8221;1494332539876-b5957b25-fa76&#8243;][vc_single_image source=&#8221;external_link&#8221; external_img_size=&#8221;full&#8221; alignment=&#8221;center&#8221; custom_src=&#8221;http:\/\/www.unicentro.br\/posgraduacao\/mestrado\/farmacia\/imagens\/defesas\/02.15.jpg&#8221; css=&#8221;.vc_custom_1494332557551{border-top-width: 1px !important;border-right-width: 1px !important;border-bottom-width: 1px !important;border-left-width: 1px !important;padding-top: 15px !important;padding-right: 15px !important;padding-bottom: 15px !important;padding-left: 15px !important;}&#8221;][vc_single_image source=&#8221;external_link&#8221; external_img_size=&#8221;full&#8221; alignment=&#8221;center&#8221; custom_src=&#8221;http:\/\/www.unicentro.br\/posgraduacao\/mestrado\/farmacia\/imagens\/defesas\/02.17-1.jpg&#8221; css=&#8221;.vc_custom_1494332569445{border-top-width: 1px !important;border-right-width: 1px !important;border-bottom-width: 1px !important;border-left-width: 1px !important;padding-top: 15px !important;padding-right: 15px !important;padding-bottom: 15px !important;padding-left: 15px !important;}&#8221;][vc_single_image source=&#8221;external_link&#8221; external_img_size=&#8221;full&#8221; alignment=&#8221;center&#8221; custom_src=&#8221;http:\/\/www.unicentro.br\/posgraduacao\/mestrado\/farmacia\/imagens\/defesas\/02.17-2.jpg&#8221; css=&#8221;.vc_custom_1494332586363{border-top-width: 1px !important;border-right-width: 1px !important;border-bottom-width: 1px !important;border-left-width: 1px !important;padding-top: 15px !important;padding-right: 15px !important;padding-bottom: 15px !important;padding-left: 15px !important;}&#8221;][vc_single_image source=&#8221;external_link&#8221; external_img_size=&#8221;full&#8221; alignment=&#8221;center&#8221; custom_src=&#8221;http:\/\/www.unicentro.br\/posgraduacao\/mestrado\/farmacia\/imagens\/defesas\/02.23.jpg&#8221; css=&#8221;.vc_custom_1494332605420{border-top-width: 1px !important;border-right-width: 1px !important;border-bottom-width: 1px !important;border-left-width: 1px !important;padding-top: 15px !important;padding-right: 15px !important;padding-bottom: 15px !important;padding-left: 15px !important;}&#8221;][vc_single_image source=&#8221;external_link&#8221; external_img_size=&#8221;full&#8221; alignment=&#8221;center&#8221; custom_src=&#8221;http:\/\/www.unicentro.br\/posgraduacao\/mestrado\/farmacia\/imagens\/defesas\/02.25.jpg&#8221; css=&#8221;.vc_custom_1494332627631{border-top-width: 1px !important;border-right-width: 1px !important;border-bottom-width: 1px !important;border-left-width: 1px !important;padding-top: 15px !important;padding-right: 15px !important;padding-bottom: 15px !important;padding-left: 15px !important;}&#8221;][vc_single_image source=&#8221;external_link&#8221; external_img_size=&#8221;full&#8221; alignment=&#8221;center&#8221; custom_src=&#8221;http:\/\/www.unicentro.br\/posgraduacao\/mestrado\/farmacia\/imagens\/defesas\/02.29.jpg&#8221; css=&#8221;.vc_custom_1494332652066{border-top-width: 1px !important;border-right-width: 1px !important;border-bottom-width: 1px !important;border-left-width: 1px !important;padding-top: 15px !important;padding-right: 15px !important;padding-bottom: 15px !important;padding-left: 15px !important;}&#8221;][\/vc_tta_section][vc_tta_section title=&#8221;Agosto \/ 2015&#8243; tab_id=&#8221;1494332739643-48ffd52d-3120&#8243;][vc_column_text css=&#8221;.vc_custom_1494333111514{border-bottom-width: 1px !important;border-bottom-color: #c1c1c1 !important;border-bottom-style: dotted !important;}&#8221;]<strong>Mestranda:<\/strong> Daniele Antonelo Campos<\/p>\n<p><strong>Orientador:<\/strong> Emerson Carraro<\/p>\n<p><strong>Local e data:<\/strong> Dia 24 de agosto de 2015, \u00e0s 09:00h, na sala 1 do Bloco da Farm\u00e1cia \u2013 Sala do Mestrado do PPGCF<\/p>\n<p><strong>T\u00edtulo da disserta\u00e7\u00e3o:<\/strong> \u201cInfec\u00e7\u00e3o respirat\u00f3ria causada pelo v\u00edrus Influenza em pacientes atendidos na rede prim\u00e1ria de aten\u00e7\u00e3o \u00e0 sa\u00fade no munic\u00edpio de Guarapuava-PR\u201d<\/p>\n<p><strong>Composi\u00e7\u00e3o da Banca Examinadora:<\/strong><\/p>\n<p>Prof. Dr. Emerson Carraro &#8211; Unicentro<br \/>\nP\u00f3s-Doutorando Aripuan\u00e3 S. A. Watanabe \u2013 Famerp<br \/>\nProfa. Dra. Larissa Sakis Bernardi \u2013 Unicentro[\/vc_column_text][vc_column_text css=&#8221;.vc_custom_1494333188818{border-bottom-width: 1px !important;border-bottom-color: #d6d6d6 !important;border-bottom-style: dotted !important;}&#8221;]<strong>Mestrando:<\/strong> Jo\u00e3o Frederico Musial<\/p>\n<p><strong>Orientador:<\/strong> David Livingtone Alves Figueiredo<\/p>\n<p><strong>Local e data:<\/strong> Dia 26 de agosto de 2015, \u00e0s 09:00h, na sala 1 do Bloco da Farm\u00e1cia \u2013 Sala do Mestrado do PPGCF<\/p>\n<p><strong>T\u00edtulo da disserta\u00e7\u00e3o:<\/strong> \u201cExpress\u00e3o dos ant\u00edgenos HOXC8 e HOXD10 em carcinoma espinocelular de laringe: an\u00e1lise por imuno-histoqu\u00edmica\u201d<\/p>\n<p><strong>Composi\u00e7\u00e3o da Banca Examinadora:<\/strong><\/p>\n<p>Prof. Dr. David Livingtone Alves Figueiredo \u2013 Unicentro<br \/>\nProf. Dr. Fabiano Pinto Saggioro \u2013 USP<br \/>\nProf. Dr. Emerson Carraro \u2013 Unicentro[\/vc_column_text][vc_column_text css=&#8221;.vc_custom_1494333258366{border-bottom-width: 1px !important;padding-bottom: 10px !important;border-bottom-color: #e0e0e0 !important;border-bottom-style: dotted !important;}&#8221;]<strong>Mestranda:<\/strong> Jacqueline Aparecida Eidam Horst<\/p>\n<p><strong>Orientador:<\/strong> Juliana Bonini<\/p>\n<p><strong>Local e data:<\/strong> Dia 28 de agosto de 2015, \u00e0s 09:00h, na sala 1 do Bloco da Farm\u00e1cia \u2013 Sala do Mestrado do PPGCF<\/p>\n<p><strong>T\u00edtulo da disserta\u00e7\u00e3o:<\/strong> \u201cAvalia\u00e7\u00e3o de Par\u00e2metros Associados ao Estresse Oxidativo em pacientes com Doen\u00e7a de Alzheimer\u201d<\/p>\n<p><strong>Composi\u00e7\u00e3o da Banca Examinadora:<\/strong><\/p>\n<p>Profa. Dra. Juliana Sartori Bonini \u2013 Unicentro<br \/>\nProf. Dr. Fernando Benetti \u2013 UFRGS<br \/>\nProf. Dr. Emerson Carraro \u2013 Unicentro[\/vc_column_text][\/vc_tta_section][\/vc_tta_accordion][\/vc_column][\/vc_row]<\/p>\n<\/div>","protected":false},"excerpt":{"rendered":"<p>[vc_row][vc_column][vc_tta_accordion style=&#8221;flat&#8221; shape=&#8221;square&#8221; color=&#8221;chino&#8221; spacing=&#8221;1&#8243; active_section=&#8221;1000&#8243; no_fill=&#8221;true&#8221; collapsible_all=&#8221;true&#8221;][vc_tta_section title=&#8221;Fevereiro \/ 2020&#8243; tab_id=&#8221;1505842830889-a6a04457-22de&#8221;][vc_single_image source=&#8221;external_link&#8221; alignment=&#8221;center&#8221; custom_src=&#8221;https:\/\/www3.unicentro.br\/ppgcf\/wp-content\/uploads\/sites\/12\/2020\/02\/88.jpg&#8221; css=&#8221;.vc_custom_1582895860955{border-top-width: 1px !important;border-right-width: 1px !important;border-bottom-width: 1px !important;border-left-width: 1px !important;padding-top: 15px !important;padding-right: 15px !important;padding-bottom: 15px !important;padding-left: 15px !important;}&#8221;][vc_single_image source=&#8221;external_link&#8221; alignment=&#8221;center&#8221; custom_src=&#8221;https:\/\/www3.unicentro.br\/ppgcf\/wp-content\/uploads\/sites\/12\/2020\/02\/87.jpg&#8221; css=&#8221;.vc_custom_1582895852270{border-top-width: 1px !important;border-right-width: 1px !important;border-bottom-width: 1px !important;border-left-width: 1px !important;padding-top: 15px !important;padding-right: 15px !important;padding-bottom: 15px !important;padding-left: 15px !important;}&#8221;][vc_single_image source=&#8221;external_link&#8221; alignment=&#8221;center&#8221; custom_src=&#8221;https:\/\/www3.unicentro.br\/ppgcf\/wp-content\/uploads\/sites\/12\/2020\/02\/86.jpg&#8221; [&hellip;]<\/p>\n","protected":false},"author":3,"featured_media":0,"parent":0,"menu_order":0,"comment_status":"closed","ping_status":"closed","template":"","meta":{"_exactmetrics_skip_tracking":false,"_exactmetrics_sitenote_active":false,"_exactmetrics_sitenote_note":"","_exactmetrics_sitenote_category":0,"footnotes":"","_links_to":"","_links_to_target":""},"class_list":["post-54","page","type-page","status-publish","hentry"],"_links":{"self":[{"href":"https:\/\/www3.unicentro.br\/ppgcf\/wp-json\/wp\/v2\/pages\/54","targetHints":{"allow":["GET"]}}],"collection":[{"href":"https:\/\/www3.unicentro.br\/ppgcf\/wp-json\/wp\/v2\/pages"}],"about":[{"href":"https:\/\/www3.unicentro.br\/ppgcf\/wp-json\/wp\/v2\/types\/page"}],"author":[{"embeddable":true,"href":"https:\/\/www3.unicentro.br\/ppgcf\/wp-json\/wp\/v2\/users\/3"}],"replies":[{"embeddable":true,"href":"https:\/\/www3.unicentro.br\/ppgcf\/wp-json\/wp\/v2\/comments?post=54"}],"version-history":[{"count":0,"href":"https:\/\/www3.unicentro.br\/ppgcf\/wp-json\/wp\/v2\/pages\/54\/revisions"}],"wp:attachment":[{"href":"https:\/\/www3.unicentro.br\/ppgcf\/wp-json\/wp\/v2\/media?parent=54"}],"curies":[{"name":"wp","href":"https:\/\/api.w.org\/{rel}","templated":true}]}}