{"id":44,"date":"2017-05-08T17:04:21","date_gmt":"2017-05-08T20:04:21","guid":{"rendered":"https:\/\/www3.unicentro.br\/ppgcf\/?page_id=44"},"modified":"2017-05-08T17:04:21","modified_gmt":"2017-05-08T20:04:21","slug":"selecao","status":"publish","type":"page","link":"https:\/\/www3.unicentro.br\/ppgcf\/selecao\/","title":{"rendered":"Sele\u00e7\u00e3o"},"content":{"rendered":"<p align=\"left\"><span class=\"s1\">O processo seletivo para ingresso no Mestrado em Ci\u00eancias Farmac\u00eauticas \u00e9 realizado anualmente, por uma Comiss\u00e3o de Sele\u00e7\u00e3o nomeada pelo Colegiado do Programa. O processo de sele\u00e7\u00e3o de candidatos \u00e9 composto por quatro etapas:\u00a0<\/span><\/p>\n<p class=\"s1\" align=\"left\">a)\u00a0\u00a0\u00a0\u00a0\u00a0\u00a0Prova escrita de conhecimentos espec\u00edficos em Ci\u00eancias Farmac\u00eauticas<br \/>\nb)\u00a0\u00a0\u00a0\u00a0\u00a0\u00a0Prova de l\u00edngua inglesa;<br \/>\nc)\u00a0\u00a0\u00a0\u00a0\u00a0\u00a0Entrevista pessoal realizada pela Comiss\u00e3o de Sele\u00e7\u00e3o;<br \/>\nd)\u00a0\u00a0\u00a0\u00a0\u00a0\u00a0An\u00e1lise do Curriculum Lattes;<\/p>\n<p class=\"s1\">O detalhamento das etapas do processo de sele\u00e7\u00e3o bem como programa e a bibliografia sugerida para a prova escrita, s\u00e3o divulgados anualmente em Edital espec\u00edfico.<\/p>\n","protected":false},"excerpt":{"rendered":"<p>O processo seletivo para ingresso no Mestrado em Ci\u00eancias Farmac\u00eauticas \u00e9 realizado anualmente, por uma Comiss\u00e3o de Sele\u00e7\u00e3o nomeada pelo Colegiado do Programa. O processo de sele\u00e7\u00e3o de candidatos \u00e9 composto por quatro etapas:\u00a0 a)\u00a0\u00a0\u00a0\u00a0\u00a0\u00a0Prova escrita de conhecimentos espec\u00edficos em Ci\u00eancias Farmac\u00eauticas b)\u00a0\u00a0\u00a0\u00a0\u00a0\u00a0Prova de l\u00edngua inglesa; c)\u00a0\u00a0\u00a0\u00a0\u00a0\u00a0Entrevista pessoal realizada pela Comiss\u00e3o de Sele\u00e7\u00e3o; d)\u00a0\u00a0\u00a0\u00a0\u00a0\u00a0An\u00e1lise do [&hellip;]<\/p>\n","protected":false},"author":3,"featured_media":0,"parent":0,"menu_order":0,"comment_status":"closed","ping_status":"closed","template":"","meta":{"_exactmetrics_skip_tracking":false,"_exactmetrics_sitenote_active":false,"_exactmetrics_sitenote_note":"","_exactmetrics_sitenote_category":0,"footnotes":"","_links_to":"","_links_to_target":""},"class_list":["post-44","page","type-page","status-publish","hentry"],"_links":{"self":[{"href":"https:\/\/www3.unicentro.br\/ppgcf\/wp-json\/wp\/v2\/pages\/44","targetHints":{"allow":["GET"]}}],"collection":[{"href":"https:\/\/www3.unicentro.br\/ppgcf\/wp-json\/wp\/v2\/pages"}],"about":[{"href":"https:\/\/www3.unicentro.br\/ppgcf\/wp-json\/wp\/v2\/types\/page"}],"author":[{"embeddable":true,"href":"https:\/\/www3.unicentro.br\/ppgcf\/wp-json\/wp\/v2\/users\/3"}],"replies":[{"embeddable":true,"href":"https:\/\/www3.unicentro.br\/ppgcf\/wp-json\/wp\/v2\/comments?post=44"}],"version-history":[{"count":0,"href":"https:\/\/www3.unicentro.br\/ppgcf\/wp-json\/wp\/v2\/pages\/44\/revisions"}],"wp:attachment":[{"href":"https:\/\/www3.unicentro.br\/ppgcf\/wp-json\/wp\/v2\/media?parent=44"}],"curies":[{"name":"wp","href":"https:\/\/api.w.org\/{rel}","templated":true}]}}