{"id":34,"date":"2017-05-08T16:43:10","date_gmt":"2017-05-08T19:43:10","guid":{"rendered":"https:\/\/www3.unicentro.br\/ppgcf\/?page_id=34"},"modified":"2024-02-20T18:18:45","modified_gmt":"2024-02-20T21:18:45","slug":"regimentos","status":"publish","type":"page","link":"https:\/\/www3.unicentro.br\/ppgcf\/regimentos\/","title":{"rendered":"Regimentos"},"content":{"rendered":"<ul>\n<li><a href=\"https:\/\/sgu.unicentro.br\/pcatooficiais\/imprimir\/D124CFC1\">RESOLU\u00c7\u00c3O N\u00ba 9-CEPE\/UNICENTRO, DE 22 DE MAR\u00c7O DE 2023.<\/a> Aprova altera\u00e7\u00f5es do Projeto Pedag\u00f3gico do Curso de Doutorado Acad\u00eamico em Ci\u00eancias Farmac\u00eauticas da UNICENTRO, e d\u00e1 outras provid\u00eancias<\/li>\n<li><a href=\"https:\/\/sgu.unicentro.br\/pcatooficiais\/imprimir\/B2111A86\">RESOLU\u00c7\u00c3O N\u00ba 8-CEPE\/UNICENTRO, DE 22 DE MAR\u00c7O DE 2023<\/a>. Aprova altera\u00e7\u00f5es do Projeto Pedag\u00f3gico do Curso de Mestrado Acad\u00eamico em Ci\u00eancias Farmac\u00eauticas da UNICENTRO, e d\u00e1 outras provid\u00eancias<\/li>\n<li><a href=\"https:\/\/www3.unicentro.br\/ppgcf\/wp-content\/uploads\/sites\/12\/2023\/09\/IN_02_2023_PPGCF_Regras_para_bancas_de_mestrado_e_doutorado_64f738b209577.pdf\">Instru\u00e7\u00e3o Normativa n\u00ba 02\/2023-PPGCF<\/a> &#8211; Regulamentar a participa\u00e7\u00e3o em bancas de defesa do Programa de P\u00f3s-Gradua\u00e7\u00e3o em Ci\u00eancias Farmac\u00eauticas<\/li>\n<li><a href=\"https:\/\/www3.unicentro.br\/ppgcf\/wp-content\/uploads\/sites\/12\/2023\/08\/IN_01_2023_PPGCF_Concess_o_e_renova_o_de_bolsas_de_mestrado_e_doutorado_64e37901b9d3a.pdf\">Instru\u00e7\u00e3o Normativa n\u00ba 01\/2023-PPGCF<\/a> \u2013 Regulamentar a concess\u00e3o e manuten\u00e7\u00e3o de bolsas de estudo do Programa de P\u00f3s-Gradua\u00e7\u00e3o em Ci\u00eancias Farmac\u00eauticas<\/li>\n<li><a href=\"https:\/\/www3.unicentro.br\/ppgcf\/wp-content\/uploads\/sites\/12\/2022\/11\/IN_01_2022_Estagio_PosDoc_PPGCF_2022_6365186f7d35f.pdf\">Instru\u00e7\u00e3o Normativa n\u00ba 01\/2022-PPGCF<\/a> \u2013 Estabelece par\u00e2metros e condi\u00e7\u00f5es para regulamenta\u00e7\u00e3o do Est\u00e1gio de P\u00f3s-Doutorado no Programa de P\u00f3s-Gradua\u00e7\u00e3o stricto sensu em Ci\u00eancias Farmac\u00eauticas<\/li>\n<li><a href=\"https:\/\/sgu.unicentro.br\/pcatooficiais\/imprimir\/B8F528E8\">RESOLU\u00c7\u00c3O N\u00ba 95-COU\/UNICENTRO, DE 30 DE JULHO DE 2014<\/a>. &#8211; Aprova o Regulamento do Programa de P\u00f3s-Gradua\u00e7\u00e3o stricto sensu em Ci\u00eancias Farmac\u00eauticas, n\u00edveis Mestrado e Doutorado, da Unicentro<\/li>\n<li><a href=\"https:\/\/sgu.unicentro.br\/pcatooficiais\/imprimir\/5D36C425\">RESOLU\u00c7\u00c3O N\u00ba 8-PROPESP\/UNICENTRO, DE 15 DE AGOSTO DE 2022<\/a> &#8211; Aprova o Regulamento do Programa de P\u00f3sGradua\u00e7\u00e3o Stricto Sensu em Ci\u00eancias Farmac\u00eauticas, PPGCF, n\u00edveis Mestrado e Doutorado, em associa\u00e7\u00e3o entre a Unicentro e a UEPG.<\/li>\n<li><a href=\"https:\/\/www3.unicentro.br\/ppgcf\/wp-content\/uploads\/sites\/12\/2020\/12\/IN_04_2020.pdf\">Instru\u00e7\u00e3o Normativa n\u00ba 04\/2020-PPGCF<\/a> &#8211; Regulamentar a requisi\u00e7\u00e3o de defesa de tese de doutorado do Programa de P\u00f3s-Gradua\u00e7\u00e3o em Ci\u00eancias Farmac\u00eauticas<\/li>\n<li><a href=\"https:\/\/www3.unicentro.br\/ppgcf\/wp-content\/uploads\/sites\/12\/2020\/07\/Instru_o_Normativa_3_20_Bancas_examinadoras_5f1838ac8ee26.pdf\">Instru\u00e7\u00e3o Normativa n\u00ba 03\/2020-PPGCF<\/a> &#8211; Veda a participa\u00e7\u00e3o de membros com v\u00ednculo familiar ou de parentesco em banca examinadora na P\u00f3s-Gradua\u00e7\u00e3o Stricto Sensu na Unicentro<\/li>\n<li><a href=\"https:\/\/www3.unicentro.br\/ppgcf\/wp-content\/uploads\/sites\/12\/2020\/02\/IN-bolsas_Revisa\u00cc\u0192o_final.pdf\">Instru\u00e7\u00e3o Normativa n\u00ba 01\/2020-PPGCF<\/a> &#8211; Regulamentar a concess\u00e3o e manuten\u00e7\u00e3o de bolsas de estudo do Programa de P\u00f3s-Gradua\u00e7\u00e3o em Ci\u00eancias Farmac\u00eauticas<\/li>\n<li><a href=\"https:\/\/www3.unicentro.br\/ppgcf\/wp-content\/uploads\/sites\/12\/2018\/02\/Instru_es_para_elabora_o_de_Disserta_o_Tese_5a6f1e329a7db.pdf\">Instru\u00e7\u00f5es para entrega final de disserta\u00e7\u00e3o\/tese na Unicentro<\/a><\/li>\n<li><a href=\"https:\/\/www3.unicentro.br\/ppgcf\/wp-content\/uploads\/sites\/12\/2017\/11\/Instru_o_Normativa_Coorienta_o_002_2017_1_5a16afe994e75.pdf\">Instru\u00e7\u00e3o Normativa 002\/2017-PPGCF<\/a> &#8211; Estabelece par\u00e2metros e condi\u00e7\u00f5es para regulamenta\u00e7\u00e3o de coorienta\u00e7\u00e3o para os discentes do Programa de P\u00f3s-Gradua\u00e7\u00e3o stricto sensu em Ci\u00eancias Farmac\u00eauticas<\/li>\n<li><a href=\"https:\/\/www3.unicentro.br\/ppgcf\/wp-content\/uploads\/sites\/12\/2017\/11\/IN_01_2017_Profici_ncia_5a16afdad5b6c.pdf\">Instru\u00e7\u00e3o Normativa 001\/2017-PPGCF<\/a> &#8211; Estabelece par\u00e2metros e condi\u00e7\u00f5es para comprova\u00e7\u00e3o de profici\u00eancia em l\u00edngua estrangeira, para os discentes do Programa de P\u00f3s-Gradua\u00e7\u00e3o stricto sensu em Ci\u00eancias Farmac\u00eauticas<\/li>\n<li><a class=\"s4\" href=\"http:\/\/www.unicentro.br\/posgraduacao\/mestrado\/farmacia\/regimento\/IN_02_2016_56e029c72b0ac.pdf\">INSTRU\u00c7\u00c3O NORMATIVA N\u00ba 02\/2016-PPGCF\/UNICENTRO<\/a> &#8211; UEPG Regulamentar a concess\u00e3o e manuten\u00e7\u00e3o de bolsas de estudo do Programa de P\u00f3s-Gradua\u00e7\u00e3o em Ci\u00eancias Farmac\u00eauticas<\/li>\n<li><a class=\"s4\" href=\"http:\/\/www.unicentro.br\/posgraduacao\/mestrado\/farmacia\/regimento\/IN_01_2016_56e029a28a011.pdf\">INSTRU\u00c7\u00c3O NORMATIVA N\u00ba 01\/2016-PPGCF\/UNICENTRO<\/a> &#8211; UEPG Regulamentar a requisi\u00e7\u00e3o de defesa de tese de doutorado do Programa de P\u00f3s-Gradua\u00e7\u00e3o em Ci\u00eancias Farmac\u00eauticas<\/li>\n<li><a class=\"s4\" href=\"http:\/\/www.unicentro.br\/posgraduacao\/mestrado\/farmacia\/regimento\/Regulamento_bolsas_2014_proposta_2015_548ae5899859b.pdf\" target=\"_blank\" rel=\"noopener noreferrer\">Novo Regulamento atualizado em 12\/12\/2014 para concess\u00e3o e manuten\u00e7\u00e3o de bolsas de estudo no PPGCF<\/a><\/li>\n<li><a class=\"s4\" href=\"http:\/\/www.unicentro.br\/posgraduacao\/mestrado\/farmacia\/regimento\/Instru_o_Normativa_n_2_2014_PROPESP_53d7da627f219.pdf\" target=\"_blank\" rel=\"noopener noreferrer\">INSTRU\u00c7\u00c3O NORMATIVA n\u00ba 2-PROPESP\/UNICENTRO, DE 12 DE MAIO DE 2014<\/a> &#8211; Estabelece normas e procedimentos para confec\u00e7\u00f5es de disserta\u00e7\u00f5es e teses<\/li>\n<li>IN1 &#8211; Credenciamento &#8211; [ <a class=\"s4\" href=\"http:\/\/www.unicentro.br\/posgraduacao\/mestrado\/farmacia\/regimento\/IN1_503522130ded2.pdf\">pdf<\/a> ] [ <a class=\"s4\" href=\"http:\/\/www.unicentro.br\/posgraduacao\/mestrado\/farmacia\/regimento\/IN1_503522130ded2.doc\">doc<\/a> ]<\/li>\n<li><a class=\"s4\" href=\"http:\/\/www.unicentro.br\/posgraduacao\/mestrado\/farmacia\/regimento\/IN%202%20-%20coorienta%C3%A7%C3%A3o.pdf\" target=\"_blank\" rel=\"noopener noreferrer\">IN2<\/a> &#8211; Coorienta\u00e7\u00e3o<\/li>\n<li><a class=\"s4\" href=\"http:\/\/www.unicentro.br\/posgraduacao\/mestrado\/farmacia\/regimento\/IN%204%20-%20projeto%20de%20pesquisa.pdf\" target=\"_blank\" rel=\"noopener noreferrer\">IN4<\/a> &#8211; Projeto de Pesquisa<\/li>\n<li>IN5 &#8211; Relat\u00f3rio Semestral &#8211; [ <a class=\"s4\" href=\"http:\/\/www.unicentro.br\/posgraduacao\/mestrado\/farmacia\/regimento\/IN%205%20-%20RELAT%C3%93RIO%20SEMESTRAL_Alterada%2020-04-2012.pdf\">pdf<\/a> ] [ <a class=\"s4\" href=\"http:\/\/www.unicentro.br\/posgraduacao\/mestrado\/farmacia\/regimento\/IN%205%20-%20RELAT%C3%93RIO%20SEMESTRAL_Alterada%2020-04-2012.doc\">doc<\/a> ]<\/li>\n<li><a class=\"s4\" href=\"http:\/\/www.unicentro.br\/posgraduacao\/mestrado\/farmacia\/regimento\/IN%208%20-%20estagio%20docencia.pdf\" target=\"_blank\" rel=\"noopener noreferrer\">IN8<\/a> &#8211; Est\u00e1gio de Doc\u00eancia<\/li>\n<li>IN9 &#8211; Participa\u00e7\u00e3o dos docentes em outras propostas ou programas de p\u00f3sgradua\u00e7\u00e3o [ <a class=\"s4\" href=\"http:\/\/www.unicentro.br\/posgraduacao\/mestrado\/farmacia\/regimento\/INSTRU_O_NORMATIVA_N_09_5035222e3f64f.pdf\">pdf<\/a> ] [ <a class=\"s4\" href=\"http:\/\/www.unicentro.br\/posgraduacao\/mestrado\/farmacia\/regimento\/INSTRU_O_NORMATIVA_N_09_5035222e3f64f.doc\">doc<\/a> ]<\/li>\n<li><a class=\"s4\" href=\"http:\/\/www.unicentro.br\/posgraduacao\/mestrado\/farmacia\/regimento\/instrucaonormativa_50a3c5fa1b286.pdf\" target=\"_blank\" rel=\"noopener noreferrer\">INSTRU\u00c7\u00c3O NORMATIVA 001\/2009\u2013 PROPESP\/UNICENTRO<\/a> &#8211; Estabelece normas e procedimentos para confec\u00e7\u00e3o de disserta\u00e7\u00f5es e teses.<\/li>\n<li><a href=\"http:\/\/sgu.unicentro.br\/pcatooficiais\/imprimir\/1797D790\">RESOLU\u00c7\u00c3O N\u00b0 47 &#8211; COU\/UNICENTRO, DE 27 DE MAR\u00c7O DE 2013<\/a> &#8211; Aprova altera\u00e7\u00f5es na Matriz Curricular do Curso de Mestrado Acad\u00eamico em Ci\u00eancias Farmac\u00eauticas da UNICENTRO e d\u00e1 outras provid\u00eancias<\/li>\n<li><a class=\"s4\" href=\"http:\/\/www.unicentro.br\/posgraduacao\/mestrado\/farmacia\/regimento\/REGULAMENTO_PPG_BOLSAS_DE_ESTUDOS2_52fe1dc27569e.pdf\">REGULAMENTO PARA CONCESS\u00c3O E MANUTEN\u00c7\u00c3O DE BOLSAS DE ESTUDOS NO PPGCF<\/a><\/li>\n<li><a class=\"s4\" href=\"http:\/\/www.unicentro.br\/posgraduacao\/mestrado\/farmacia\/regimento\/IN_1_2013_credenciamento_FINAL_5289e7fcc9a5f.pdf\" target=\"_blank\" rel=\"noopener noreferrer\">INSTRU\u00c7\u00c3O NORMATIVA N\u00ba 01\/2013-PPGCF\/UNICENTRO &#8211; UEPG<\/a> &#8211; Crit\u00e9rios para o credenciamento, recredenciamento e descredenciamento de docentes no Programa de P\u00f3s-Gradua\u00e7\u00e3o em Ci\u00eancias Farmac\u00eauticas<\/li>\n<\/ul>\n","protected":false},"excerpt":{"rendered":"<p>RESOLU\u00c7\u00c3O N\u00ba 9-CEPE\/UNICENTRO, DE 22 DE MAR\u00c7O DE 2023. Aprova altera\u00e7\u00f5es do Projeto Pedag\u00f3gico do Curso de Doutorado Acad\u00eamico em Ci\u00eancias Farmac\u00eauticas da UNICENTRO, e d\u00e1 outras provid\u00eancias RESOLU\u00c7\u00c3O N\u00ba 8-CEPE\/UNICENTRO, DE 22 DE MAR\u00c7O DE 2023. Aprova altera\u00e7\u00f5es do Projeto Pedag\u00f3gico do Curso de Mestrado Acad\u00eamico em Ci\u00eancias Farmac\u00eauticas da UNICENTRO, e d\u00e1 outras [&hellip;]<\/p>\n","protected":false},"author":3,"featured_media":0,"parent":0,"menu_order":0,"comment_status":"closed","ping_status":"closed","template":"","meta":{"_exactmetrics_skip_tracking":false,"_exactmetrics_sitenote_active":false,"_exactmetrics_sitenote_note":"","_exactmetrics_sitenote_category":0,"footnotes":"","_links_to":"","_links_to_target":""},"class_list":["post-34","page","type-page","status-publish","hentry"],"_links":{"self":[{"href":"https:\/\/www3.unicentro.br\/ppgcf\/wp-json\/wp\/v2\/pages\/34","targetHints":{"allow":["GET"]}}],"collection":[{"href":"https:\/\/www3.unicentro.br\/ppgcf\/wp-json\/wp\/v2\/pages"}],"about":[{"href":"https:\/\/www3.unicentro.br\/ppgcf\/wp-json\/wp\/v2\/types\/page"}],"author":[{"embeddable":true,"href":"https:\/\/www3.unicentro.br\/ppgcf\/wp-json\/wp\/v2\/users\/3"}],"replies":[{"embeddable":true,"href":"https:\/\/www3.unicentro.br\/ppgcf\/wp-json\/wp\/v2\/comments?post=34"}],"version-history":[{"count":3,"href":"https:\/\/www3.unicentro.br\/ppgcf\/wp-json\/wp\/v2\/pages\/34\/revisions"}],"predecessor-version":[{"id":1897,"href":"https:\/\/www3.unicentro.br\/ppgcf\/wp-json\/wp\/v2\/pages\/34\/revisions\/1897"}],"wp:attachment":[{"href":"https:\/\/www3.unicentro.br\/ppgcf\/wp-json\/wp\/v2\/media?parent=34"}],"curies":[{"name":"wp","href":"https:\/\/api.w.org\/{rel}","templated":true}]}}