{"id":414,"date":"2019-04-08T12:03:55","date_gmt":"2019-04-08T15:03:55","guid":{"rendered":"https:\/\/www3.unicentro.br\/ppgb\/?page_id=414"},"modified":"2025-08-22T08:13:32","modified_gmt":"2025-08-22T11:13:32","slug":"contato","status":"publish","type":"page","link":"https:\/\/www3.unicentro.br\/ppgb\/contato\/","title":{"rendered":"Contato"},"content":{"rendered":"<div class=\"wpb-content-wrapper\"><p>[vc_row][vc_column width=&#8221;1\/2&#8243;][vc_column_text css=&#8221;&#8221;]<strong>Coordena\u00e7\u00e3o Geral do Programa em P\u00f3s Gradua\u00e7\u00e3o em Bioenergia<\/strong><\/p>\n<p><strong>Universidade Estadual do Centro Oeste &#8211; Unicentro<\/strong><br \/>\nCampus Cedeteg\/G<br \/>\nCentro Ambiotec<br \/>\nAlameda \u00c9lio Ant\u00f4nio Dalla Vecchia, 838<br \/>\nCEP 85040-167<br \/>\nBairro &#8211; Vila Carli<br \/>\nGuarapuava &#8211; PR<\/p>\n<p>E-mail da Secretaria Geral do curso: <a href=\"mailto:secretaria.ppgb@gmail.com\">secretaria.ppgb@gmail.com<\/a><br \/>\nTelefone secretaria do curso: (42) (42) 3629-8260 e (42) 3629-8261<\/p>\n<hr \/>\n<p><strong>Coordenador Geral da Rede do PPGB<\/strong><br \/>\nProf. Dr. Pedro Henrique Weirich Neto<br \/>\nE-mail: <a href=\"mailto:lama1@uepg.br\">lama1@uepg.br<\/a><\/p>\n<hr \/>\n<p><strong>Vice \u2013 Coordenadora Geral da Rede PPGB e Coordenador do PPGB Unicentro:<\/strong><br \/>\nProf. Dr. Andr\u00e9 Lazzarin Gallina<br \/>\nE-mail: <a href=\"mailto:andregallina@unicentro.br\">andregallina@unicentro.br<\/a><\/p>\n<hr \/>\n<p><strong>Vice \u2013 Coordenador do PPGB Unicentro:<\/strong><br \/>\nProf.a Dr.Everson do prado Banczek<br \/>\nE-mail:<a href=\"mailto:ebanczek@unicentro.br\"> ebanczek@unicentro.br<\/a><\/p>\n<hr \/>\n<p><strong>Secretaria Geral do PPGB e do PPGB Unicentro<\/strong><br \/>\nSecret\u00e1ria: Neusa Delgado<br \/>\nEstagiaria: Gabrielli Metz<br \/>\nE-mail da secretaria local: secretaria.ppgb@gmail.com<\/p>\n<hr \/>\n<p>Atendimento de segunda a sexta-feira (exceto feriados e recessos), das 9h \u00e0s 12h e das 13h30 \u00e0s 17h.[\/vc_column_text][\/vc_column][vc_column width=&#8221;1\/2&#8243;]\n<div class=\"wpcf7 no-js\" id=\"wpcf7-f31-o1\" lang=\"pt-BR\" dir=\"ltr\" data-wpcf7-id=\"31\">\n<div class=\"screen-reader-response\"><p role=\"status\" aria-live=\"polite\" aria-atomic=\"true\"><\/p> <ul><\/ul><\/div>\n<form action=\"\/ppgb\/wp-json\/wp\/v2\/pages\/414#wpcf7-f31-o1\" method=\"post\" class=\"wpcf7-form init\" aria-label=\"Formul\u00e1rios de contato\" novalidate=\"novalidate\" data-status=\"init\">\n<fieldset class=\"hidden-fields-container\"><input type=\"hidden\" name=\"_wpcf7\" value=\"31\" \/><input type=\"hidden\" name=\"_wpcf7_version\" value=\"6.1.5\" \/><input type=\"hidden\" name=\"_wpcf7_locale\" value=\"pt_BR\" \/><input type=\"hidden\" name=\"_wpcf7_unit_tag\" value=\"wpcf7-f31-o1\" \/><input type=\"hidden\" name=\"_wpcf7_container_post\" value=\"0\" \/><input type=\"hidden\" name=\"_wpcf7_posted_data_hash\" value=\"\" \/><input type=\"hidden\" name=\"_wpcf7_recaptcha_response\" value=\"\" \/>\n<\/fieldset>\n<p><label> Seu nome (obrigat\u00f3rio)<br \/>\n<span class=\"wpcf7-form-control-wrap\" data-name=\"your-name\"><input size=\"40\" maxlength=\"400\" class=\"wpcf7-form-control wpcf7-text wpcf7-validates-as-required\" aria-required=\"true\" aria-invalid=\"false\" value=\"\" type=\"text\" name=\"your-name\" \/><\/span> <\/label>\n<\/p>\n<p><label> Seu e-mail (obrigat\u00f3rio)<br \/>\n<span class=\"wpcf7-form-control-wrap\" data-name=\"your-email\"><input size=\"40\" maxlength=\"400\" class=\"wpcf7-form-control wpcf7-email wpcf7-validates-as-required wpcf7-text wpcf7-validates-as-email\" aria-required=\"true\" aria-invalid=\"false\" value=\"\" type=\"email\" name=\"your-email\" \/><\/span> <\/label>\n<\/p>\n<p><label> Assunto<br \/>\n<span class=\"wpcf7-form-control-wrap\" data-name=\"your-subject\"><input size=\"40\" maxlength=\"400\" class=\"wpcf7-form-control wpcf7-text\" aria-invalid=\"false\" value=\"\" type=\"text\" name=\"your-subject\" \/><\/span> <\/label>\n<\/p>\n<p><label> Sua mensagem<br \/>\n<span class=\"wpcf7-form-control-wrap\" data-name=\"your-message\"><textarea cols=\"40\" rows=\"10\" maxlength=\"2000\" class=\"wpcf7-form-control wpcf7-textarea\" aria-invalid=\"false\" name=\"your-message\"><\/textarea><\/span> <\/label>\n<\/p>\n<p><input class=\"wpcf7-form-control wpcf7-submit has-spinner\" type=\"submit\" value=\"Enviar\" \/>\n<\/p><p style=\"display: none !important;\" class=\"akismet-fields-container\" data-prefix=\"_wpcf7_ak_\"><label>&#916;<textarea name=\"_wpcf7_ak_hp_textarea\" cols=\"45\" rows=\"8\" maxlength=\"100\"><\/textarea><\/label><input type=\"hidden\" id=\"ak_js_1\" name=\"_wpcf7_ak_js\" value=\"186\"\/><script type=\"text\/javascript\">\n\/* <![CDATA[ *\/\ndocument.getElementById( \"ak_js_1\" ).setAttribute( \"value\", ( new Date() ).getTime() );\n\/* ]]> *\/\n<\/script>\n<\/p><input type='hidden' class='wpcf7-pum' value='{\"closepopup\":false,\"closedelay\":0,\"openpopup\":false,\"openpopup_id\":0}' \/><div class=\"wpcf7-response-output\" aria-hidden=\"true\"><\/div>\n<\/form>\n<\/div>\n[vc_gmaps link=&#8221;#E-8_JTNDaWZyYW1lJTIwc3JjJTNEJTIyaHR0cHMlM0ElMkYlMkZ3d3cuZ29vZ2xlLmNvbSUyRm1hcHMlMkZlbWJlZCUzRnBiJTNEJTIxMW0xOCUyMTFtMTIlMjExbTMlMjExZDM2MDQuNjI3Nzk0ODk0MjQ5NyUyMTJkLTUxLjQ5MDY3NDY4NDk4NjY5JTIxM2QtMjUuMzgzNzg3OTgzODA5NzUlMjEybTMlMjExZjAlMjEyZjAlMjEzZjAlMjEzbTIlMjExaTEwMjQlMjEyaTc2OCUyMTRmMTMuMSUyMTNtMyUyMTFtMiUyMTFzMHg5NGVmMzYyYTk2NDI4NzY1JTI1M0EweDM1MDhmZjE2YjFkYjhhYWElMjEyc0NhbXB1cyUyQkNlZGV0ZWclMkJkYSUyQlVuaXZlcnNpZGFkZSUyQkVzdGFkdWFsJTJCQ2VudHJvLU9lc3RlJTJCLSUyQlVOSUNFTlRSTyUyMTVlMCUyMTNtMiUyMTFzcHQtQlIlMjEyc2JyJTIxNHYxNTU0NzM1NjQ5OTg5JTIxNW0yJTIxMXNwdC1CUiUyMTJzYnIlMjIlMjB3aWR0aCUzRCUyMjYwMCUyMiUyMGhlaWdodCUzRCUyMjQ1MCUyMiUyMGZyYW1lYm9yZGVyJTNEJTIyMCUyMiUyMHN0eWxlJTNEJTIyYm9yZGVyJTNBMCUyMiUyMGFsbG93ZnVsbHNjcmVlbiUzRSUzQyUyRmlmcmFtZSUzRQ==&#8221;][\/vc_column][\/vc_row]<\/p>\n<\/div>","protected":false},"excerpt":{"rendered":"<p>[vc_row][vc_column width=&#8221;1\/2&#8243;][vc_column_text css=&#8221;&#8221;]Coordena\u00e7\u00e3o Geral do Programa em P\u00f3s Gradua\u00e7\u00e3o em Bioenergia Universidade Estadual do Centro Oeste &#8211; Unicentro Campus Cedeteg\/G Centro Ambiotec Alameda \u00c9lio Ant\u00f4nio Dalla Vecchia, 838 CEP 85040-167 Bairro &#8211; Vila Carli Guarapuava &#8211; PR E-mail da Secretaria Geral do curso: secretaria.ppgb@gmail.com Telefone secretaria do curso: (42) (42) 3629-8260 e (42) 3629-8261 Coordenador [&hellip;]<\/p>\n","protected":false},"author":3,"featured_media":0,"parent":0,"menu_order":0,"comment_status":"closed","ping_status":"closed","template":"","meta":{"_exactmetrics_skip_tracking":false,"_exactmetrics_sitenote_active":false,"_exactmetrics_sitenote_note":"","_exactmetrics_sitenote_category":0,"footnotes":"","_links_to":"","_links_to_target":""},"class_list":["post-414","page","type-page","status-publish","hentry"],"_links":{"self":[{"href":"https:\/\/www3.unicentro.br\/ppgb\/wp-json\/wp\/v2\/pages\/414","targetHints":{"allow":["GET"]}}],"collection":[{"href":"https:\/\/www3.unicentro.br\/ppgb\/wp-json\/wp\/v2\/pages"}],"about":[{"href":"https:\/\/www3.unicentro.br\/ppgb\/wp-json\/wp\/v2\/types\/page"}],"author":[{"embeddable":true,"href":"https:\/\/www3.unicentro.br\/ppgb\/wp-json\/wp\/v2\/users\/3"}],"replies":[{"embeddable":true,"href":"https:\/\/www3.unicentro.br\/ppgb\/wp-json\/wp\/v2\/comments?post=414"}],"version-history":[{"count":2,"href":"https:\/\/www3.unicentro.br\/ppgb\/wp-json\/wp\/v2\/pages\/414\/revisions"}],"predecessor-version":[{"id":2357,"href":"https:\/\/www3.unicentro.br\/ppgb\/wp-json\/wp\/v2\/pages\/414\/revisions\/2357"}],"wp:attachment":[{"href":"https:\/\/www3.unicentro.br\/ppgb\/wp-json\/wp\/v2\/media?parent=414"}],"curies":[{"name":"wp","href":"https:\/\/api.w.org\/{rel}","templated":true}]}}